000
CDUS43 KARX 162135
CLILSE


CLIMATE REPORT
NATIONAL WEATHER SERVICE LA CROSSE WI
428 PM CDT WED JUL 16 2014


...................................

...THE LA CROSSE WI CLIMATE SUMMARY FOR JULY 16 2014...
VALID TODAY AS OF 0400 PM LOCAL TIME.

CLIMATE NORMAL PERIOD 1981 TO 2010
CLIMATE RECORD PERIOD 1873 TO 2014


WEATHER ITEM   OBSERVED TIME   RECORD YEAR NORMAL DEPARTURE LAST
                VALUE   (LST)  VALUE       VALUE  FROM      YEAR
                                                  NORMAL
..................................................................
TEMPERATURE (F)
 TODAY
  MAXIMUM         76    302 PM 101    1931  84     -8       96
  MINIMUM         54    521 AM  49    1912  64    -10       74
                                      1896
  AVERAGE         65                        74     -9       85

PRECIPITATION (IN)
  TODAY            0.00          2.50 2008   0.15  -0.15     0.00
  MONTH TO DATE    3.72                      2.21   1.51     0.27
  SINCE JUN 1     10.42                      6.55   3.87     6.09
  SINCE JAN 1     23.58                     17.62   5.96    25.02

SNOWFALL (IN)
  TODAY            0.0           0.0  2002   0.0    0.0      0.0
                                      2001
  MONTH TO DATE    0.0                       0.0    0.0      0.0
  SINCE JUL 1      0.0                       0.0    0.0      0.0
  SNOW DEPTH       0

DEGREE DAYS
 HEATING
  TODAY            0                         0      0        0
  MONTH TO DATE    3                         0      3        0
  SINCE JUL 1      3                         0      3        0

 COOLING
  TODAY            0                         9     -9       20
  MONTH TO DATE   79                       143    -64      191
  SINCE JAN 1    360                       357      3      405
..................................................................


WIND (MPH)
  HIGHEST WIND SPEED    12   HIGHEST WIND DIRECTION    NE (40)
  HIGHEST GUST SPEED    18   HIGHEST GUST DIRECTION    NE (40)
  AVERAGE WIND SPEED     5.0


SKY COVER
  POSSIBLE SUNSHINE  MM
  AVERAGE SKY COVER 0.4


WEATHER CONDITIONS
 THE FOLLOWING WEATHER WAS RECORDED TODAY.
  NO SIGNIFICANT WEATHER WAS OBSERVED.


RELATIVE HUMIDITY (PERCENT)
 HIGHEST    93           300 AM
 LOWEST     35           300 PM
 AVERAGE    64

..........................................................


THE LA CROSSE WI CLIMATE NORMALS FOR TOMORROW
                         NORMAL    RECORD    YEAR
 MAXIMUM TEMPERATURE (F)   84       101      1936
 MINIMUM TEMPERATURE (F)   64        45      1911


SUNRISE AND SUNSET
JULY 16 2014..........SUNRISE   537 AM CDT   SUNSET   844 PM CDT
JULY 17 2014..........SUNRISE   538 AM CDT   SUNSET   843 PM CDT


-  INDICATES NEGATIVE NUMBERS.
R  INDICATES RECORD WAS SET OR TIED.
MM INDICATES DATA IS MISSING.
T  INDICATES TRACE AMOUNT.




$$
