000
CDUS43 KARX 140651
CLILSE


CLIMATE REPORT
NATIONAL WEATHER SERVICE LA CROSSE WI
151 AM CDT SUN MAY 14 2017


...................................

...THE LA CROSSE WI CLIMATE SUMMARY FOR MAY 13 2017...

CLIMATE NORMAL PERIOD 1981 TO 2010
CLIMATE RECORD PERIOD 1873 TO 2017


WEATHER ITEM   OBSERVED TIME   RECORD YEAR NORMAL DEPARTURE LAST
                VALUE   (LST)  VALUE       VALUE  FROM      YEAR
                                                  NORMAL
..................................................................
TEMPERATURE (F)
 YESTERDAY
  MAXIMUM         83    402 PM  88    1977  70     13       54
                                      1900
  MINIMUM         58   1149 PM  30    1997  48     10       42
                                      1953
  AVERAGE         71                        59     12       48

PRECIPITATION (IN)
  YESTERDAY        0.00          1.35 2010   0.11  -0.11     0.26
  MONTH TO DATE    1.15                      1.45  -0.30     1.43
  SINCE MAR 1      7.78                      6.83   0.95     6.12
  SINCE JAN 1     11.64                      9.00   2.64     7.77

SNOWFALL (IN)
  YESTERDAY        0.0           0.0  2002   0.0    0.0      0.0
                                      2001
  MONTH TO DATE    T                         0.1   -0.1      0.0
  SINCE JUL 1     42.2                      43.4   -1.2     40.3
  SNOW DEPTH       0

DEGREE DAYS
 HEATING
  YESTERDAY        0                         7     -7       17
  MONTH TO DATE  124                       112     12      116
  SINCE JUL 1   5678                      7064  -1386     5873

 COOLING
  YESTERDAY        6                         1      5        0
  MONTH TO DATE    6                        11     -5        7
  SINCE JAN 1     12                        18     -6       18
..................................................................


WIND (MPH)
  HIGHEST WIND SPEED    16   HIGHEST WIND DIRECTION    NW (300)
  HIGHEST GUST SPEED    20   HIGHEST GUST DIRECTION     W (290)
  AVERAGE WIND SPEED     7.9


SKY COVER
  POSSIBLE SUNSHINE  MM
  AVERAGE SKY COVER 0.2


WEATHER CONDITIONS
 THE FOLLOWING WEATHER WAS RECORDED YESTERDAY.
  NO SIGNIFICANT WEATHER WAS OBSERVED.


RELATIVE HUMIDITY (PERCENT)
 HIGHEST    69          1200 AM
 LOWEST     26           400 PM
 AVERAGE    48

..........................................................


THE LA CROSSE WI CLIMATE NORMALS FOR TODAY
                         NORMAL    RECORD    YEAR
 MAXIMUM TEMPERATURE (F)   70        93      1932
 MINIMUM TEMPERATURE (F)   48        30      1895


SUNRISE AND SUNSET
MAY 14 2017...........SUNRISE   540 AM CDT   SUNSET   823 PM CDT
MAY 15 2017...........SUNRISE   539 AM CDT   SUNSET   824 PM CDT


-  INDICATES NEGATIVE NUMBERS.
R  INDICATES RECORD WAS SET OR TIED.
MM INDICATES DATA IS MISSING.
T  INDICATES TRACE AMOUNT.




$$
