000
CDUS43 KARX 262130
CLILSE


CLIMATE REPORT
NATIONAL WEATHER SERVICE LA CROSSE WI
428 PM CDT TUE SEP 26 2017


...................................

...THE LA CROSSE WI CLIMATE SUMMARY FOR SEPTEMBER 26 2017...
VALID TODAY AS OF 0400 PM LOCAL TIME.

CLIMATE NORMAL PERIOD 1981 TO 2010
CLIMATE RECORD PERIOD 1873 TO 2017


WEATHER ITEM   OBSERVED TIME   RECORD YEAR NORMAL DEPARTURE LAST
                VALUE   (LST)  VALUE       VALUE  FROM      YEAR
                                                  NORMAL
..................................................................
TEMPERATURE (F)
 TODAY
  MAXIMUM         73   1029 AM  90    1998  69      4       70
  MINIMUM         67    259 PM  29    1984  48     19       54
  AVERAGE         70                        58     12       62

PRECIPITATION (IN)
  TODAY            0.05          2.10 1916   0.11  -0.06     0.00
  MONTH TO DATE    0.95                      3.16  -2.21    10.32
  SINCE SEP 1      0.95                      3.16  -2.21    10.32
  SINCE JAN 1     32.71                     27.12   5.59    39.04

SNOWFALL (IN)
  TODAY            0.0           0.0  2002   0.0    0.0      0.0
                                      2001
  MONTH TO DATE    0.0                       0.0    0.0      0.0
  SINCE JUL 1      0.0                       0.0    0.0      0.0
  SNOW DEPTH       0

DEGREE DAYS
 HEATING
  TODAY            0                         8     -8        3
  MONTH TO DATE   27                       104    -77        4
  SINCE JUL 1     27                       124    -97        4

 COOLING
  TODAY            5                         1      4        0
  MONTH TO DATE  176                        70    106      111
  SINCE JAN 1    991                       770    221     1020
..................................................................


WIND (MPH)
  HIGHEST WIND SPEED    20   HIGHEST WIND DIRECTION     W (290)
  HIGHEST GUST SPEED    23   HIGHEST GUST DIRECTION    NW (300)
  AVERAGE WIND SPEED     7.0


SKY COVER
  POSSIBLE SUNSHINE  MM
  AVERAGE SKY COVER 0.9


WEATHER CONDITIONS
 THE FOLLOWING WEATHER WAS RECORDED TODAY.
  LIGHT RAIN
  FOG


RELATIVE HUMIDITY (PERCENT)
 HIGHEST    97           100 AM
 LOWEST     73           300 PM
 AVERAGE    85

..........................................................


THE LA CROSSE WI CLIMATE NORMALS FOR TOMORROW
                         NORMAL    RECORD    YEAR
 MAXIMUM TEMPERATURE (F)   68        86      1987
 MINIMUM TEMPERATURE (F)   47        30      1889


SUNRISE AND SUNSET
SEPTEMBER 26 2017.....SUNRISE   657 AM CDT   SUNSET   654 PM CDT
SEPTEMBER 27 2017.....SUNRISE   658 AM CDT   SUNSET   653 PM CDT


-  INDICATES NEGATIVE NUMBERS.
R  INDICATES RECORD WAS SET OR TIED.
MM INDICATES DATA IS MISSING.
T  INDICATES TRACE AMOUNT.




$$
