000
CDUS43 KARX 160650
CLILSE


CLIMATE REPORT
NATIONAL WEATHER SERVICE LA CROSSE WI
149 AM CDT MON MAR 16 2015


...................................

...THE LA CROSSE WI CLIMATE SUMMARY FOR MARCH 15 2015...

CLIMATE NORMAL PERIOD 1981 TO 2010
CLIMATE RECORD PERIOD 1873 TO 2015


WEATHER ITEM   OBSERVED TIME   RECORD YEAR NORMAL DEPARTURE LAST
                VALUE   (LST)  VALUE       VALUE  FROM      YEAR
                                                  NORMAL
..................................................................
TEMPERATURE (F)
 YESTERDAY
  MAXIMUM         66    428 PM  71    2012  43     23       34
  MINIMUM         30    434 AM  -3    1956  25      5       20
  AVERAGE         48                        34     14       27

PRECIPITATION (IN)
  YESTERDAY        0.00          1.77 1919   0.06  -0.06     0.00
  MONTH TO DATE    0.01                      0.86  -0.85     0.45
  SINCE MAR 1      0.01                      0.86  -0.85     0.45
  SINCE JAN 1      1.22                      3.03  -1.81     2.81

SNOWFALL (IN)
  YESTERDAY        0.0           6.0  1923   0.3   -0.3      0.0
  MONTH TO DATE    T                         4.3   -4.3      4.3
  SINCE JUL 1     28.4                      38.8  -10.4     45.2
  SNOW DEPTH       0

DEGREE DAYS
 HEATING
  YESTERDAY       17                        31    -14       38
  MONTH TO DATE  471                       511    -40      645
  SINCE JUL 1   6077                      6020     57     6835

 COOLING
  YESTERDAY        0                         0      0        0
  MONTH TO DATE    0                         0      0        0
  SINCE JAN 1      0                         0      0        0
..................................................................


WIND (MPH)
  HIGHEST WIND SPEED    28   HIGHEST WIND DIRECTION    SW (210)
  HIGHEST GUST SPEED    36   HIGHEST GUST DIRECTION     S (200)
  AVERAGE WIND SPEED    10.4


SKY COVER
  POSSIBLE SUNSHINE  MM
  AVERAGE SKY COVER 0.0


WEATHER CONDITIONS
 THE FOLLOWING WEATHER WAS RECORDED YESTERDAY.
  NO SIGNIFICANT WEATHER WAS OBSERVED.


RELATIVE HUMIDITY (PERCENT)
 HIGHEST    92           400 AM
 LOWEST     26           100 PM
 AVERAGE    59

..........................................................


THE LA CROSSE WI CLIMATE NORMALS FOR TODAY
                         NORMAL    RECORD    YEAR
 MAXIMUM TEMPERATURE (F)   44        79      2012
 MINIMUM TEMPERATURE (F)   25        -8      1956
                                             1900


SUNRISE AND SUNSET
MARCH 16 2015.........SUNRISE   716 AM CDT   SUNSET   712 PM CDT
MARCH 17 2015.........SUNRISE   714 AM CDT   SUNSET   713 PM CDT


-  INDICATES NEGATIVE NUMBERS.
R  INDICATES RECORD WAS SET OR TIED.
MM INDICATES DATA IS MISSING.
T  INDICATES TRACE AMOUNT.




$$
