000
CDUS43 KARX 060657
CLILSE


CLIMATE REPORT
NATIONAL WEATHER SERVICE LA CROSSE WI
1255 AM CST MON MAR 6 2017

...THE LA CROSSE WI CLIMATE SUMMARY FOR MARCH 5 2017...

CLIMATE NORMAL PERIOD 1981 TO 2010
CLIMATE RECORD PERIOD 1873 TO 2017

WEATHER ITEM   OBSERVED TIME   RECORD YEAR NORMAL DEPARTURE LAST
                VALUE   (LST)  VALUE       VALUE  FROM      YEAR
                                                  NORMAL
..................................................................
TEMPERATURE (F)
 YESTERDAY
  MAXIMUM         57    350 PM  70    2000  39     18       38
  MINIMUM         34   1215 AM -18    1890  21     13       29
  AVERAGE         46                        30     16       34

PRECIPITATION (IN)
  YESTERDAY        0.00          1.30 1959   0.06  -0.06      T
  MONTH TO DATE    0.23                      0.28  -0.05     0.28
  SINCE MAR 1      0.23                      0.28  -0.05     0.28
  SINCE JAN 1      4.09                      2.45   1.64     1.93

SNOWFALL (IN)
  YESTERDAY        0.0          13.1  1959   0.3   -0.3      0.0
  MONTH TO DATE    4.0                       1.5    2.5      4.8
  SINCE JUL 1     38.2                      36.0    2.2     32.2
  SNOW DEPTH       T

DEGREE DAYS
 HEATING
  YESTERDAY       19                        35    -16       31
  MONTH TO DATE  167                       181    -14      199
  SINCE JUL 1   4447                      5690  -1243     4774

 COOLING
  YESTERDAY        0                         0      0        0
  MONTH TO DATE    0                         0      0        0
  SINCE JAN 1      0                         0      0        0
..................................................................

WIND (MPH)
  HIGHEST WIND SPEED    18   HIGHEST WIND DIRECTION    SE (140)
  HIGHEST GUST SPEED    23   HIGHEST GUST DIRECTION    SE (140)
  AVERAGE WIND SPEED     8.2

SKY COVER
  POSSIBLE SUNSHINE  MM
  AVERAGE SKY COVER 0.7

WEATHER CONDITIONS
 THE FOLLOWING WEATHER WAS RECORDED YESTERDAY.
  NO SIGNIFICANT WEATHER WAS OBSERVED.

RELATIVE HUMIDITY (PERCENT)
 HIGHEST    75           100 AM
 LOWEST     51           200 PM
 AVERAGE    63
..........................................................

THE LA CROSSE WI CLIMATE NORMALS FOR TODAY
                         NORMAL    RECORD    YEAR
 MAXIMUM TEMPERATURE (F)   39        74      2000
 MINIMUM TEMPERATURE (F)   21       -16      1890

SUNRISE AND SUNSET
MARCH  6 2017.........SUNRISE   633 AM CST   SUNSET   600 PM CST
MARCH  7 2017.........SUNRISE   631 AM CST   SUNSET   602 PM CST

-  INDICATES NEGATIVE NUMBERS.
R  INDICATES RECORD WAS SET OR TIED.
MM INDICATES DATA IS MISSING.
T  INDICATES TRACE AMOUNT.

$$

BOYNE
