000
CDUS43 KARX 230644
CLILSE


CLIMATE REPORT
NATIONAL WEATHER SERVICE LA CROSSE WI
1242 AM CST THU NOV 23 2017

...THE LA CROSSE WI CLIMATE SUMMARY FOR NOVEMBER 22 2017...

CLIMATE NORMAL PERIOD 1981 TO 2010
CLIMATE RECORD PERIOD 1873 TO 2017

WEATHER ITEM   OBSERVED TIME   RECORD YEAR NORMAL DEPARTURE LAST
                VALUE   (LST)  VALUE       VALUE  FROM      YEAR
                                                  NORMAL
..................................................................
TEMPERATURE (F)
 YESTERDAY
  MAXIMUM         34   1159 PM  64    2012  40     -6       43
  MINIMUM         15    707 AM  -3    1880  25    -10       32
  AVERAGE         25                        32     -7       38

PRECIPITATION (IN)
  YESTERDAY        T             1.44 1963   0.07  -0.07     0.15
  MONTH TO DATE    0.34                      1.49  -1.15     0.18
  SINCE SEP 1      7.30                      7.22   0.08    12.87
  SINCE JAN 1     39.06                     31.18   7.88    41.59

SNOWFALL (IN)
  YESTERDAY        T             6.1  1909   0.2   -0.2       T
  MONTH TO DATE    T                         2.2   -2.2       T
  SINCE JUL 1      T                         2.4   -2.4       T
  SNOW DEPTH       0

DEGREE DAYS
 HEATING
  YESTERDAY       40                        33      7       27
  MONTH TO DATE  656                       590     66      363
  SINCE JUL 1   1048                      1218   -170      666

 COOLING
  YESTERDAY        0                         0      0        0
  MONTH TO DATE    0                         0      0        0
  SINCE JAN 1   1001                       782    219     1033
..................................................................

WIND (MPH)
  HIGHEST WIND SPEED    16   HIGHEST WIND DIRECTION    NW (330)
  HIGHEST GUST SPEED    20   HIGHEST GUST DIRECTION     N (340)
  AVERAGE WIND SPEED     7.7

SKY COVER
  POSSIBLE SUNSHINE  MM
  AVERAGE SKY COVER 0.4

WEATHER CONDITIONS
 THE FOLLOWING WEATHER WAS RECORDED YESTERDAY.
  LIGHT SNOW

RELATIVE HUMIDITY (PERCENT)
 HIGHEST    74           500 AM
 LOWEST     47           200 PM
 AVERAGE    61
..........................................................

THE LA CROSSE WI CLIMATE NORMALS FOR TODAY
                         NORMAL    RECORD    YEAR
 MAXIMUM TEMPERATURE (F)   39        61      1931
 MINIMUM TEMPERATURE (F)   24        -2      1950
                                             1898

SUNRISE AND SUNSET
NOVEMBER 23 2017......SUNRISE   710 AM CST   SUNSET   432 PM CST
NOVEMBER 24 2017......SUNRISE   711 AM CST   SUNSET   432 PM CST

-  INDICATES NEGATIVE NUMBERS.
R  INDICATES RECORD WAS SET OR TIED.
MM INDICATES DATA IS MISSING.
T  INDICATES TRACE AMOUNT.

$$

Boyne
