000
CDUS43 KARX 200646
CLILSE


CLIMATE REPORT
NATIONAL WEATHER SERVICE LA CROSSE WI
146 AM CDT MON JUL 20 2015


...................................

...THE LA CROSSE WI CLIMATE SUMMARY FOR JULY 19 2015...

CLIMATE NORMAL PERIOD 1981 TO 2010
CLIMATE RECORD PERIOD 1873 TO 2015


WEATHER ITEM   OBSERVED TIME   RECORD YEAR NORMAL DEPARTURE LAST
                VALUE   (LST)  VALUE       VALUE  FROM      YEAR
                                                  NORMAL
..................................................................
TEMPERATURE (F)
 YESTERDAY
  MAXIMUM         84    400 PM  97    1974  84      0       82
                                      1964
                                      1931
  MINIMUM         65    459 AM  48    1912  63      2       69
  AVERAGE         75                        74      1       76

PRECIPITATION (IN)
  YESTERDAY        0.00          2.73 1952   0.14  -0.14     0.00
  MONTH TO DATE    2.54                      2.62  -0.08     3.72
  SINCE JUN 1      6.24                      6.96  -0.72    10.42
  SINCE JAN 1     18.83                     18.03   0.80    23.58

SNOWFALL (IN)
  YESTERDAY        0.0           T    2004   0.0    0.0      0.0
  MONTH TO DATE    0.0                       0.0    0.0      0.0
  SINCE JUL 1      0.0                       0.0    0.0      0.0
  SNOW DEPTH       0

DEGREE DAYS
 HEATING
  YESTERDAY        0                         0      0        0
  MONTH TO DATE    3                         0      3        3
  SINCE JUL 1      3                         0      3        3

 COOLING
  YESTERDAY       10                         9      1       11
  MONTH TO DATE  126                       170    -44       98
  SINCE JAN 1    358                       384    -26      379
..................................................................


WIND (MPH)
  HIGHEST WIND SPEED    18   HIGHEST WIND DIRECTION    NW (320)
  HIGHEST GUST SPEED    27   HIGHEST GUST DIRECTION    NW (310)
  AVERAGE WIND SPEED     7.6


SKY COVER
  POSSIBLE SUNSHINE  MM
  AVERAGE SKY COVER 0.0


WEATHER CONDITIONS
 THE FOLLOWING WEATHER WAS RECORDED YESTERDAY.
  NO SIGNIFICANT WEATHER WAS OBSERVED.


RELATIVE HUMIDITY (PERCENT)
 HIGHEST    78           400 AM
 LOWEST     43           100 PM
 AVERAGE    61

..........................................................


THE LA CROSSE WI CLIMATE NORMALS FOR TODAY
                         NORMAL    RECORD    YEAR
 MAXIMUM TEMPERATURE (F)   84       103      1901
 MINIMUM TEMPERATURE (F)   63        49      1970
                                             1966


SUNRISE AND SUNSET
JULY 20 2015..........SUNRISE   541 AM CDT   SUNSET   841 PM CDT
JULY 21 2015..........SUNRISE   542 AM CDT   SUNSET   840 PM CDT


-  INDICATES NEGATIVE NUMBERS.
R  INDICATES RECORD WAS SET OR TIED.
MM INDICATES DATA IS MISSING.
T  INDICATES TRACE AMOUNT.




$$
