000
CDUS43 KARX 232142
CLILSE


CLIMATE REPORT
NATIONAL WEATHER SERVICE LA CROSSE WI
442 PM CDT TUE JUN 23 2015


...................................

...THE LA CROSSE WI CLIMATE SUMMARY FOR JUNE 23 2015...
VALID TODAY AS OF 0400 PM LOCAL TIME.

CLIMATE NORMAL PERIOD 1981 TO 2010
CLIMATE RECORD PERIOD 1873 TO 2015


WEATHER ITEM   OBSERVED TIME   RECORD YEAR NORMAL DEPARTURE LAST
                VALUE   (LST)  VALUE       VALUE  FROM      YEAR
                                                  NORMAL
..................................................................
TEMPERATURE (F)
 TODAY
  MAXIMUM         80    255 PM  98    2005  82     -2       83
  MINIMUM         59    448 AM  42    1972  61     -2       63
  AVERAGE         70                        72     -2       73

PRECIPITATION (IN)
  TODAY            0.00          3.43 1952   0.14  -0.14     0.13
  MONTH TO DATE    3.11                      3.31  -0.20     4.94
  SINCE JUN 1      3.11                      3.31  -0.20     4.94
  SINCE JAN 1     15.70                     14.38   1.32    18.10

SNOWFALL (IN)
  TODAY            0.0           0.0  2002   0.0    0.0      0.0
                                      2001
  MONTH TO DATE    0.0                       0.0    0.0      0.0
  SINCE JUL 1     38.8                      43.3   -4.5     48.9
  SNOW DEPTH       0

DEGREE DAYS
 HEATING
  TODAY            0                         1     -1        0
  MONTH TO DATE   12                        37    -25        1
  SINCE JUL 1   7066                      7194   -128     8136

 COOLING
  TODAY            5                         7     -2        8
  MONTH TO DATE  125                       111     14      149
  SINCE JAN 1    190                       159     31      208
..................................................................


WIND (MPH)
  HIGHEST WIND SPEED    18   HIGHEST WIND DIRECTION     N (340)
  HIGHEST GUST SPEED    23   HIGHEST GUST DIRECTION    NW (330)
  AVERAGE WIND SPEED     8.6


SKY COVER
  POSSIBLE SUNSHINE  MM
  AVERAGE SKY COVER 0.0


WEATHER CONDITIONS
 THE FOLLOWING WEATHER WAS RECORDED TODAY.
  NO SIGNIFICANT WEATHER WAS OBSERVED.


RELATIVE HUMIDITY (PERCENT)
 HIGHEST    78           500 AM
 LOWEST     39           300 PM
 AVERAGE    59

..........................................................


THE LA CROSSE WI CLIMATE NORMALS FOR TOMORROW
                         NORMAL    RECORD    YEAR
 MAXIMUM TEMPERATURE (F)   83        97      1874
 MINIMUM TEMPERATURE (F)   61        44      1887


SUNRISE AND SUNSET
JUNE 23 2015..........SUNRISE   523 AM CDT   SUNSET   851 PM CDT
JUNE 24 2015..........SUNRISE   523 AM CDT   SUNSET   851 PM CDT


-  INDICATES NEGATIVE NUMBERS.
R  INDICATES RECORD WAS SET OR TIED.
MM INDICATES DATA IS MISSING.
T  INDICATES TRACE AMOUNT.




$$
