000
CDUS43 KARX 022135
CLILSE


CLIMATE REPORT
NATIONAL WEATHER SERVICE LA CROSSE WI
434 PM CDT WED JUL 2 2014


...................................

...THE LA CROSSE WI CLIMATE SUMMARY FOR JULY 2 2014...
VALID TODAY AS OF 0430 PM LOCAL TIME.

CLIMATE NORMAL PERIOD 1981 TO 2010
CLIMATE RECORD PERIOD 1873 TO 2014


WEATHER ITEM   OBSERVED TIME   RECORD YEAR NORMAL DEPARTURE LAST
                VALUE   (LST)  VALUE       VALUE  FROM      YEAR
                                                  NORMAL
..................................................................
TEMPERATURE (F)
 TODAY
  MAXIMUM         70    105 PM 103    1911  84    -14       82
  MINIMUM         59    932 AM  47    1924  63     -4       59
  AVERAGE         65                        73     -8       71

PRECIPITATION (IN)
  TODAY            T             2.05 1928   0.14  -0.14     0.00
  MONTH TO DATE    0.10                      0.27  -0.17     0.00
  SINCE JUN 1      6.80                      4.61   2.19     5.82
  SINCE JAN 1     19.96                     15.68   4.28    24.75

SNOWFALL (IN)
  TODAY            0.0           0.0  2002   0.0    0.0      0.0
                                      2001
  MONTH TO DATE    0.0                       0.0    0.0      0.0
  SINCE JUL 1      0.0                       0.0    0.0      0.0
  SNOW DEPTH       0

DEGREE DAYS
 HEATING
  TODAY            0                         0      0        0
  MONTH TO DATE    0                         0      0        0
  SINCE JUL 1      0                         0      0        0

 COOLING
  TODAY            0                         9     -9        6
  MONTH TO DATE    6                        17    -11       11
  SINCE JAN 1    287                       231     56      225
..................................................................


WIND (MPH)
  HIGHEST WIND SPEED    20   HIGHEST WIND DIRECTION     N (340)
  HIGHEST GUST SPEED    23   HIGHEST GUST DIRECTION    NW (320)
  AVERAGE WIND SPEED    11.6


SKY COVER
  POSSIBLE SUNSHINE  MM
  AVERAGE SKY COVER 1.0


WEATHER CONDITIONS
 THE FOLLOWING WEATHER WAS RECORDED TODAY.
  NO SIGNIFICANT WEATHER WAS OBSERVED.


RELATIVE HUMIDITY (PERCENT)
 HIGHEST    78           200 AM
 LOWEST     58           300 PM
 AVERAGE    68

..........................................................


THE LA CROSSE WI CLIMATE NORMALS FOR TOMORROW
                         NORMAL    RECORD    YEAR
 MAXIMUM TEMPERATURE (F)   84       100      1990
 MINIMUM TEMPERATURE (F)   63        49      1968


SUNRISE AND SUNSET
JULY  2 2014..........SUNRISE   527 AM CDT   SUNSET   851 PM CDT
JULY  3 2014..........SUNRISE   528 AM CDT   SUNSET   851 PM CDT


-  INDICATES NEGATIVE NUMBERS.
R  INDICATES RECORD WAS SET OR TIED.
MM INDICATES DATA IS MISSING.
T  INDICATES TRACE AMOUNT.




$$
