000
CDUS43 KARX 160738
CLILSE


CLIMATE REPORT
NATIONAL WEATHER SERVICE LA CROSSE WI
136 AM CST SUN NOV 16 2014

...THE LA CROSSE WI CLIMATE SUMMARY FOR NOVEMBER 15 2014...

CLIMATE NORMAL PERIOD 1981 TO 2010
CLIMATE RECORD PERIOD 1873 TO 2014

WEATHER ITEM   OBSERVED TIME   RECORD YEAR NORMAL DEPARTURE LAST
                VALUE   (LST)  VALUE       VALUE  FROM      YEAR
                                                  NORMAL
..................................................................
TEMPERATURE (F)
 YESTERDAY
  MAXIMUM         25    226 PM  70    2001  44    -19       55
  MINIMUM         12    237 AM   3    1940  29    -17       30
                                      1883
  AVERAGE         19                        36    -17       43

PRECIPITATION (IN)
  YESTERDAY        0.08          1.16 1988   0.07   0.01     0.00
  MONTH TO DATE    0.34                      1.02  -0.68     1.38
  SINCE SEP 1      6.49                      6.75  -0.26     6.83
  SINCE JAN 1     35.97                     30.71   5.26    33.98

SNOWFALL (IN)
  YESTERDAY        1.0 R         1.0  1909   0.1    0.9      0.0
  MONTH TO DATE    3.9                       1.1    2.8      0.1
  SINCE JUL 1      3.9                       1.3    2.6      0.1
  SNOW DEPTH       2

DEGREE DAYS
 HEATING
  YESTERDAY       46                        29     17       22
  MONTH TO DATE  435                       373     62      383
  SINCE JUL 1    995                      1001     -6      897

 COOLING
  YESTERDAY        0                         0      0        0
  MONTH TO DATE    0                         0      0        0
  SINCE JAN 1    822                       782     40      917
..................................................................

WIND (MPH)
  HIGHEST WIND SPEED    10   HIGHEST WIND DIRECTION     S (190)
  HIGHEST GUST SPEED    13   HIGHEST GUST DIRECTION     S (180)
  AVERAGE WIND SPEED     3.8

SKY COVER
  POSSIBLE SUNSHINE  MM
  AVERAGE SKY COVER 0.8

WEATHER CONDITIONS
 THE FOLLOWING WEATHER WAS RECORDED YESTERDAY.
  LIGHT SNOW
  FOG
  HAZE

RELATIVE HUMIDITY (PERCENT)
 HIGHEST    88           700 PM
 LOWEST     55           200 PM
 AVERAGE    72
..........................................................

THE LA CROSSE WI CLIMATE NORMALS FOR TODAY
                         NORMAL    RECORD    YEAR
 MAXIMUM TEMPERATURE (F)   44        70      1953
 MINIMUM TEMPERATURE (F)   28         2      1959

SUNRISE AND SUNSET
NOVEMBER 16 2014......SUNRISE   701 AM CST   SUNSET   438 PM CST
NOVEMBER 17 2014......SUNRISE   702 AM CST   SUNSET   437 PM CST

-  INDICATES NEGATIVE NUMBERS.
R  INDICATES RECORD WAS SET OR TIED.
MM INDICATES DATA IS MISSING.
T  INDICATES TRACE AMOUNT.

$$

BOYNE
