602
CDUS43 KARX 252233
CLILSE


CLIMATE REPORT
NATIONAL WEATHER SERVICE LA CROSSE WI
433 PM CST FRI NOV 25 2016


...................................

...THE LA CROSSE WI CLIMATE SUMMARY FOR NOVEMBER 25 2016...
VALID TODAY AS OF 0430 PM LOCAL TIME.

CLIMATE NORMAL PERIOD 1981 TO 2010
CLIMATE RECORD PERIOD 1873 TO 2016


WEATHER ITEM   OBSERVED TIME   RECORD YEAR NORMAL DEPARTURE LAST
                VALUE   (LST)  VALUE       VALUE  FROM      YEAR
                                                  NORMAL
..................................................................
TEMPERATURE (F)
 TODAY
  MAXIMUM         41    153 PM  60    1896  38      3       49
  MINIMUM         38    747 AM -10    1880  23     15       34
  AVERAGE         40                        31      9       42

PRECIPITATION (IN)
  TODAY            T             0.86 1952   0.07  -0.07     0.00
  MONTH TO DATE    0.33                      1.69  -1.36     1.04
  SINCE SEP 1     13.02                      7.42   5.60     5.95
  SINCE JAN 1     41.74                     31.38  10.36    28.66

SNOWFALL (IN)
  TODAY           MM             4.2  1942   0.2   MM        0.0
  MONTH TO DATE    T                         2.8   -2.8      0.7
  SINCE JUL 1      T                         3.0   -3.0      0.7
  SNOW DEPTH       0

DEGREE DAYS
 HEATING
  TODAY           25                        34     -9       23
  MONTH TO DATE  441                       691   -250      481
  SINCE JUL 1    744                      1319   -575      919

 COOLING
  TODAY            0                         0      0        0
  MONTH TO DATE    0                         0      0        0
  SINCE JAN 1   1033                       782    251      887
..................................................................


WIND (MPH)
  HIGHEST WIND SPEED    14   HIGHEST WIND DIRECTION    NW (310)
  HIGHEST GUST SPEED    16   HIGHEST GUST DIRECTION    NW (310)
  AVERAGE WIND SPEED     6.4


SKY COVER
  POSSIBLE SUNSHINE  MM
  AVERAGE SKY COVER 1.0


WEATHER CONDITIONS
 THE FOLLOWING WEATHER WAS RECORDED TODAY.
  FOG


RELATIVE HUMIDITY (PERCENT)
 HIGHEST    92           700 AM
 LOWEST     65           200 PM
 AVERAGE    79

..........................................................


THE LA CROSSE WI CLIMATE NORMALS FOR TOMORROW
                         NORMAL    RECORD    YEAR
 MAXIMUM TEMPERATURE (F)   37        65      1914
 MINIMUM TEMPERATURE (F)   23        -9      1977


SUNRISE AND SUNSET
NOVEMBER 25 2016......SUNRISE   713 AM CST   SUNSET   431 PM CST
NOVEMBER 26 2016......SUNRISE   714 AM CST   SUNSET   431 PM CST


-  INDICATES NEGATIVE NUMBERS.
R  INDICATES RECORD WAS SET OR TIED.
MM INDICATES DATA IS MISSING.
T  INDICATES TRACE AMOUNT.




$$
