000
CDUS43 KARX 022137
CLILSE


CLIMATE REPORT
NATIONAL WEATHER SERVICE LA CROSSE WI
436 PM CDT TUE AUG 2 2016


...................................

...THE LA CROSSE WI CLIMATE SUMMARY FOR AUGUST 2 2016...
VALID TODAY AS OF 0430 PM LOCAL TIME.

CLIMATE NORMAL PERIOD 1981 TO 2010
CLIMATE RECORD PERIOD 1873 TO 2016


WEATHER ITEM   OBSERVED TIME   RECORD YEAR NORMAL DEPARTURE LAST
                VALUE   (LST)  VALUE       VALUE  FROM      YEAR
                                                  NORMAL
..................................................................
TEMPERATURE (F)
 TODAY
  MAXIMUM         89    259 PM 103    1988  83      6       94
  MINIMUM         71    519 AM  46    1927  63      8       71
  AVERAGE         80                        73      7       83

PRECIPITATION (IN)
  TODAY            0.00          3.04 1935   0.14  -0.14     0.00
  MONTH TO DATE    0.00                      0.28  -0.28     0.00
  SINCE JUN 1     11.88                      8.88   3.00     7.32
  SINCE JAN 1     22.36                     19.95   2.41    19.91

SNOWFALL (IN)
  TODAY            0.0           0.0  2002   0.0    0.0      0.0
                                      2001
  MONTH TO DATE    0.0                       0.0    0.0      0.0
  SINCE JUL 1      0.0                       0.0    0.0      0.0
  SNOW DEPTH       0

DEGREE DAYS
 HEATING
  TODAY            0                         0      0        0
  MONTH TO DATE    0                         0      0        0
  SINCE JUL 1      0                         5     -5        3

 COOLING
  TODAY           15                         8      7       18
  MONTH TO DATE   26                        16     10       28
  SINCE JAN 1    642                       503    139      510
..................................................................


WIND (MPH)
  HIGHEST WIND SPEED    13   HIGHEST WIND DIRECTION    SW (220)
  HIGHEST GUST SPEED    15   HIGHEST GUST DIRECTION     S (200)
  AVERAGE WIND SPEED     5.4


SKY COVER
  POSSIBLE SUNSHINE  MM
  AVERAGE SKY COVER 0.4


WEATHER CONDITIONS
 THE FOLLOWING WEATHER WAS RECORDED TODAY.
  NO SIGNIFICANT WEATHER WAS OBSERVED.


RELATIVE HUMIDITY (PERCENT)
 HIGHEST    90           100 AM
 LOWEST     47           300 PM
 AVERAGE    69

..........................................................


THE LA CROSSE WI CLIMATE NORMALS FOR TOMORROW
                         NORMAL    RECORD    YEAR
 MAXIMUM TEMPERATURE (F)   83       101      1988
 MINIMUM TEMPERATURE (F)   63        44      1894


SUNRISE AND SUNSET
AUGUST  2 2016........SUNRISE   555 AM CDT   SUNSET   827 PM CDT
AUGUST  3 2016........SUNRISE   556 AM CDT   SUNSET   825 PM CDT


-  INDICATES NEGATIVE NUMBERS.
R  INDICATES RECORD WAS SET OR TIED.
MM INDICATES DATA IS MISSING.
T  INDICATES TRACE AMOUNT.




$$
