306
CDUS43 KARX 140634
CLILSE


CLIMATE REPORT
NATIONAL WEATHER SERVICE LA CROSSE WI
133 AM CDT WED JUN 14 2017


...................................

...THE LA CROSSE WI CLIMATE SUMMARY FOR JUNE 13 2017...

CLIMATE NORMAL PERIOD 1981 TO 2010
CLIMATE RECORD PERIOD 1873 TO 2017


WEATHER ITEM   OBSERVED TIME   RECORD YEAR NORMAL DEPARTURE LAST
                VALUE   (LST)  VALUE       VALUE  FROM      YEAR
                                                  NORMAL
..................................................................
TEMPERATURE (F)
 YESTERDAY
  MAXIMUM         91    304 PM  97    1988  80     11       80
                                      1987
                                      1956
  MINIMUM         66    102 AM  42    1969  58      8       57
  AVERAGE         79                        69     10       69

PRECIPITATION (IN)
  YESTERDAY        0.00          2.37 1950   0.16  -0.16     0.73
  MONTH TO DATE    0.90                      1.84  -0.94     3.38
  SINCE JUN 1      0.90                      1.84  -0.94     3.38
  SINCE JAN 1     18.59                     12.91   5.68    13.86

SNOWFALL (IN)
  YESTERDAY        0.0           0.0  2002   0.0    0.0      0.0
                                      2001
  MONTH TO DATE    0.0                       0.0    0.0      0.0
  SINCE JUL 1     42.2                      43.3   -1.1     40.3
  SNOW DEPTH       0

DEGREE DAYS
 HEATING
  YESTERDAY        0                         1     -1        0
  MONTH TO DATE    2                        27    -25        4
  SINCE JUL 1   5768                      7184  -1416     5953

 COOLING
  YESTERDAY       14                         5      9        4
  MONTH TO DATE  132                        49     83       69
  SINCE JAN 1    169                        97     72      155
..................................................................


WIND (MPH)
  HIGHEST WIND SPEED    22   HIGHEST WIND DIRECTION    SE (150)
  HIGHEST GUST SPEED    28   HIGHEST GUST DIRECTION    SE (140)
  AVERAGE WIND SPEED    10.2


SKY COVER
  POSSIBLE SUNSHINE  MM
  AVERAGE SKY COVER 0.3


WEATHER CONDITIONS
 THE FOLLOWING WEATHER WAS RECORDED YESTERDAY.
  THUNDERSTORM


RELATIVE HUMIDITY (PERCENT)
 HIGHEST    93          1200 AM
 LOWEST     56           300 PM
 AVERAGE    75

..........................................................


THE LA CROSSE WI CLIMATE NORMALS FOR TODAY
                         NORMAL    RECORD    YEAR
 MAXIMUM TEMPERATURE (F)   80        98      1987
 MINIMUM TEMPERATURE (F)   58        42      1933


SUNRISE AND SUNSET
JUNE 14 2017..........SUNRISE   522 AM CDT   SUNSET   849 PM CDT
JUNE 15 2017..........SUNRISE   522 AM CDT   SUNSET   849 PM CDT


-  INDICATES NEGATIVE NUMBERS.
R  INDICATES RECORD WAS SET OR TIED.
MM INDICATES DATA IS MISSING.
T  INDICATES TRACE AMOUNT.




$$
