000
CDUS43 KARX 150643
CLILSE


CLIMATE REPORT
NATIONAL WEATHER SERVICE LA CROSSE WI
1243 AM CST THU JAN 15 2015


...................................

...THE LA CROSSE WI CLIMATE SUMMARY FOR JANUARY 14 2015...

CLIMATE NORMAL PERIOD 1981 TO 2010
CLIMATE RECORD PERIOD 1873 TO 2015


WEATHER ITEM   OBSERVED TIME   RECORD YEAR NORMAL DEPARTURE LAST
                VALUE   (LST)  VALUE       VALUE  FROM      YEAR
                                                  NORMAL
..................................................................
TEMPERATURE (F)
 YESTERDAY
  MAXIMUM         25   1159 PM  47    1914  26     -1       34
  MINIMUM         11   1259 AM -27    1965   9      2       10
                                      1881
  AVERAGE         18                        17      1       22

PRECIPITATION (IN)
  YESTERDAY        T             0.93 1930   0.03  -0.03     0.32
  MONTH TO DATE    0.42                      0.48  -0.06     0.44
  SINCE DEC 1      1.52                      1.84  -0.32     1.96
  SINCE JAN 1      0.42                      0.48  -0.06     0.44

SNOWFALL (IN)
  YESTERDAY        0.1          10.9  1930   0.3   -0.2      6.5
  MONTH TO DATE    5.8                       4.2    1.6      7.4
  SINCE JUL 1     15.6                      19.8   -4.2     21.1
  SNOW DEPTH       5

DEGREE DAYS
 HEATING
  YESTERDAY       47                        48     -1       43
  MONTH TO DATE  774                       668    106      759
  SINCE JUL 1   3513                      3512      1     3687

 COOLING
  YESTERDAY        0                         0      0        0
  MONTH TO DATE    0                         0      0        0
  SINCE JAN 1      0                         0      0        0
..................................................................


WIND (MPH)
  HIGHEST WIND SPEED    10   HIGHEST WIND DIRECTION     S (200)
  HIGHEST GUST SPEED    14   HIGHEST GUST DIRECTION     S (200)
  AVERAGE WIND SPEED     6.5


SKY COVER
  POSSIBLE SUNSHINE  MM
  AVERAGE SKY COVER 1.0


WEATHER CONDITIONS
 THE FOLLOWING WEATHER WAS RECORDED YESTERDAY.
  LIGHT SNOW


RELATIVE HUMIDITY (PERCENT)
 HIGHEST    80           700 AM
 LOWEST     68           300 PM
 AVERAGE    74

..........................................................


THE LA CROSSE WI CLIMATE NORMALS FOR TODAY
                         NORMAL    RECORD    YEAR
 MAXIMUM TEMPERATURE (F)   26        48      1933
 MINIMUM TEMPERATURE (F)    9       -32      1888


SUNRISE AND SUNSET
JANUARY 15 2015.......SUNRISE   736 AM CST   SUNSET   453 PM CST
JANUARY 16 2015.......SUNRISE   736 AM CST   SUNSET   454 PM CST


-  INDICATES NEGATIVE NUMBERS.
R  INDICATES RECORD WAS SET OR TIED.
MM INDICATES DATA IS MISSING.
T  INDICATES TRACE AMOUNT.




$$
