000
CDUS43 KARX 130648
CLILSE


CLIMATE REPORT
NATIONAL WEATHER SERVICE LA CROSSE WI
148 AM CDT SUN JUL 13 2014


...................................

...THE LA CROSSE WI CLIMATE SUMMARY FOR JULY 12 2014...

CLIMATE NORMAL PERIOD 1981 TO 2010
CLIMATE RECORD PERIOD 1873 TO 2014


WEATHER ITEM   OBSERVED TIME   RECORD YEAR NORMAL DEPARTURE LAST
                VALUE   (LST)  VALUE       VALUE  FROM      YEAR
                                                  NORMAL
..................................................................
TEMPERATURE (F)
 YESTERDAY
  MAXIMUM         77   1126 AM 105    1936  85     -8       86
  MINIMUM         63   1159 PM  49    1975  64     -1       63
  AVERAGE         70                        74     -4       75

PRECIPITATION (IN)
  YESTERDAY        2.99R         2.65 1953   0.13   2.86     0.00
  MONTH TO DATE    3.61                      1.65   1.96     0.27
  SINCE JUN 1     10.31                      5.99   4.32     6.09
  SINCE JAN 1     23.47                     17.06   6.41    25.02

SNOWFALL (IN)
  YESTERDAY        0.0           0.0  2002   0.0    0.0      0.0
                                      2001
  MONTH TO DATE    0.0                       0.0    0.0      0.0
  SINCE JUL 1      0.0                       0.0    0.0      0.0
  SNOW DEPTH       0

DEGREE DAYS
 HEATING
  YESTERDAY        0                         0      0        0
  MONTH TO DATE    1                         0      1        0
  SINCE JUL 1      1                         0      1        0

 COOLING
  YESTERDAY        5                         9     -4       10
  MONTH TO DATE   73                       107    -34      131
  SINCE JAN 1    354                       321     33      345
..................................................................


WIND (MPH)
  HIGHEST WIND SPEED    16   HIGHEST WIND DIRECTION    NW (320)
  HIGHEST GUST SPEED    20   HIGHEST GUST DIRECTION    NW (320)
  AVERAGE WIND SPEED     4.5


SKY COVER
  POSSIBLE SUNSHINE  MM
  AVERAGE SKY COVER 0.7


WEATHER CONDITIONS
 THE FOLLOWING WEATHER WAS RECORDED YESTERDAY.
  HEAVY RAIN
  RAIN
  LIGHT RAIN
  FOG
  FOG W/VISIBILITY <= 1/4 MILE
  HAZE


RELATIVE HUMIDITY (PERCENT)
 HIGHEST    97           200 PM
 LOWEST     79          1200 AM
 AVERAGE    88

..........................................................


THE LA CROSSE WI CLIMATE NORMALS FOR TODAY
                         NORMAL    RECORD    YEAR
 MAXIMUM TEMPERATURE (F)   85       108      1995
 MINIMUM TEMPERATURE (F)   64        45      1975


SUNRISE AND SUNSET
JULY 13 2014..........SUNRISE   535 AM CDT   SUNSET   846 PM CDT
JULY 14 2014..........SUNRISE   536 AM CDT   SUNSET   846 PM CDT


-  INDICATES NEGATIVE NUMBERS.
R  INDICATES RECORD WAS SET OR TIED.
MM INDICATES DATA IS MISSING.
T  INDICATES TRACE AMOUNT.




$$
