000
CDUS43 KARX 140637
CLILSE


CLIMATE REPORT
NATIONAL WEATHER SERVICE LA CROSSE WI
136 AM CDT THU MAY 14 2015


...................................

...THE LA CROSSE WI CLIMATE SUMMARY FOR MAY 13 2015...

CLIMATE NORMAL PERIOD 1981 TO 2010
CLIMATE RECORD PERIOD 1873 TO 2015


WEATHER ITEM   OBSERVED TIME   RECORD YEAR NORMAL DEPARTURE LAST
                VALUE   (LST)  VALUE       VALUE  FROM      YEAR
                                                  NORMAL
..................................................................
TEMPERATURE (F)
 YESTERDAY
  MAXIMUM         69    439 PM  88    1977  70     -1       56
                                      1900
  MINIMUM         37    424 AM  30    1997  48    -11       48
                                      1953
  AVERAGE         53                        59     -6       52

PRECIPITATION (IN)
  YESTERDAY        0.00          1.35 2010   0.11  -0.11     0.00
  MONTH TO DATE    1.32                      1.45  -0.13     1.60
  SINCE MAR 1      6.29                      6.83  -0.54     9.94
  SINCE JAN 1      7.50                      9.00  -1.50    12.30

SNOWFALL (IN)
  YESTERDAY        0.0           0.0  2002   0.0    0.0      0.0
                                      2001
  MONTH TO DATE    0.0                       0.1   -0.1      0.0
  SINCE JUL 1     38.8                      43.4   -4.6     48.9
  SNOW DEPTH       0

DEGREE DAYS
 HEATING
  YESTERDAY       12                         7      5       13
  MONTH TO DATE   70                       112    -42      119
  SINCE JUL 1   6977                      7064    -87     8059

 COOLING
  YESTERDAY        0                         1     -1        0
  MONTH TO DATE   23                        11     12        2
  SINCE JAN 1     24                        18      6        2
..................................................................


WIND (MPH)
  HIGHEST WIND SPEED    15   HIGHEST WIND DIRECTION    SE (150)
  HIGHEST GUST SPEED    21   HIGHEST GUST DIRECTION     S (160)
  AVERAGE WIND SPEED     8.0


SKY COVER
  POSSIBLE SUNSHINE  MM
  AVERAGE SKY COVER 0.1


WEATHER CONDITIONS
 THE FOLLOWING WEATHER WAS RECORDED YESTERDAY.
  NO SIGNIFICANT WEATHER WAS OBSERVED.


RELATIVE HUMIDITY (PERCENT)
 HIGHEST    92           300 AM
 LOWEST     30           400 PM
 AVERAGE    61

..........................................................


THE LA CROSSE WI CLIMATE NORMALS FOR TODAY
                         NORMAL    RECORD    YEAR
 MAXIMUM TEMPERATURE (F)   70        93      1932
 MINIMUM TEMPERATURE (F)   48        30      1895


SUNRISE AND SUNSET
MAY 14 2015...........SUNRISE   541 AM CDT   SUNSET   823 PM CDT
MAY 15 2015...........SUNRISE   540 AM CDT   SUNSET   824 PM CDT


-  INDICATES NEGATIVE NUMBERS.
R  INDICATES RECORD WAS SET OR TIED.
MM INDICATES DATA IS MISSING.
T  INDICATES TRACE AMOUNT.




$$
