000
CDUS43 KARX 100642
CLILSE


CLIMATE REPORT
NATIONAL WEATHER SERVICE LA CROSSE WI
139 AM CDT WED SEP 10 2014


...................................

...THE LA CROSSE WI CLIMATE SUMMARY FOR SEPTEMBER 9 2014...

CLIMATE NORMAL PERIOD 1981 TO 2010
CLIMATE RECORD PERIOD 1873 TO 2014


WEATHER ITEM   OBSERVED TIME   RECORD YEAR NORMAL DEPARTURE LAST
                VALUE   (LST)  VALUE       VALUE  FROM      YEAR
                                                  NORMAL
..................................................................
TEMPERATURE (F)
 YESTERDAY
  MAXIMUM         82    137 PM 100    1955  76      6       93
  MINIMUM         62   1200 AM  38    1924  55      7       69
                                      1883
  AVERAGE         72                        66      6       81

PRECIPITATION (IN)
  YESTERDAY        T             2.75 1876   0.12  -0.12     0.00
  MONTH TO DATE    0.63                      1.11  -0.48      T
  SINCE SEP 1      0.63                      1.11  -0.48      T
  SINCE JAN 1     30.11                     25.07   5.04    27.15

SNOWFALL (IN)
  YESTERDAY        0.0           0.0  2002   0.0    0.0      0.0
                                      2001
  MONTH TO DATE    0.0                       0.0    0.0      0.0
  SINCE JUL 1      0.0                       0.0    0.0       T
  SNOW DEPTH       0

DEGREE DAYS
 HEATING
  YESTERDAY        0                         3     -3        0
  MONTH TO DATE    1                        17    -16        6
  SINCE JUL 1      4                        37    -33       20

 COOLING
  YESTERDAY        7                         3      4       16
  MONTH TO DATE   45                        37      8       75
  SINCE JAN 1    793                       737     56      860
..................................................................


WIND (MPH)
  HIGHEST WIND SPEED    13   HIGHEST WIND DIRECTION    SE (140)
  HIGHEST GUST SPEED    18   HIGHEST GUST DIRECTION     S (160)
  AVERAGE WIND SPEED     6.8


SKY COVER
  POSSIBLE SUNSHINE  MM
  AVERAGE SKY COVER 0.5


WEATHER CONDITIONS
 THE FOLLOWING WEATHER WAS RECORDED YESTERDAY.
  LIGHT RAIN


RELATIVE HUMIDITY (PERCENT)
 HIGHEST    90          1200 AM
 LOWEST     54          1100 AM
 AVERAGE    72

..........................................................


THE LA CROSSE WI CLIMATE NORMALS FOR TODAY
                         NORMAL    RECORD    YEAR
 MAXIMUM TEMPERATURE (F)   76        99      1931
 MINIMUM TEMPERATURE (F)   55        34      1917


SUNRISE AND SUNSET
SEPTEMBER 10 2014.....SUNRISE   639 AM CDT   SUNSET   724 PM CDT
SEPTEMBER 11 2014.....SUNRISE   640 AM CDT   SUNSET   723 PM CDT


-  INDICATES NEGATIVE NUMBERS.
R  INDICATES RECORD WAS SET OR TIED.
MM INDICATES DATA IS MISSING.
T  INDICATES TRACE AMOUNT.




$$
