000
CDUS43 KARX 070645
CLILSE


CLIMATE REPORT
NATIONAL WEATHER SERVICE LA CROSSE WI
1244 AM CST TUE NOV 7 2017


...................................

...THE LA CROSSE WI CLIMATE SUMMARY FOR NOVEMBER 6 2017...

CLIMATE NORMAL PERIOD 1981 TO 2010
CLIMATE RECORD PERIOD 1873 TO 2017


WEATHER ITEM   OBSERVED TIME   RECORD YEAR NORMAL DEPARTURE LAST
                VALUE   (LST)  VALUE       VALUE  FROM      YEAR
                                                  NORMAL
..................................................................
TEMPERATURE (F)
 YESTERDAY
  MAXIMUM         39    141 PM  71    2016  50    -11       71
                                      2001
                                      1916
  MINIMUM         24    648 AM  -1    1951  33     -9       43
  AVERAGE         32                        41     -9       57

PRECIPITATION (IN)
  YESTERDAY        0.00          0.84 1965   0.07  -0.07     0.00
  MONTH TO DATE    0.21                      0.40  -0.19     0.00
  SINCE SEP 1      7.17                      6.13   1.04    12.69
  SINCE JAN 1     38.93                     30.09   8.84    41.41

SNOWFALL (IN)
  YESTERDAY        0.0           1.6  1988   0.1   -0.1      0.0
  MONTH TO DATE    T                         0.3   -0.3      0.0
  SINCE JUL 1      T                         0.5   -0.5      0.0
  SNOW DEPTH       0

DEGREE DAYS
 HEATING
  YESTERDAY       33                        24      9        8
  MONTH TO DATE  164                       135     29       51
  SINCE JUL 1    556                       763   -207      354

 COOLING
  YESTERDAY        0                         0      0        0
  MONTH TO DATE    0                         0      0        0
  SINCE JAN 1   1001                       782    219     1033
..................................................................


WIND (MPH)
  HIGHEST WIND SPEED    14   HIGHEST WIND DIRECTION     N (360)
  HIGHEST GUST SPEED    17   HIGHEST GUST DIRECTION    NW (320)
  AVERAGE WIND SPEED     5.5


SKY COVER
  POSSIBLE SUNSHINE  MM
  AVERAGE SKY COVER 0.5


WEATHER CONDITIONS
 THE FOLLOWING WEATHER WAS RECORDED YESTERDAY.
  NO SIGNIFICANT WEATHER WAS OBSERVED.


RELATIVE HUMIDITY (PERCENT)
 HIGHEST    75           300 AM
 LOWEST     56          1100 AM
 AVERAGE    66

..........................................................


THE LA CROSSE WI CLIMATE NORMALS FOR TODAY
                         NORMAL    RECORD    YEAR
 MAXIMUM TEMPERATURE (F)   49        76      1949
 MINIMUM TEMPERATURE (F)   33        -3      1991


SUNRISE AND SUNSET
NOVEMBER  7 2017......SUNRISE   650 AM CST   SUNSET   447 PM CST
NOVEMBER  8 2017......SUNRISE   651 AM CST   SUNSET   446 PM CST


-  INDICATES NEGATIVE NUMBERS.
R  INDICATES RECORD WAS SET OR TIED.
MM INDICATES DATA IS MISSING.
T  INDICATES TRACE AMOUNT.




$$
