000
CDUS43 KARX 010638
CLILSE


CLIMATE REPORT
NATIONAL WEATHER SERVICE LA CROSSE WI
137 AM CDT SUN OCT 1 2017


...................................

...THE LA CROSSE WI CLIMATE SUMMARY FOR SEPTEMBER 30 2017...

CLIMATE NORMAL PERIOD 1981 TO 2010
CLIMATE RECORD PERIOD 1873 TO 2017


WEATHER ITEM   OBSERVED TIME   RECORD YEAR NORMAL DEPARTURE LAST
                VALUE   (LST)  VALUE       VALUE  FROM      YEAR
                                                  NORMAL
..................................................................
TEMPERATURE (F)
 YESTERDAY
  MAXIMUM         70    312 PM  87    1996  67      3       70
  MINIMUM         43    621 AM  24    1899  46     -3       52
  AVERAGE         57                        56      1       61

PRECIPITATION (IN)
  YESTERDAY        0.00          1.43 1925   0.09  -0.09     0.00
  MONTH TO DATE    0.95                      3.56  -2.61    10.46
  SINCE SEP 1      0.95                      3.56  -2.61    10.46
  SINCE JAN 1     32.71                     27.52   5.19    39.18

SNOWFALL (IN)
  YESTERDAY        0.0           0.0  2002   0.0    0.0      0.0
                                      2001
  MONTH TO DATE    0.0                       0.0    0.0      0.0
  SINCE JUL 1      0.0                       0.0    0.0      0.0
  SNOW DEPTH       0

DEGREE DAYS
 HEATING
  YESTERDAY        8                         9     -1        4
  MONTH TO DATE   48                       139    -91       20
  SINCE JUL 1     48                       160   -112       20

 COOLING
  YESTERDAY        0                         1     -1        0
  MONTH TO DATE  172                        74     98      111
  SINCE JAN 1    987                       774    213     1020
..................................................................


WIND (MPH)
  HIGHEST WIND SPEED    17   HIGHEST WIND DIRECTION     S (200)
  HIGHEST GUST SPEED    21   HIGHEST GUST DIRECTION     S (180)
  AVERAGE WIND SPEED     6.8


SKY COVER
  POSSIBLE SUNSHINE  MM
  AVERAGE SKY COVER 0.0


WEATHER CONDITIONS
 THE FOLLOWING WEATHER WAS RECORDED YESTERDAY.
  NO SIGNIFICANT WEATHER WAS OBSERVED.


RELATIVE HUMIDITY (PERCENT)
 HIGHEST    93           100 AM
 LOWEST     44           200 PM
 AVERAGE    69

..........................................................


THE LA CROSSE WI CLIMATE NORMALS FOR TODAY
                         NORMAL    RECORD    YEAR
 MAXIMUM TEMPERATURE (F)   67        92      1976
 MINIMUM TEMPERATURE (F)   46        28      2003
                                             1974


SUNRISE AND SUNSET
OCTOBER  1 2017.......SUNRISE   703 AM CDT   SUNSET   645 PM CDT
OCTOBER  2 2017.......SUNRISE   704 AM CDT   SUNSET   644 PM CDT


-  INDICATES NEGATIVE NUMBERS.
R  INDICATES RECORD WAS SET OR TIED.
MM INDICATES DATA IS MISSING.
T  INDICATES TRACE AMOUNT.




$$
