000
CDUS43 KARX 100737
CLILSE


CLIMATE REPORT
NATIONAL WEATHER SERVICE LA CROSSE WI
235 AM CDT FRI OCT 10 2014


...................................

...THE LA CROSSE WI CLIMATE SUMMARY FOR OCTOBER 9 2014...

CLIMATE NORMAL PERIOD 1981 TO 2010
CLIMATE RECORD PERIOD 1873 TO 2014


WEATHER ITEM   OBSERVED TIME   RECORD YEAR NORMAL DEPARTURE LAST
                VALUE   (LST)  VALUE       VALUE  FROM      YEAR
                                                  NORMAL
..................................................................
TEMPERATURE (F)
 YESTERDAY
  MAXIMUM         58    332 PM  85    2010  63     -5       75
  MINIMUM         37    654 AM  24    1895  43     -6       51
  AVERAGE         48                        53     -5       63

PRECIPITATION (IN)
  YESTERDAY        0.00          1.45 1968   0.07  -0.07     0.00
  MONTH TO DATE    1.45                      0.74   0.71     3.25
  SINCE SEP 1      4.07                      4.30  -0.23     4.86
  SINCE JAN 1     33.55                     28.26   5.29    32.01

SNOWFALL (IN)
  YESTERDAY        0.0           0.6  1925   0.0    0.0      0.0
  MONTH TO DATE    0.0                       0.0    0.0      0.0
  SINCE JUL 1      0.0                       0.0    0.0       T
  SNOW DEPTH       0

DEGREE DAYS
 HEATING
  YESTERDAY       17                        13      4        2
  MONTH TO DATE  120                       101     19       38
  SINCE JUL 1    242                       261    -19      118

 COOLING
  YESTERDAY        0                         0      0        0
  MONTH TO DATE    0                         7     -7        0
  SINCE JAN 1    822                       781     41      916
..................................................................


WIND (MPH)
  HIGHEST WIND SPEED    13   HIGHEST WIND DIRECTION    NW (310)
  HIGHEST GUST SPEED    15   HIGHEST GUST DIRECTION     N (340)
  AVERAGE WIND SPEED     5.5


SKY COVER
  POSSIBLE SUNSHINE  MM
  AVERAGE SKY COVER 0.0


WEATHER CONDITIONS
 THE FOLLOWING WEATHER WAS RECORDED YESTERDAY.
  NO SIGNIFICANT WEATHER WAS OBSERVED.


RELATIVE HUMIDITY (PERCENT)
 HIGHEST    85           300 AM
 LOWEST     40           300 PM
 AVERAGE    63

..........................................................


THE LA CROSSE WI CLIMATE NORMALS FOR TODAY
                         NORMAL    RECORD    YEAR
 MAXIMUM TEMPERATURE (F)   63        86      1928
 MINIMUM TEMPERATURE (F)   42        23      1964


SUNRISE AND SUNSET
OCTOBER 10 2014.......SUNRISE   713 AM CDT   SUNSET   630 PM CDT
OCTOBER 11 2014.......SUNRISE   715 AM CDT   SUNSET   628 PM CDT


-  INDICATES NEGATIVE NUMBERS.
R  INDICATES RECORD WAS SET OR TIED.
MM INDICATES DATA IS MISSING.
T  INDICATES TRACE AMOUNT.




$$
