000
CDUS43 KARX 050638
CLILSE


CLIMATE REPORT
NATIONAL WEATHER SERVICE LA CROSSE WI
1235 AM CST FRI JAN 5 2018

...THE LA CROSSE WI CLIMATE SUMMARY FOR JANUARY 4 2018...

CLIMATE NORMAL PERIOD 1981 TO 2010
CLIMATE RECORD PERIOD 1873 TO 2018

WEATHER ITEM   OBSERVED TIME   RECORD YEAR NORMAL DEPARTURE LAST
                VALUE   (LST)  VALUE       VALUE  FROM      YEAR
                                                  NORMAL
..................................................................
TEMPERATURE (F)
 YESTERDAY
  MAXIMUM          8    342 PM  50    1880  26    -18        9
  MINIMUM        -10    753 AM -28    1884  10    -20        2
  AVERAGE         -1                        18    -19        6

PRECIPITATION (IN)
  YESTERDAY        0.00          1.07 1922   0.04  -0.04     0.00
  MONTH TO DATE    0.02                      0.14  -0.12     0.23
  SINCE DEC 1      0.55                      1.50  -0.95     2.42
  SINCE JAN 1      0.02                      0.14  -0.12     0.23

SNOWFALL (IN)
  YESTERDAY        0.0          11.5  1922   0.2   -0.2      0.0
  MONTH TO DATE    0.5                       1.1   -0.6      0.3
  SINCE JUL 1      4.9                      16.7  -11.8     21.1
  SNOW DEPTH       1

DEGREE DAYS
 HEATING
  YESTERDAY       66                        47     19       59
  MONTH TO DATE  257                       188     69      169
  SINCE JUL 1   2821                      3032   -211     2304

 COOLING
  YESTERDAY        0                         0      0        0
  MONTH TO DATE    0                         0      0        0
  SINCE JAN 1      0                         0      0        0
..................................................................

WIND (MPH)
  HIGHEST WIND SPEED     9   HIGHEST WIND DIRECTION     N (340)
  HIGHEST GUST SPEED    15   HIGHEST GUST DIRECTION     W (290)
  AVERAGE WIND SPEED     5.5

SKY COVER
  POSSIBLE SUNSHINE  MM
  AVERAGE SKY COVER 0.0

WEATHER CONDITIONS
 THE FOLLOWING WEATHER WAS RECORDED YESTERDAY.
  NO SIGNIFICANT WEATHER WAS OBSERVED.

RELATIVE HUMIDITY (PERCENT)
 HIGHEST    83           500 AM
 LOWEST     55           300 PM
 AVERAGE    69

..........................................................

THE LA CROSSE WI CLIMATE NORMALS FOR TODAY
                         NORMAL    RECORD    YEAR
 MAXIMUM TEMPERATURE (F)   26        53      2012
 MINIMUM TEMPERATURE (F)    9       -29      1884

SUNRISE AND SUNSET
JANUARY  5 2018.......SUNRISE   739 AM CST   SUNSET   442 PM CST
JANUARY  6 2018.......SUNRISE   739 AM CST   SUNSET   443 PM CST

-  INDICATES NEGATIVE NUMBERS.
R  INDICATES RECORD WAS SET OR TIED.
MM INDICATES DATA IS MISSING.
T  INDICATES TRACE AMOUNT.

$$

BOYNE
