000
CDUS43 KARX 120631
CLILSE


CLIMATE REPORT
NATIONAL WEATHER SERVICE LA CROSSE WI
130 AM CDT MON JUN 12 2017


...................................

...THE LA CROSSE WI CLIMATE SUMMARY FOR JUNE 11 2017...

CLIMATE NORMAL PERIOD 1981 TO 2010
CLIMATE RECORD PERIOD 1873 TO 2017


WEATHER ITEM   OBSERVED TIME   RECORD YEAR NORMAL DEPARTURE LAST
                VALUE   (LST)  VALUE       VALUE  FROM      YEAR
                                                  NORMAL
..................................................................
TEMPERATURE (F)
 YESTERDAY
  MAXIMUM         96R   407 PM  94    1956  79     17       92
  MINIMUM         76   1119 AM  42    1903  57     19       69
  AVERAGE         86                        68     18       81

PRECIPITATION (IN)
  YESTERDAY        T             1.90 1899   0.14  -0.14     0.00
  MONTH TO DATE    0.03                      1.53  -1.50     1.84
  SINCE JUN 1      0.03                      1.53  -1.50     1.84
  SINCE JAN 1     17.72                     12.60   5.12    12.32

SNOWFALL (IN)
  YESTERDAY        0.0          MM      MM   0.0    0.0      0.0
  MONTH TO DATE    0.0                       0.0    0.0      0.0
  SINCE JUL 1     42.2                      43.3   -1.1     40.3
  SNOW DEPTH       0

DEGREE DAYS
 HEATING
  YESTERDAY        0                         1     -1        0
  MONTH TO DATE    2                        25    -23        4
  SINCE JUL 1   5768                      7182  -1414     5953

 COOLING
  YESTERDAY       21                         5     16       16
  MONTH TO DATE  107                        39     68       62
  SINCE JAN 1    144                        87     57      148
..................................................................


WIND (MPH)
  HIGHEST WIND SPEED    25   HIGHEST WIND DIRECTION     S (170)
  HIGHEST GUST SPEED    33   HIGHEST GUST DIRECTION     S (170)
  AVERAGE WIND SPEED    13.6


SKY COVER
  POSSIBLE SUNSHINE  MM
  AVERAGE SKY COVER 0.5


WEATHER CONDITIONS
 THE FOLLOWING WEATHER WAS RECORDED YESTERDAY.
  LIGHT RAIN
  HAZE


RELATIVE HUMIDITY (PERCENT)
 HIGHEST    74           500 AM
 LOWEST     39           500 PM
 AVERAGE    57

..........................................................


THE LA CROSSE WI CLIMATE NORMALS FOR TODAY
                         NORMAL    RECORD    YEAR
 MAXIMUM TEMPERATURE (F)   79        95      1920
 MINIMUM TEMPERATURE (F)   58        40      1903


SUNRISE AND SUNSET
JUNE 12 2017..........SUNRISE   522 AM CDT   SUNSET   848 PM CDT
JUNE 13 2017..........SUNRISE   522 AM CDT   SUNSET   848 PM CDT


-  INDICATES NEGATIVE NUMBERS.
R  INDICATES RECORD WAS SET OR TIED.
MM INDICATES DATA IS MISSING.
T  INDICATES TRACE AMOUNT.




$$
