000
CDUS43 KARX 080637
CLILSE


CLIMATE REPORT
NATIONAL WEATHER SERVICE LA CROSSE WI
137 AM CDT FRI APR 8 2016


...................................

...THE LA CROSSE WI CLIMATE SUMMARY FOR APRIL 7 2016...

CLIMATE NORMAL PERIOD 1981 TO 2010
CLIMATE RECORD PERIOD 1873 TO 2016


WEATHER ITEM   OBSERVED TIME   RECORD YEAR NORMAL DEPARTURE LAST
                VALUE   (LST)  VALUE       VALUE  FROM      YEAR
                                                  NORMAL
..................................................................
TEMPERATURE (F)
 YESTERDAY
  MAXIMUM         46    221 PM  84    1991  55     -9       48
  MINIMUM         35    646 AM  13    1936  34      1       38
  AVERAGE         41                        45     -4       43

PRECIPITATION (IN)
  YESTERDAY        0.01          1.57 2006   0.10  -0.09     1.36
  MONTH TO DATE    0.18                      0.65  -0.47     1.68
  SINCE MAR 1      3.79                      2.69   1.10     2.49
  SINCE JAN 1      5.44                      4.86   0.58     3.70

SNOWFALL (IN)
  YESTERDAY        T             5.2  1928   0.1   -0.1       T
  MONTH TO DATE    0.6                       0.6    0.0       T
  SINCE JUL 1     40.3                      42.2   -1.9     38.3
  SNOW DEPTH       0

DEGREE DAYS
 HEATING
  YESTERDAY       24                        20      4       22
  MONTH TO DATE  174                       152     22      110
  SINCE JUL 1   5473                      6605  -1132     6602

 COOLING
  YESTERDAY        0                         0      0        0
  MONTH TO DATE    0                         0      0        0
  SINCE JAN 1      0                         0      0        0
..................................................................


WIND (MPH)
  HIGHEST WIND SPEED    22   HIGHEST WIND DIRECTION     N (340)
  HIGHEST GUST SPEED    29   HIGHEST GUST DIRECTION    NW (330)
  AVERAGE WIND SPEED     9.9


SKY COVER
  POSSIBLE SUNSHINE  MM
  AVERAGE SKY COVER 1.0


WEATHER CONDITIONS
 THE FOLLOWING WEATHER WAS RECORDED YESTERDAY.
  LIGHT RAIN
  LIGHT SNOW
  FOG


RELATIVE HUMIDITY (PERCENT)
 HIGHEST    70           100 AM
 LOWEST     49          1200 PM
 AVERAGE    60

..........................................................


THE LA CROSSE WI CLIMATE NORMALS FOR TODAY
                         NORMAL    RECORD    YEAR
 MAXIMUM TEMPERATURE (F)   56        84      1931
 MINIMUM TEMPERATURE (F)   35        11      1972


SUNRISE AND SUNSET
APRIL  8 2016.........SUNRISE   633 AM CDT   SUNSET   741 PM CDT
APRIL  9 2016.........SUNRISE   631 AM CDT   SUNSET   742 PM CDT


-  INDICATES NEGATIVE NUMBERS.
R  INDICATES RECORD WAS SET OR TIED.
MM INDICATES DATA IS MISSING.
T  INDICATES TRACE AMOUNT.




$$
