673
CDUS43 KARX 120655
CLILSE


CLIMATE REPORT
NATIONAL WEATHER SERVICE LA CROSSE WI
154 AM CDT FRI MAY 12 2017


...................................

...THE LA CROSSE WI CLIMATE SUMMARY FOR MAY 11 2017...

CLIMATE NORMAL PERIOD 1981 TO 2010
CLIMATE RECORD PERIOD 1873 TO 2017


WEATHER ITEM   OBSERVED TIME   RECORD YEAR NORMAL DEPARTURE LAST
                VALUE   (LST)  VALUE       VALUE  FROM      YEAR
                                                  NORMAL
..................................................................
TEMPERATURE (F)
 YESTERDAY
  MAXIMUM         72    356 PM  89    1922  69      3       65
  MINIMUM         45    258 AM  30    1925  47     -2       50
  AVERAGE         59                        58      1       58

PRECIPITATION (IN)
  YESTERDAY        0.00          1.32 1875   0.11  -0.11     0.39
  MONTH TO DATE    1.15                      1.24  -0.09     1.17
  SINCE MAR 1      7.78                      6.62   1.16     5.86
  SINCE JAN 1     11.64                      8.79   2.85     7.51

SNOWFALL (IN)
  YESTERDAY        0.0           T    2013   0.0    0.0      0.0
  MONTH TO DATE    T                         0.1   -0.1      0.0
  SINCE JUL 1     42.2                      43.4   -1.2     40.3
  SNOW DEPTH       0

DEGREE DAYS
 HEATING
  YESTERDAY        6                         8     -2        7
  MONTH TO DATE  120                        98     22       93
  SINCE JUL 1   5674                      7050  -1376     5850

 COOLING
  YESTERDAY        0                         1     -1        0
  MONTH TO DATE    0                         9     -9        7
  SINCE JAN 1      6                        16    -10       18
..................................................................


WIND (MPH)
  HIGHEST WIND SPEED    14   HIGHEST WIND DIRECTION    NW (310)
  HIGHEST GUST SPEED    16   HIGHEST GUST DIRECTION    NW (310)
  AVERAGE WIND SPEED     5.8


SKY COVER
  POSSIBLE SUNSHINE  MM
  AVERAGE SKY COVER 0.3


WEATHER CONDITIONS
 THE FOLLOWING WEATHER WAS RECORDED YESTERDAY.
  FOG
  FOG W/VISIBILITY <= 1/4 MILE


RELATIVE HUMIDITY (PERCENT)
 HIGHEST   100          1200 AM
 LOWEST     35           200 PM
 AVERAGE    68

..........................................................


THE LA CROSSE WI CLIMATE NORMALS FOR TODAY
                         NORMAL    RECORD    YEAR
 MAXIMUM TEMPERATURE (F)   70        90      1940
 MINIMUM TEMPERATURE (F)   48        31      1967


SUNRISE AND SUNSET
MAY 12 2017...........SUNRISE   542 AM CDT   SUNSET   821 PM CDT
MAY 13 2017...........SUNRISE   541 AM CDT   SUNSET   822 PM CDT


-  INDICATES NEGATIVE NUMBERS.
R  INDICATES RECORD WAS SET OR TIED.
MM INDICATES DATA IS MISSING.
T  INDICATES TRACE AMOUNT.




$$
