000
CDUS43 KARX 110703
CLILSE


CLIMATE REPORT
NATIONAL WEATHER SERVICE LA CROSSE WI
159 AM CDT SAT OCT 11 2014


...................................

...THE LA CROSSE WI CLIMATE SUMMARY FOR OCTOBER 10 2014...

CLIMATE NORMAL PERIOD 1981 TO 2010
CLIMATE RECORD PERIOD 1873 TO 2014


WEATHER ITEM   OBSERVED TIME   RECORD YEAR NORMAL DEPARTURE LAST
                VALUE   (LST)  VALUE       VALUE  FROM      YEAR
                                                  NORMAL
..................................................................
TEMPERATURE (F)
 YESTERDAY
  MAXIMUM         59    300 PM  86    1928  63     -4       74
  MINIMUM         32    627 AM  23    1964  42    -10       47
  AVERAGE         46                        52     -6       61

PRECIPITATION (IN)
  YESTERDAY        0.00          0.83 1879   0.07  -0.07     0.00
  MONTH TO DATE    1.45                      0.81   0.64     3.25
  SINCE SEP 1      4.07                      4.37  -0.30     4.86
  SINCE JAN 1     33.55                     28.33   5.22    32.01

SNOWFALL (IN)
  YESTERDAY        0.0           0.2  1932   0.0    0.0      0.0
  MONTH TO DATE    0.0                       0.0    0.0      0.0
  SINCE JUL 1      0.0                       0.0    0.0       T
  SNOW DEPTH       0

DEGREE DAYS
 HEATING
  YESTERDAY       19                        13      6        4
  MONTH TO DATE  139                       114     25       42
  SINCE JUL 1    261                       274    -13      122

 COOLING
  YESTERDAY        0                         0      0        0
  MONTH TO DATE    0                         7     -7        0
  SINCE JAN 1    822                       781     41      916
..................................................................


WIND (MPH)
  HIGHEST WIND SPEED    10   HIGHEST WIND DIRECTION    NW (310)
  HIGHEST GUST SPEED    12   HIGHEST GUST DIRECTION    NW (300)
  AVERAGE WIND SPEED     3.4


SKY COVER
  POSSIBLE SUNSHINE  MM
  AVERAGE SKY COVER 0.0


WEATHER CONDITIONS
 THE FOLLOWING WEATHER WAS RECORDED YESTERDAY.
  FOG


RELATIVE HUMIDITY (PERCENT)
 HIGHEST    92           400 AM
 LOWEST     39           100 PM
 AVERAGE    66

..........................................................


THE LA CROSSE WI CLIMATE NORMALS FOR TODAY
                         NORMAL    RECORD    YEAR
 MAXIMUM TEMPERATURE (F)   62        86      1928
 MINIMUM TEMPERATURE (F)   42        22      1987


SUNRISE AND SUNSET
OCTOBER 11 2014.......SUNRISE   715 AM CDT   SUNSET   628 PM CDT
OCTOBER 12 2014.......SUNRISE   716 AM CDT   SUNSET   626 PM CDT


-  INDICATES NEGATIVE NUMBERS.
R  INDICATES RECORD WAS SET OR TIED.
MM INDICATES DATA IS MISSING.
T  INDICATES TRACE AMOUNT.




$$
