000
CDUS43 KARX 120651
CLILSE


CLIMATE REPORT
NATIONAL WEATHER SERVICE LA CROSSE WI
1251 AM CST MON JAN 12 2015


...................................

...THE LA CROSSE WI CLIMATE SUMMARY FOR JANUARY 11 2015...

CLIMATE NORMAL PERIOD 1981 TO 2010
CLIMATE RECORD PERIOD 1873 TO 2015


WEATHER ITEM   OBSERVED TIME   RECORD YEAR NORMAL DEPARTURE LAST
                VALUE   (LST)  VALUE       VALUE  FROM      YEAR
                                                  NORMAL
..................................................................
TEMPERATURE (F)
 YESTERDAY
  MAXIMUM         21    538 PM  49    2002  25     -4       32
  MINIMUM          2    709 AM -26    1912   9     -7       27
  AVERAGE         12                        17     -5       30

PRECIPITATION (IN)
  YESTERDAY        T             0.58 1890   0.04  -0.04     0.02
  MONTH TO DATE    0.42                      0.38   0.04     0.12
  SINCE DEC 1      1.52                      1.74  -0.22     1.64
  SINCE JAN 1      0.42                      0.38   0.04     0.12

SNOWFALL (IN)
  YESTERDAY        T             6.3  1963   0.3   -0.3      0.2
  MONTH TO DATE    5.7                       3.2    2.5      0.9
  SINCE JUL 1     15.5                      18.8   -3.3     14.6
  SNOW DEPTH       5

DEGREE DAYS
 HEATING
  YESTERDAY       53                        48      5       35
  MONTH TO DATE  604                       524     80      652
  SINCE JUL 1   3343                      3368    -25     3580

 COOLING
  YESTERDAY        0                         0      0        0
  MONTH TO DATE    0                         0      0        0
  SINCE JAN 1      0                         0      0        0
..................................................................


WIND (MPH)
  HIGHEST WIND SPEED    16   HIGHEST WIND DIRECTION     N (340)
  HIGHEST GUST SPEED    19   HIGHEST GUST DIRECTION    NW (330)
  AVERAGE WIND SPEED     5.5


SKY COVER
  POSSIBLE SUNSHINE  MM
  AVERAGE SKY COVER 0.3


WEATHER CONDITIONS
 THE FOLLOWING WEATHER WAS RECORDED YESTERDAY.
  LIGHT SNOW


RELATIVE HUMIDITY (PERCENT)
 HIGHEST    88           100 AM
 LOWEST     49           800 PM
 AVERAGE    69

..........................................................


THE LA CROSSE WI CLIMATE NORMALS FOR TODAY
                         NORMAL    RECORD    YEAR
 MAXIMUM TEMPERATURE (F)   25        50      1928
 MINIMUM TEMPERATURE (F)    9       -34      1912


SUNRISE AND SUNSET
JANUARY 12 2015.......SUNRISE   738 AM CST   SUNSET   449 PM CST
JANUARY 13 2015.......SUNRISE   737 AM CST   SUNSET   451 PM CST


-  INDICATES NEGATIVE NUMBERS.
R  INDICATES RECORD WAS SET OR TIED.
MM INDICATES DATA IS MISSING.
T  INDICATES TRACE AMOUNT.




$$
