000
CDUS43 KARX 190641
CLILSE


CLIMATE REPORT
NATIONAL WEATHER SERVICE LA CROSSE WI
140 AM CDT WED AUG 19 2015


...................................

...THE LA CROSSE WI CLIMATE SUMMARY FOR AUGUST 18 2015...

CLIMATE NORMAL PERIOD 1981 TO 2010
CLIMATE RECORD PERIOD 1873 TO 2015


WEATHER ITEM   OBSERVED TIME   RECORD YEAR NORMAL DEPARTURE LAST
                VALUE   (LST)  VALUE       VALUE  FROM      YEAR
                                                  NORMAL
..................................................................
TEMPERATURE (F)
 YESTERDAY
  MAXIMUM         72    400 PM  99    1936  82    -10       89
  MINIMUM         66    259 AM  44    1977  61      5       67
  AVERAGE         69                        71     -2       78

PRECIPITATION (IN)
  YESTERDAY        0.30          4.05 2007   0.14   0.16     1.08
  MONTH TO DATE    1.08                      2.59  -1.51     1.76
  SINCE JUN 1      8.40                     11.19  -2.79    13.46
  SINCE JAN 1     20.99                     22.26  -1.27    26.62

SNOWFALL (IN)
  YESTERDAY        0.0           0.0  2002   0.0    0.0      0.0
                                      2001
  MONTH TO DATE    0.0                       0.0    0.0      0.0
  SINCE JUL 1      0.0                       0.0    0.0      0.0
  SNOW DEPTH       0

DEGREE DAYS
 HEATING
  YESTERDAY        0                         0      0        0
  MONTH TO DATE    0                         0      0        0
  SINCE JUL 1      3                         5     -2        3

 COOLING
  YESTERDAY        4                         7     -3       13
  MONTH TO DATE  179                       137     42      138
  SINCE JAN 1    661                       624     37      617
..................................................................


WIND (MPH)
  HIGHEST WIND SPEED    16   HIGHEST WIND DIRECTION    SE (130)
  HIGHEST GUST SPEED    23   HIGHEST GUST DIRECTION    SE (140)
  AVERAGE WIND SPEED     5.8


SKY COVER
  POSSIBLE SUNSHINE  MM
  AVERAGE SKY COVER 1.0


WEATHER CONDITIONS
 THE FOLLOWING WEATHER WAS RECORDED YESTERDAY.
  HEAVY RAIN
  RAIN
  LIGHT RAIN
  FOG


RELATIVE HUMIDITY (PERCENT)
 HIGHEST    97           700 PM
 LOWEST     81          1200 AM
 AVERAGE    89

..........................................................


THE LA CROSSE WI CLIMATE NORMALS FOR TODAY
                         NORMAL    RECORD    YEAR
 MAXIMUM TEMPERATURE (F)   81        97      1916
 MINIMUM TEMPERATURE (F)   61        46      2004


SUNRISE AND SUNSET
AUGUST 19 2015........SUNRISE   613 AM CDT   SUNSET   803 PM CDT
AUGUST 20 2015........SUNRISE   615 AM CDT   SUNSET   801 PM CDT


-  INDICATES NEGATIVE NUMBERS.
R  INDICATES RECORD WAS SET OR TIED.
MM INDICATES DATA IS MISSING.
T  INDICATES TRACE AMOUNT.




$$
