000
CDUS43 KARX 120659
CLILSE


CLIMATE REPORT
NATIONAL WEATHER SERVICE LA CROSSE WI
159 AM CDT TUE APR 12 2016


...................................

...THE LA CROSSE WI CLIMATE SUMMARY FOR APRIL 11 2016...

CLIMATE NORMAL PERIOD 1981 TO 2010
CLIMATE RECORD PERIOD 1873 TO 2016


WEATHER ITEM   OBSERVED TIME   RECORD YEAR NORMAL DEPARTURE LAST
                VALUE   (LST)  VALUE       VALUE  FROM      YEAR
                                                  NORMAL
..................................................................
TEMPERATURE (F)
 YESTERDAY
  MAXIMUM         46    339 PM  85    1977  57    -11       67
  MINIMUM         31   1130 PM  20    1940  36     -5       35
  AVERAGE         39                        47     -8       51

PRECIPITATION (IN)
  YESTERDAY        0.00          1.49 1922   0.11  -0.11     0.00
  MONTH TO DATE    0.18                      1.08  -0.90     3.21
  SINCE MAR 1      3.79                      3.12   0.67     4.02
  SINCE JAN 1      5.44                      5.29   0.15     5.23

SNOWFALL (IN)
  YESTERDAY        0.0           3.0  2007   0.1   -0.1      0.0
  MONTH TO DATE    0.6                       0.9   -0.3      0.4
  SINCE JUL 1     40.3                      42.5   -2.2     38.7
  SNOW DEPTH       0

DEGREE DAYS
 HEATING
  YESTERDAY       26                        18      8       14
  MONTH TO DATE  280                       228     52      192
  SINCE JUL 1   5579                      6681  -1102     6684

 COOLING
  YESTERDAY        0                         0      0        0
  MONTH TO DATE    0                         0      0        0
  SINCE JAN 1      0                         0      0        0
..................................................................


WIND (MPH)
  HIGHEST WIND SPEED    28   HIGHEST WIND DIRECTION    NW (310)
  HIGHEST GUST SPEED    36   HIGHEST GUST DIRECTION    NW (310)
  AVERAGE WIND SPEED    16.0


SKY COVER
  POSSIBLE SUNSHINE  MM
  AVERAGE SKY COVER 0.3


WEATHER CONDITIONS
 THE FOLLOWING WEATHER WAS RECORDED YESTERDAY.
  NO SIGNIFICANT WEATHER WAS OBSERVED.


RELATIVE HUMIDITY (PERCENT)
 HIGHEST    56           600 AM
 LOWEST     33           200 PM
 AVERAGE    45

..........................................................


THE LA CROSSE WI CLIMATE NORMALS FOR TODAY
                         NORMAL    RECORD    YEAR
 MAXIMUM TEMPERATURE (F)   58        81      1931
 MINIMUM TEMPERATURE (F)   37        19      1957
                                             1939


SUNRISE AND SUNSET
APRIL 12 2016.........SUNRISE   626 AM CDT   SUNSET   746 PM CDT
APRIL 13 2016.........SUNRISE   624 AM CDT   SUNSET   747 PM CDT


-  INDICATES NEGATIVE NUMBERS.
R  INDICATES RECORD WAS SET OR TIED.
MM INDICATES DATA IS MISSING.
T  INDICATES TRACE AMOUNT.




$$
