000
CDUS43 KARX 140725
CLILSE


CLIMATE REPORT
NATIONAL WEATHER SERVICE LA CROSSE WI
225 AM CDT MON APR 14 2014


...................................

...THE LA CROSSE WI CLIMATE SUMMARY FOR APRIL 13 2014...

CLIMATE NORMAL PERIOD 1981 TO 2010
CLIMATE RECORD PERIOD 1873 TO 2014


WEATHER ITEM   OBSERVED TIME   RECORD YEAR NORMAL DEPARTURE LAST
                VALUE   (LST)  VALUE       VALUE  FROM      YEAR
                                                  NORMAL
..................................................................
TEMPERATURE (F)
 YESTERDAY
  MAXIMUM         47    231 PM  80    1941  58    -11       39
  MINIMUM         34   1159 PM  23    1973  37     -3       27
                                      1950
                                      1920
  AVERAGE         41                        48     -7       33

PRECIPITATION (IN)
  YESTERDAY        1.22R         1.05 1912   0.11   1.11      T
  MONTH TO DATE    3.56                      1.31   2.25     2.76
  SINCE MAR 1      4.87                      3.35   1.52     4.88
  SINCE JAN 1      7.23                      5.52   1.71     7.28

SNOWFALL (IN)
  YESTERDAY        T             7.3  1952   0.0    0.0       T
  MONTH TO DATE    0.6                       1.0   -0.4      2.5
  SINCE JUL 1     47.2                      42.6    4.6     58.1
  SNOW DEPTH       0

DEGREE DAYS
 HEATING
  YESTERDAY       24                        18      6       32
  MONTH TO DATE  269                       264      5      352
  SINCE JUL 1   7614                      6717    897     6876

 COOLING
  YESTERDAY        0                         0      0        0
  MONTH TO DATE    0                         0      0        0
  SINCE JAN 1      0                         0      0        0
..................................................................


WIND (MPH)
  HIGHEST WIND SPEED    23   HIGHEST WIND DIRECTION     N (350)
  HIGHEST GUST SPEED    31   HIGHEST GUST DIRECTION     N (360)
  AVERAGE WIND SPEED    10.6


SKY COVER
  POSSIBLE SUNSHINE  MM
  AVERAGE SKY COVER 1.0


WEATHER CONDITIONS
 THE FOLLOWING WEATHER WAS RECORDED YESTERDAY.
  RAIN
  LIGHT RAIN
  LIGHT SNOW
  FOG
  HAZE


RELATIVE HUMIDITY (PERCENT)
 HIGHEST    93           200 PM
 LOWEST     82          1000 AM
 AVERAGE    88

..........................................................


THE LA CROSSE WI CLIMATE NORMALS FOR TODAY
                         NORMAL    RECORD    YEAR
 MAXIMUM TEMPERATURE (F)   59        90      2003
 MINIMUM TEMPERATURE (F)   37        20      1928


SUNRISE AND SUNSET
APRIL 14 2014.........SUNRISE   624 AM CDT   SUNSET   748 PM CDT
APRIL 15 2014.........SUNRISE   622 AM CDT   SUNSET   749 PM CDT


-  INDICATES NEGATIVE NUMBERS.
R  INDICATES RECORD WAS SET OR TIED.
MM INDICATES DATA IS MISSING.
T  INDICATES TRACE AMOUNT.




$$
