000
CDUS43 KARX 310658
CLILSE


CLIMATE REPORT
NATIONAL WEATHER SERVICE LA CROSSE WI
157 AM CDT FRI OCT 31 2014


...................................

...THE LA CROSSE WI CLIMATE SUMMARY FOR OCTOBER 30 2014...

CLIMATE NORMAL PERIOD 1981 TO 2010
CLIMATE RECORD PERIOD 1873 TO 2014


WEATHER ITEM   OBSERVED TIME   RECORD YEAR NORMAL DEPARTURE LAST
                VALUE   (LST)  VALUE       VALUE  FROM      YEAR
                                                  NORMAL
..................................................................
TEMPERATURE (F)
 YESTERDAY
  MAXIMUM         49    724 PM  80    1924  53     -4       58
  MINIMUM         36    337 AM   7    1925  36      0       46
  AVERAGE         43                        45     -2       52

PRECIPITATION (IN)
  YESTERDAY        T             1.81 1919   0.06  -0.06     0.01
  MONTH TO DATE    3.53                      2.11   1.42     3.73
  SINCE SEP 1      6.15                      5.67   0.48     5.34
  SINCE JAN 1     35.63                     29.63   6.00    32.49

SNOWFALL (IN)
  YESTERDAY        0.0           0.5  1939   0.0    0.0      0.0
  MONTH TO DATE    0.0                       0.2   -0.2       T
  SINCE JUL 1      0.0                       0.2   -0.2       T
  SNOW DEPTH       0

DEGREE DAYS
 HEATING
  YESTERDAY       22                        20      2       13
  MONTH TO DATE  410                       448    -38      418
  SINCE JUL 1    532                       608    -76      498

 COOLING
  YESTERDAY        0                         0      0        0
  MONTH TO DATE    0                         7     -7        1
  SINCE JAN 1    822                       781     41      917
..................................................................


WIND (MPH)
  HIGHEST WIND SPEED    29   HIGHEST WIND DIRECTION    NW (330)
  HIGHEST GUST SPEED    39   HIGHEST GUST DIRECTION    NW (330)
  AVERAGE WIND SPEED     7.6


SKY COVER
  POSSIBLE SUNSHINE  MM
  AVERAGE SKY COVER 0.8


WEATHER CONDITIONS
 THE FOLLOWING WEATHER WAS RECORDED YESTERDAY.
  LIGHT RAIN


RELATIVE HUMIDITY (PERCENT)
 HIGHEST    92           600 AM
 LOWEST     53           900 PM
 AVERAGE    73

..........................................................


THE LA CROSSE WI CLIMATE NORMALS FOR TODAY
                         NORMAL    RECORD    YEAR
 MAXIMUM TEMPERATURE (F)   53        79      1950
                                             1933
 MINIMUM TEMPERATURE (F)   36        18      1917
                                             1873


SUNRISE AND SUNSET
OCTOBER 31 2014.......SUNRISE   740 AM CDT   SUNSET   557 PM CDT
NOVEMBER  1 2014......SUNRISE   741 AM CDT   SUNSET   555 PM CDT


-  INDICATES NEGATIVE NUMBERS.
R  INDICATES RECORD WAS SET OR TIED.
MM INDICATES DATA IS MISSING.
T  INDICATES TRACE AMOUNT.




$$
