000
CDUS43 KARX 032127
CLILSE


CLIMATE REPORT
NATIONAL WEATHER SERVICE LA CROSSE WI
426 PM CDT SAT JUN 3 2017


...................................

...THE LA CROSSE WI CLIMATE SUMMARY FOR JUNE 3 2017...
VALID TODAY AS OF 0400 PM LOCAL TIME.

CLIMATE NORMAL PERIOD 1981 TO 2010
CLIMATE RECORD PERIOD 1873 TO 2017


WEATHER ITEM   OBSERVED TIME   RECORD YEAR NORMAL DEPARTURE LAST
                VALUE   (LST)  VALUE       VALUE  FROM      YEAR
                                                  NORMAL
..................................................................
TEMPERATURE (F)
 TODAY
  MAXIMUM         96R   259 PM  93    2011  76     20       87
  MINIMUM         72    640 AM  38    1945  54     18       56
  AVERAGE         84                        65     19       72

PRECIPITATION (IN)
  TODAY            0.00          1.74 1873   0.14  -0.14     0.26
  MONTH TO DATE    0.00                      0.40  -0.40     0.26
  SINCE JUN 1      0.00                      0.40  -0.40     0.26
  SINCE JAN 1     17.69                     11.47   6.22    10.74

SNOWFALL (IN)
  TODAY            0.0           0.0  2002   0.0    0.0      0.0
                                      2001
  MONTH TO DATE    0.0                       0.0    0.0      0.0
  SINCE JUL 1     42.2                      43.3   -1.1     40.3
  SNOW DEPTH       0

DEGREE DAYS
 HEATING
  TODAY            0                         3     -3        0
  MONTH TO DATE    2                         9     -7        0
  SINCE JUL 1   5768                      7166  -1398     5949

 COOLING
  TODAY           19                         3     16        7
  MONTH TO DATE   25                         9     16       11
  SINCE JAN 1     62                        57      5       97
..................................................................


WIND (MPH)
  HIGHEST WIND SPEED    20   HIGHEST WIND DIRECTION    SW (220)
  HIGHEST GUST SPEED    26   HIGHEST GUST DIRECTION     S (200)
  AVERAGE WIND SPEED    10.0


SKY COVER
  POSSIBLE SUNSHINE  MM
  AVERAGE SKY COVER 0.3


WEATHER CONDITIONS
 THE FOLLOWING WEATHER WAS RECORDED TODAY.
  THUNDERSTORM


RELATIVE HUMIDITY (PERCENT)
 HIGHEST    73           400 AM
 LOWEST     25           300 PM
 AVERAGE    49

..........................................................


THE LA CROSSE WI CLIMATE NORMALS FOR TOMORROW
                         NORMAL    RECORD    YEAR
 MAXIMUM TEMPERATURE (F)   77        94      1934
 MINIMUM TEMPERATURE (F)   55        37      1945


SUNRISE AND SUNSET
JUNE  3 2017..........SUNRISE   525 AM CDT   SUNSET   842 PM CDT
JUNE  4 2017..........SUNRISE   524 AM CDT   SUNSET   843 PM CDT


-  INDICATES NEGATIVE NUMBERS.
R  INDICATES RECORD WAS SET OR TIED.
MM INDICATES DATA IS MISSING.
T  INDICATES TRACE AMOUNT.




$$
