000
CDUS43 KARX 290651
CLILSE


CLIMATE REPORT
NATIONAL WEATHER SERVICE LA CROSSE WI
150 AM CDT MON JUN 29 2015


...................................

...THE LA CROSSE WI CLIMATE SUMMARY FOR JUNE 28 2015...

CLIMATE NORMAL PERIOD 1981 TO 2010
CLIMATE RECORD PERIOD 1873 TO 2015


WEATHER ITEM   OBSERVED TIME   RECORD YEAR NORMAL DEPARTURE LAST
                VALUE   (LST)  VALUE       VALUE  FROM      YEAR
                                                  NORMAL
..................................................................
TEMPERATURE (F)
 YESTERDAY
  MAXIMUM         76    311 PM 100    1931  83     -7       88
  MINIMUM         63    641 AM  45    1968  62      1       69
  AVERAGE         70                        73     -3       79

PRECIPITATION (IN)
  YESTERDAY        0.08          3.76 1942   0.14  -0.06     0.84
  MONTH TO DATE    3.21                      4.04  -0.83     6.42
  SINCE JUN 1      3.21                      4.04  -0.83     6.42
  SINCE JAN 1     15.80                     15.11   0.69    19.58

SNOWFALL (IN)
  YESTERDAY        0.0           0.0  2002   0.0    0.0      0.0
                                      2001
  MONTH TO DATE    0.0                       0.0    0.0      0.0
  SINCE JUL 1     38.8                      43.3   -4.5     48.9
  SNOW DEPTH       0

DEGREE DAYS
 HEATING
  YESTERDAY        0                         0      0        0
  MONTH TO DATE   12                        38    -26        1
  SINCE JUL 1   7066                      7195   -129     8136

 COOLING
  YESTERDAY        5                         8     -3       14
  MONTH TO DATE  156                       150      6      201
  SINCE JAN 1    221                       198     23      260
..................................................................


WIND (MPH)
  HIGHEST WIND SPEED    17   HIGHEST WIND DIRECTION     S (190)
  HIGHEST GUST SPEED    27   HIGHEST GUST DIRECTION     S (160)
  AVERAGE WIND SPEED     5.4


SKY COVER
  POSSIBLE SUNSHINE  MM
  AVERAGE SKY COVER 0.7


WEATHER CONDITIONS
 THE FOLLOWING WEATHER WAS RECORDED YESTERDAY.
  LIGHT RAIN
  FOG


RELATIVE HUMIDITY (PERCENT)
 HIGHEST   100          1100 PM
 LOWEST     60           300 PM
 AVERAGE    80

..........................................................


THE LA CROSSE WI CLIMATE NORMALS FOR TODAY
                         NORMAL    RECORD    YEAR
 MAXIMUM TEMPERATURE (F)   84       101      1931
 MINIMUM TEMPERATURE (F)   62        45      1925


SUNRISE AND SUNSET
JUNE 29 2015..........SUNRISE   525 AM CDT   SUNSET   851 PM CDT
JUNE 30 2015..........SUNRISE   526 AM CDT   SUNSET   851 PM CDT


-  INDICATES NEGATIVE NUMBERS.
R  INDICATES RECORD WAS SET OR TIED.
MM INDICATES DATA IS MISSING.
T  INDICATES TRACE AMOUNT.




$$
