372
CDUS43 KARX 130637
CLILSE


CLIMATE REPORT
NATIONAL WEATHER SERVICE LA CROSSE WI
1237 AM CST SAT FEB 13 2016


...................................

...THE LA CROSSE WI CLIMATE SUMMARY FOR FEBRUARY 12 2016...

CLIMATE NORMAL PERIOD 1981 TO 2010
CLIMATE RECORD PERIOD 1873 TO 2016


WEATHER ITEM   OBSERVED TIME   RECORD YEAR NORMAL DEPARTURE LAST
                VALUE   (LST)  VALUE       VALUE  FROM      YEAR
                                                  NORMAL
..................................................................
TEMPERATURE (F)
 YESTERDAY
  MAXIMUM         16   1231 PM  65    1882  30    -14       13
  MINIMUM         -1   1157 PM -27    1875  13    -14       -3
  AVERAGE          8                        21    -13        5

PRECIPITATION (IN)
  YESTERDAY        T             0.32 1984   0.03  -0.03      T
  MONTH TO DATE    0.69                      0.41   0.28     0.45
  SINCE DEC 1      6.49                      2.89   3.60     2.22
  SINCE JAN 1      1.56                      1.53   0.03     1.12

SNOWFALL (IN)
  YESTERDAY        0.2           3.1  1923   0.3   -0.1       T
  MONTH TO DATE   10.0                       3.8    6.2      7.7
  SINCE JUL 1     26.6                      30.1   -3.5     26.9
  SNOW DEPTH       6

DEGREE DAYS
 HEATING
  YESTERDAY       57                        44     13       60
  MONTH TO DATE  561                       542     19      585
  SINCE JUL 1   4000                      4861   -861     4692

 COOLING
  YESTERDAY        0                         0      0        0
  MONTH TO DATE    0                         0      0        0
  SINCE JAN 1      0                         0      0        0
..................................................................


WIND (MPH)
  HIGHEST WIND SPEED    29   HIGHEST WIND DIRECTION    NW (320)
  HIGHEST GUST SPEED    34   HIGHEST GUST DIRECTION    NW (330)
  AVERAGE WIND SPEED    13.9


SKY COVER
  POSSIBLE SUNSHINE  MM
  AVERAGE SKY COVER 0.4


WEATHER CONDITIONS
 THE FOLLOWING WEATHER WAS RECORDED YESTERDAY.
  LIGHT SNOW


RELATIVE HUMIDITY (PERCENT)
 HIGHEST    80           700 AM
 LOWEST     45           600 PM
 AVERAGE    63

..........................................................


THE LA CROSSE WI CLIMATE NORMALS FOR TODAY
                         NORMAL    RECORD    YEAR
 MAXIMUM TEMPERATURE (F)   31        53      1921
 MINIMUM TEMPERATURE (F)   13       -21      1965
                                             1905


SUNRISE AND SUNSET
FEBRUARY 13 2016......SUNRISE   707 AM CST   SUNSET   532 PM CST
FEBRUARY 14 2016......SUNRISE   706 AM CST   SUNSET   533 PM CST


-  INDICATES NEGATIVE NUMBERS.
R  INDICATES RECORD WAS SET OR TIED.
MM INDICATES DATA IS MISSING.
T  INDICATES TRACE AMOUNT.




$$
