000
CDUS43 KARX 210643
CLILSE


CLIMATE REPORT
NATIONAL WEATHER SERVICE LA CROSSE WI
142 AM CDT THU SEP 21 2017


...................................

...THE LA CROSSE WI CLIMATE SUMMARY FOR SEPTEMBER 20 2017...

CLIMATE NORMAL PERIOD 1981 TO 2010
CLIMATE RECORD PERIOD 1873 TO 2017


WEATHER ITEM   OBSERVED TIME   RECORD YEAR NORMAL DEPARTURE LAST
                VALUE   (LST)  VALUE       VALUE  FROM      YEAR
                                                  NORMAL
..................................................................
TEMPERATURE (F)
 YESTERDAY
  MAXIMUM         87        MM  93    1908  72     15       84
  MINIMUM         62    800 PM  32    1991  50     12       59
  AVERAGE         75                        61     14       72

PRECIPITATION (IN)
  YESTERDAY        0.00          2.05 1980   0.12  -0.12      T
  MONTH TO DATE    0.37                      2.45  -2.08     5.62
  SINCE SEP 1      0.37                      2.45  -2.08     5.62
  SINCE JAN 1     32.13                     26.41   5.72    34.34

SNOWFALL (IN)
  YESTERDAY        0.0           0.0  2002   0.0    0.0      0.0
                                      2001
  MONTH TO DATE    0.0                       0.0    0.0      0.0
  SINCE JUL 1      0.0                       0.0    0.0      0.0
  SNOW DEPTH       0

DEGREE DAYS
 HEATING
  YESTERDAY        0                         6     -6        0
  MONTH TO DATE   27                        63    -36        1
  SINCE JUL 1     27                        83    -56        1

 COOLING
  YESTERDAY       10                         2      8        7
  MONTH TO DATE   97                        64     33       88
  SINCE JAN 1    912                       764    148      997
..................................................................


WIND (MPH)
  HIGHEST WIND SPEED    20   HIGHEST WIND DIRECTION     S (180)
  HIGHEST GUST SPEED    29   HIGHEST GUST DIRECTION    SE (150)
  AVERAGE WIND SPEED    10.8


SKY COVER
  POSSIBLE SUNSHINE  MM
  AVERAGE SKY COVER 0.5


WEATHER CONDITIONS
 THE FOLLOWING WEATHER WAS RECORDED YESTERDAY.
  NO SIGNIFICANT WEATHER WAS OBSERVED.


RELATIVE HUMIDITY (PERCENT)
 HIGHEST    79          1200 AM
 LOWEST     61          1100 AM
 AVERAGE    70

..........................................................


THE LA CROSSE WI CLIMATE NORMALS FOR TODAY
                         NORMAL    RECORD    YEAR
 MAXIMUM TEMPERATURE (F)   71        93      1891
 MINIMUM TEMPERATURE (F)   50        32      1918


SUNRISE AND SUNSET
SEPTEMBER 21 2017.....SUNRISE   651 AM CDT   SUNSET   704 PM CDT
SEPTEMBER 22 2017.....SUNRISE   653 AM CDT   SUNSET   702 PM CDT


-  INDICATES NEGATIVE NUMBERS.
R  INDICATES RECORD WAS SET OR TIED.
MM INDICATES DATA IS MISSING.
T  INDICATES TRACE AMOUNT.




$$
