000
CDUS43 KARX 232239
CLILSE


CLIMATE REPORT
NATIONAL WEATHER SERVICE LA CROSSE WI
439 PM CST THU NOV 23 2017


...................................

...THE LA CROSSE WI CLIMATE SUMMARY FOR NOVEMBER 23 2017...
VALID TODAY AS OF 0430 PM LOCAL TIME.

CLIMATE NORMAL PERIOD 1981 TO 2010
CLIMATE RECORD PERIOD 1873 TO 2017


WEATHER ITEM   OBSERVED TIME   RECORD YEAR NORMAL DEPARTURE LAST
                VALUE   (LST)  VALUE       VALUE  FROM      YEAR
                                                  NORMAL
..................................................................
TEMPERATURE (F)
 TODAY
  MAXIMUM         46    253 PM  61    1931  39      7       40
  MINIMUM         25    658 AM  -2    1950  24      1       38
                                      1898
  AVERAGE         36                        32      4       39

PRECIPITATION (IN)
  TODAY            0.00          1.42 1999   0.06  -0.06     0.15
  MONTH TO DATE    0.34                      1.55  -1.21     0.33
  SINCE SEP 1      7.30                      7.28   0.02    13.02
  SINCE JAN 1     39.06                     31.24   7.82    41.74

SNOWFALL (IN)
  TODAY            0.0          13.0  1991   0.2   -0.2      0.0
  MONTH TO DATE    T                         2.4   -2.4       T
  SINCE JUL 1      T                         2.6   -2.6       T
  SNOW DEPTH       0

DEGREE DAYS
 HEATING
  TODAY           29                        33     -4       26
  MONTH TO DATE  685                       623     62      389
  SINCE JUL 1   1077                      1251   -174      692

 COOLING
  TODAY            0                         0      0        0
  MONTH TO DATE    0                         0      0        0
  SINCE JAN 1   1001                       782    219     1033
..................................................................


WIND (MPH)
  HIGHEST WIND SPEED    14   HIGHEST WIND DIRECTION     S (170)
  HIGHEST GUST SPEED    18   HIGHEST GUST DIRECTION     S (170)
  AVERAGE WIND SPEED     5.4


SKY COVER
  POSSIBLE SUNSHINE  MM
  AVERAGE SKY COVER 0.1


WEATHER CONDITIONS
 THE FOLLOWING WEATHER WAS RECORDED TODAY.
  NO SIGNIFICANT WEATHER WAS OBSERVED.


RELATIVE HUMIDITY (PERCENT)
 HIGHEST    75           700 AM
 LOWEST     37           300 PM
 AVERAGE    56

..........................................................


THE LA CROSSE WI CLIMATE NORMALS FOR TOMORROW
                         NORMAL    RECORD    YEAR
 MAXIMUM TEMPERATURE (F)   39        62      1931
 MINIMUM TEMPERATURE (F)   24        -6      1898


SUNRISE AND SUNSET
NOVEMBER 23 2017......SUNRISE   710 AM CST   SUNSET   432 PM CST
NOVEMBER 24 2017......SUNRISE   711 AM CST   SUNSET   432 PM CST


-  INDICATES NEGATIVE NUMBERS.
R  INDICATES RECORD WAS SET OR TIED.
MM INDICATES DATA IS MISSING.
T  INDICATES TRACE AMOUNT.




$$
