241
CDUS43 KARX 230658
CLILSE


CLIMATE REPORT
NATIONAL WEATHER SERVICE LA CROSSE WI
157 AM CDT SAT SEP 23 2017


...................................

...THE LA CROSSE WI CLIMATE SUMMARY FOR SEPTEMBER 22 2017...

CLIMATE NORMAL PERIOD 1981 TO 2010
CLIMATE RECORD PERIOD 1873 TO 2017


WEATHER ITEM   OBSERVED TIME   RECORD YEAR NORMAL DEPARTURE LAST
                VALUE   (LST)  VALUE       VALUE  FROM      YEAR
                                                  NORMAL
..................................................................
TEMPERATURE (F)
 YESTERDAY
  MAXIMUM         95R   325 PM  94    1895  71     24       79
  MINIMUM         72    347 AM  32    1974  50     22       66
  AVERAGE         84                        60     24       73

PRECIPITATION (IN)
  YESTERDAY        0.00          1.70 1959   0.12  -0.12     1.53
  MONTH TO DATE    0.37                      2.70  -2.33    10.32
  SINCE SEP 1      0.37                      2.70  -2.33    10.32
  SINCE JAN 1     32.13                     26.66   5.47    39.04

SNOWFALL (IN)
  YESTERDAY        0.0           0.0  2002   0.0    0.0      0.0
                                      2001
  MONTH TO DATE    0.0                       0.0    0.0      0.0
  SINCE JUL 1      0.0                       0.0    0.0      0.0
  SNOW DEPTH       0

DEGREE DAYS
 HEATING
  YESTERDAY        0                         6     -6        0
  MONTH TO DATE   27                        75    -48        1
  SINCE JUL 1     27                        95    -68        1

 COOLING
  YESTERDAY       19                         1     18        8
  MONTH TO DATE  124                        66     58      102
  SINCE JAN 1    939                       766    173     1011
..................................................................


WIND (MPH)
  HIGHEST WIND SPEED    28   HIGHEST WIND DIRECTION     S (180)
  HIGHEST GUST SPEED    34   HIGHEST GUST DIRECTION     S (180)
  AVERAGE WIND SPEED    12.9


SKY COVER
  POSSIBLE SUNSHINE  MM
  AVERAGE SKY COVER 0.0


WEATHER CONDITIONS
 THE FOLLOWING WEATHER WAS RECORDED YESTERDAY.
  NO SIGNIFICANT WEATHER WAS OBSERVED.


RELATIVE HUMIDITY (PERCENT)
 HIGHEST    87           400 AM
 LOWEST     41           400 PM
 AVERAGE    64

..........................................................


THE LA CROSSE WI CLIMATE NORMALS FOR TODAY
                         NORMAL    RECORD    YEAR
 MAXIMUM TEMPERATURE (F)   70        91      1891
 MINIMUM TEMPERATURE (F)   49        31      2012
                                             1974


SUNRISE AND SUNSET
SEPTEMBER 23 2017.....SUNRISE   654 AM CDT   SUNSET   700 PM CDT
SEPTEMBER 24 2017.....SUNRISE   655 AM CDT   SUNSET   658 PM CDT


-  INDICATES NEGATIVE NUMBERS.
R  INDICATES RECORD WAS SET OR TIED.
MM INDICATES DATA IS MISSING.
T  INDICATES TRACE AMOUNT.




$$
