000
CDUS43 KARX 280636
CLILSE


CLIMATE REPORT
NATIONAL WEATHER SERVICE LA CROSSE WI
136 AM CDT SUN SEP 28 2014


...................................

...THE LA CROSSE WI CLIMATE SUMMARY FOR SEPTEMBER 27 2014...

CLIMATE NORMAL PERIOD 1981 TO 2010
CLIMATE RECORD PERIOD 1873 TO 2014


WEATHER ITEM   OBSERVED TIME   RECORD YEAR NORMAL DEPARTURE LAST
                VALUE   (LST)  VALUE       VALUE  FROM      YEAR
                                                  NORMAL
..................................................................
TEMPERATURE (F)
 YESTERDAY
  MAXIMUM         84    257 PM  86    1987  68     16       84
  MINIMUM         59    609 AM  30    1889  47     12       60
  AVERAGE         72                        58     14       72

PRECIPITATION (IN)
  YESTERDAY        0.00          0.99 1908   0.11  -0.11     0.00
  MONTH TO DATE    2.61                      3.27  -0.66     1.22
  SINCE SEP 1      2.61                      3.27  -0.66     1.22
  SINCE JAN 1     32.09                     27.23   4.86    28.37

SNOWFALL (IN)
  YESTERDAY        0.0           0.0  2002   0.0    0.0      0.0
                                      2001
  MONTH TO DATE    0.0                       0.0    0.0      0.0
  SINCE JUL 1      0.0                       0.0    0.0       T
  SNOW DEPTH       0

DEGREE DAYS
 HEATING
  YESTERDAY        0                         8     -8        0
  MONTH TO DATE  100                       112    -12       61
  SINCE JUL 1    103                       132    -29       75

 COOLING
  YESTERDAY        7                         1      6        7
  MONTH TO DATE   68                        71     -3      131
  SINCE JAN 1    816                       771     45      916
..................................................................


WIND (MPH)
  HIGHEST WIND SPEED    14   HIGHEST WIND DIRECTION     S (180)
  HIGHEST GUST SPEED    16   HIGHEST GUST DIRECTION     S (180)
  AVERAGE WIND SPEED     5.8


SKY COVER
  POSSIBLE SUNSHINE  MM
  AVERAGE SKY COVER 0.0


WEATHER CONDITIONS
 THE FOLLOWING WEATHER WAS RECORDED YESTERDAY.
  NO SIGNIFICANT WEATHER WAS OBSERVED.


RELATIVE HUMIDITY (PERCENT)
 HIGHEST    87          1000 PM
 LOWEST     43           400 PM
 AVERAGE    65

..........................................................


THE LA CROSSE WI CLIMATE NORMALS FOR TODAY
                         NORMAL    RECORD    YEAR
 MAXIMUM TEMPERATURE (F)   68        89      1904
 MINIMUM TEMPERATURE (F)   47        27      1942


SUNRISE AND SUNSET
SEPTEMBER 28 2014.....SUNRISE   659 AM CDT   SUNSET   651 PM CDT
SEPTEMBER 29 2014.....SUNRISE   700 AM CDT   SUNSET   649 PM CDT


-  INDICATES NEGATIVE NUMBERS.
R  INDICATES RECORD WAS SET OR TIED.
MM INDICATES DATA IS MISSING.
T  INDICATES TRACE AMOUNT.




$$
