000
CDUS43 KARX 180643
CLILSE


CLIMATE REPORT
NATIONAL WEATHER SERVICE LA CROSSE WI
1240 AM CST THU DEC 18 2014


...................................

...THE LA CROSSE WI CLIMATE SUMMARY FOR DECEMBER 17 2014...

CLIMATE NORMAL PERIOD 1981 TO 2010
CLIMATE RECORD PERIOD 1873 TO 2014


WEATHER ITEM   OBSERVED TIME   RECORD YEAR NORMAL DEPARTURE LAST
                VALUE   (LST)  VALUE       VALUE  FROM      YEAR
                                                  NORMAL
..................................................................
TEMPERATURE (F)
 YESTERDAY
  MAXIMUM         25    143 PM  52    1895  28     -3       33
  MINIMUM         17   1143 PM -18    1983  13      4       13
  AVERAGE         21                        21      0       23

PRECIPITATION (IN)
  YESTERDAY        T             0.74 1990   0.04  -0.04      T
  MONTH TO DATE    0.49                      0.84  -0.35     0.86
  SINCE DEC 1      0.49                      0.84  -0.35     0.86
  SINCE JAN 1     37.08                     32.54   4.54    35.23

SNOWFALL (IN)
  YESTERDAY        T             7.1  1990   0.4   -0.4       T
  MONTH TO DATE    0.1                       6.7   -6.6      4.6
  SINCE JUL 1      7.9                      11.0   -3.1      5.6
  SNOW DEPTH       0

DEGREE DAYS
 HEATING
  YESTERDAY       44                        44      0       42
  MONTH TO DATE  595                       702   -107      826
  SINCE JUL 1   2195                      2202     -7     2230

 COOLING
  YESTERDAY        0                         0      0        0
  MONTH TO DATE    0                         0      0        0
  SINCE JAN 1    822                       782     40      917
..................................................................


WIND (MPH)
  HIGHEST WIND SPEED    18   HIGHEST WIND DIRECTION    NW (310)
  HIGHEST GUST SPEED    22   HIGHEST GUST DIRECTION    NW (310)
  AVERAGE WIND SPEED     9.5


SKY COVER
  POSSIBLE SUNSHINE  MM
  AVERAGE SKY COVER 0.8


WEATHER CONDITIONS
 THE FOLLOWING WEATHER WAS RECORDED YESTERDAY.
  LIGHT SNOW


RELATIVE HUMIDITY (PERCENT)
 HIGHEST    80          1100 PM
 LOWEST     60           100 PM
 AVERAGE    70

..........................................................


THE LA CROSSE WI CLIMATE NORMALS FOR TODAY
                         NORMAL    RECORD    YEAR
 MAXIMUM TEMPERATURE (F)   28        54      1923
 MINIMUM TEMPERATURE (F)   13       -26      1983


SUNRISE AND SUNSET
DECEMBER 18 2014......SUNRISE   734 AM CST   SUNSET   429 PM CST
DECEMBER 19 2014......SUNRISE   735 AM CST   SUNSET   429 PM CST


-  INDICATES NEGATIVE NUMBERS.
R  INDICATES RECORD WAS SET OR TIED.
MM INDICATES DATA IS MISSING.
T  INDICATES TRACE AMOUNT.




$$
