000
CDUS43 KARX 252134
CLILSE


CLIMATE REPORT
NATIONAL WEATHER SERVICE LA CROSSE WI
434 PM CDT MON MAY 25 2015


...................................

...THE LA CROSSE WI CLIMATE SUMMARY FOR MAY 25 2015...
VALID TODAY AS OF 0400 PM LOCAL TIME.

CLIMATE NORMAL PERIOD 1981 TO 2010
CLIMATE RECORD PERIOD 1873 TO 2015


WEATHER ITEM   OBSERVED TIME   RECORD YEAR NORMAL DEPARTURE LAST
                VALUE   (LST)  VALUE       VALUE  FROM      YEAR
                                                  NORMAL
..................................................................
TEMPERATURE (F)
 TODAY
  MAXIMUM         81    234 PM  91    1980  73      8       86
                                      1911
  MINIMUM         60   1227 AM  34    1979  51      9       50
                                      1925
  AVERAGE         71                        62      9       68

PRECIPITATION (IN)
  TODAY            T             1.59 1879   0.12  -0.12     0.00
  MONTH TO DATE    2.65                      2.80  -0.15     1.77
  SINCE MAR 1      7.62                      8.18  -0.56    10.11
  SINCE JAN 1      8.83                     10.35  -1.52    12.47

SNOWFALL (IN)
  TODAY            0.0           0.0  2002   0.0    0.0      0.0
                                      2001
  MONTH TO DATE    0.0                       0.1   -0.1      0.0
  SINCE JUL 1     38.8                      43.4   -4.6     48.9
  SNOW DEPTH       0

DEGREE DAYS
 HEATING
  TODAY            0                         4     -4        0
  MONTH TO DATE  132                       181    -49      195
  SINCE JUL 1   7039                      7133    -94     8135

 COOLING
  TODAY            6                         2      4        3
  MONTH TO DATE   41                        28     13        8
  SINCE JAN 1     42                        35      7        8
..................................................................


WIND (MPH)
  HIGHEST WIND SPEED    23   HIGHEST WIND DIRECTION    SW (230)
  HIGHEST GUST SPEED    31   HIGHEST GUST DIRECTION    SW (210)
  AVERAGE WIND SPEED     8.3


SKY COVER
  POSSIBLE SUNSHINE  MM
  AVERAGE SKY COVER 0.9


WEATHER CONDITIONS
 THE FOLLOWING WEATHER WAS RECORDED TODAY.
  THUNDERSTORM
  LIGHT RAIN
  FOG
  HAZE


RELATIVE HUMIDITY (PERCENT)
 HIGHEST    93           300 AM
 LOWEST     51           200 PM
 AVERAGE    72

..........................................................


THE LA CROSSE WI CLIMATE NORMALS FOR TOMORROW
                         NORMAL    RECORD    YEAR
 MAXIMUM TEMPERATURE (F)   74        94      1967
 MINIMUM TEMPERATURE (F)   52        34      1925


SUNRISE AND SUNSET
MAY 25 2015...........SUNRISE   530 AM CDT   SUNSET   834 PM CDT
MAY 26 2015...........SUNRISE   530 AM CDT   SUNSET   835 PM CDT


-  INDICATES NEGATIVE NUMBERS.
R  INDICATES RECORD WAS SET OR TIED.
MM INDICATES DATA IS MISSING.
T  INDICATES TRACE AMOUNT.




$$
