000
CDUS43 KARX 160645
CLILSE


CLIMATE REPORT
NATIONAL WEATHER SERVICE LA CROSSE WI
144 AM CDT TUE SEP 16 2014


...................................

...THE LA CROSSE WI CLIMATE SUMMARY FOR SEPTEMBER 15 2014...

CLIMATE NORMAL PERIOD 1981 TO 2010
CLIMATE RECORD PERIOD 1873 TO 2014


WEATHER ITEM   OBSERVED TIME   RECORD YEAR NORMAL DEPARTURE LAST
                VALUE   (LST)  VALUE       VALUE  FROM      YEAR
                                                  NORMAL
..................................................................
TEMPERATURE (F)
 YESTERDAY
  MAXIMUM         64    334 PM  96    1939  74    -10       70
  MINIMUM         45   1159 PM  34    2007  53     -8       56
                                      1916
  AVERAGE         55                        63     -8       63

PRECIPITATION (IN)
  YESTERDAY        0.44          2.53 1936   0.12   0.32     0.52
  MONTH TO DATE    1.96                      1.85   0.11     0.81
  SINCE SEP 1      1.96                      1.85   0.11     0.81
  SINCE JAN 1     31.44                     25.81   5.63    27.96

SNOWFALL (IN)
  YESTERDAY        0.0           0.0  2002   0.0    0.0      0.0
                                      2001
  MONTH TO DATE    0.0                       0.0    0.0      0.0
  SINCE JUL 1      0.0                       0.0    0.0       T
  SNOW DEPTH       0

DEGREE DAYS
 HEATING
  YESTERDAY       10                         4      6        2
  MONTH TO DATE   69                        38     31       19
  SINCE JUL 1     72                        58     14       33

 COOLING
  YESTERDAY        0                         2     -2        0
  MONTH TO DATE   45                        54     -9      103
  SINCE JAN 1    793                       754     39      888
..................................................................


WIND (MPH)
  HIGHEST WIND SPEED    14   HIGHEST WIND DIRECTION    NW (300)
  HIGHEST GUST SPEED    17   HIGHEST GUST DIRECTION    NW (310)
  AVERAGE WIND SPEED     4.8


SKY COVER
  POSSIBLE SUNSHINE  MM
  AVERAGE SKY COVER 0.6


WEATHER CONDITIONS
 THE FOLLOWING WEATHER WAS RECORDED YESTERDAY.
  RAIN
  LIGHT RAIN
  FOG


RELATIVE HUMIDITY (PERCENT)
 HIGHEST    96           800 AM
 LOWEST     56           400 PM
 AVERAGE    76

..........................................................


THE LA CROSSE WI CLIMATE NORMALS FOR TODAY
                         NORMAL    RECORD    YEAR
 MAXIMUM TEMPERATURE (F)   73        94      1931
 MINIMUM TEMPERATURE (F)   52        34      1916


SUNRISE AND SUNSET
SEPTEMBER 16 2014.....SUNRISE   645 AM CDT   SUNSET   713 PM CDT
SEPTEMBER 17 2014.....SUNRISE   646 AM CDT   SUNSET   712 PM CDT


-  INDICATES NEGATIVE NUMBERS.
R  INDICATES RECORD WAS SET OR TIED.
MM INDICATES DATA IS MISSING.
T  INDICATES TRACE AMOUNT.




$$
