000
CDUS43 KARX 110649
CLILSE


CLIMATE REPORT
NATIONAL WEATHER SERVICE LA CROSSE WI
1249 AM CST MON DEC 11 2017


...................................

...THE LA CROSSE WI CLIMATE SUMMARY FOR DECEMBER 10 2017...

CLIMATE NORMAL PERIOD 1981 TO 2010
CLIMATE RECORD PERIOD 1873 TO 2017


WEATHER ITEM   OBSERVED TIME   RECORD YEAR NORMAL DEPARTURE LAST
                VALUE   (LST)  VALUE       VALUE  FROM      YEAR
                                                  NORMAL
..................................................................
TEMPERATURE (F)
 YESTERDAY
  MAXIMUM         30    323 PM  56    1979  31     -1       18
  MINIMUM         19    522 AM -18    1919  16      3        9
  AVERAGE         25                        23      2       14

PRECIPITATION (IN)
  YESTERDAY        T             1.02 1911   0.05  -0.05     0.20
  MONTH TO DATE    0.31                      0.53  -0.22     0.56
  SINCE DEC 1      0.31                      0.53  -0.22     0.56
  SINCE JAN 1     39.38                     32.23   7.15    43.13

SNOWFALL (IN)
  YESTERDAY        T             7.0  1970   0.4   -0.4      4.0
  MONTH TO DATE    1.4                       3.8   -2.4      6.9
  SINCE JUL 1      1.4                       8.1   -6.7      6.9
  SNOW DEPTH       1

DEGREE DAYS
 HEATING
  YESTERDAY       40                        42     -2       51
  MONTH TO DATE  333                       399    -66      359
  SINCE JUL 1   1570                      1899   -329     1218

 COOLING
  YESTERDAY        0                         0      0        0
  MONTH TO DATE    0                         0      0        0
  SINCE JAN 1   1001                       782    219     1033
..................................................................


WIND (MPH)
  HIGHEST WIND SPEED    16   HIGHEST WIND DIRECTION     S (180)
  HIGHEST GUST SPEED    20   HIGHEST GUST DIRECTION     S (180)
  AVERAGE WIND SPEED     6.2


SKY COVER
  POSSIBLE SUNSHINE  MM
  AVERAGE SKY COVER 0.8


WEATHER CONDITIONS
 THE FOLLOWING WEATHER WAS RECORDED YESTERDAY.
  LIGHT SNOW


RELATIVE HUMIDITY (PERCENT)
 HIGHEST    84           600 AM
 LOWEST     69          1000 AM
 AVERAGE    77

..........................................................


THE LA CROSSE WI CLIMATE NORMALS FOR TODAY
                         NORMAL    RECORD    YEAR
 MAXIMUM TEMPERATURE (F)   30        57      1949
 MINIMUM TEMPERATURE (F)   16       -11      1936


SUNRISE AND SUNSET
DECEMBER 11 2017......SUNRISE   729 AM CST   SUNSET   427 PM CST
DECEMBER 12 2017......SUNRISE   730 AM CST   SUNSET   427 PM CST


-  INDICATES NEGATIVE NUMBERS.
R  INDICATES RECORD WAS SET OR TIED.
MM INDICATES DATA IS MISSING.
T  INDICATES TRACE AMOUNT.




$$
