000
CDUS43 KARX 020652
CLILSE


CLIMATE REPORT
NATIONAL WEATHER SERVICE LA CROSSE WI
151 AM CDT SAT AUG 2 2014


...................................

...THE LA CROSSE WI CLIMATE SUMMARY FOR AUGUST 1 2014...

CLIMATE NORMAL PERIOD 1981 TO 2010
CLIMATE RECORD PERIOD 1873 TO 2014


WEATHER ITEM   OBSERVED TIME   RECORD YEAR NORMAL DEPARTURE LAST
                VALUE   (LST)  VALUE       VALUE  FROM      YEAR
                                                  NORMAL
..................................................................
TEMPERATURE (F)
 YESTERDAY
  MAXIMUM         86    349 PM 105    1988  83      3       83
  MINIMUM         63    521 AM  49    1976  63      0       55
                                      1920
  AVERAGE         75                        73      2       69

PRECIPITATION (IN)
  YESTERDAY        0.00          1.75 1940   0.14  -0.14     0.02
  MONTH TO DATE    0.00                      0.14  -0.14     0.02
  SINCE JUN 1     11.70                      8.74   2.96     7.20
  SINCE JAN 1     24.86                     19.81   5.05    26.13

SNOWFALL (IN)
  YESTERDAY        0.0           0.0  2002   0.0    0.0      0.0
                                      2001
  MONTH TO DATE    0.0                       0.0    0.0      0.0
  SINCE JUL 1      0.0                       0.0    0.0       T
  SNOW DEPTH       0

DEGREE DAYS
 HEATING
  YESTERDAY        0                         0      0        0
  MONTH TO DATE    0                         0      0        0
  SINCE JUL 1      3                         5     -2       12

 COOLING
  YESTERDAY       10                         8      2        4
  MONTH TO DATE   10                         8      2        4
  SINCE JAN 1    489                       495     -6      529
..................................................................


WIND (MPH)
  HIGHEST WIND SPEED    12   HIGHEST WIND DIRECTION     E (100)
  HIGHEST GUST SPEED    17   HIGHEST GUST DIRECTION     E (80)
  AVERAGE WIND SPEED     5.4


SKY COVER
  POSSIBLE SUNSHINE  MM
  AVERAGE SKY COVER 0.1


WEATHER CONDITIONS
 THE FOLLOWING WEATHER WAS RECORDED YESTERDAY.
  THUNDERSTORM


RELATIVE HUMIDITY (PERCENT)
 HIGHEST    93           200 AM
 LOWEST     40           300 PM
 AVERAGE    67

..........................................................


THE LA CROSSE WI CLIMATE NORMALS FOR TODAY
                         NORMAL    RECORD    YEAR
 MAXIMUM TEMPERATURE (F)   83       103      1988
 MINIMUM TEMPERATURE (F)   63        46      1927


SUNRISE AND SUNSET
AUGUST  2 2014........SUNRISE   555 AM CDT   SUNSET   827 PM CDT
AUGUST  3 2014........SUNRISE   556 AM CDT   SUNSET   826 PM CDT


-  INDICATES NEGATIVE NUMBERS.
R  INDICATES RECORD WAS SET OR TIED.
MM INDICATES DATA IS MISSING.
T  INDICATES TRACE AMOUNT.




$$
