000
CDUS43 KARX 270704
CLILSE


CLIMATE REPORT
NATIONAL WEATHER SERVICE LA CROSSE WI
204 AM CDT TUE SEP 27 2016


...................................

...THE LA CROSSE WI CLIMATE SUMMARY FOR SEPTEMBER 26 2016...

CLIMATE NORMAL PERIOD 1981 TO 2010
CLIMATE RECORD PERIOD 1873 TO 2016


WEATHER ITEM   OBSERVED TIME   RECORD YEAR NORMAL DEPARTURE LAST
                VALUE   (LST)  VALUE       VALUE  FROM      YEAR
                                                  NORMAL
..................................................................
TEMPERATURE (F)
 YESTERDAY
  MAXIMUM         70    315 PM  90    1998  69      1       80
  MINIMUM         54    619 AM  29    1984  48      6       56
  AVERAGE         62                        58      4       68

PRECIPITATION (IN)
  YESTERDAY        0.00          2.10 1916   0.11  -0.11     0.00
  MONTH TO DATE   10.32                      3.16   7.16     2.57
  SINCE SEP 1     10.32                      3.16   7.16     2.57
  SINCE JAN 1     39.04                     27.12  11.92    25.28

SNOWFALL (IN)
  YESTERDAY        0.0           0.0  2002   0.0    0.0      0.0
                                      2001
  MONTH TO DATE    0.0                       0.0    0.0      0.0
  SINCE JUL 1      0.0                       0.0    0.0      0.0
  SNOW DEPTH       0

DEGREE DAYS
 HEATING
  YESTERDAY        3                         8     -5        0
  MONTH TO DATE    4                       104   -100       26
  SINCE JUL 1      4                       124   -120       40

 COOLING
  YESTERDAY        0                         1     -1        3
  MONTH TO DATE  111                        70     41      174
  SINCE JAN 1   1020                       770    250      865
..................................................................


WIND (MPH)
  HIGHEST WIND SPEED    30   HIGHEST WIND DIRECTION     W (290)
  HIGHEST GUST SPEED    40   HIGHEST GUST DIRECTION     W (270)
  AVERAGE WIND SPEED    15.2


SKY COVER
  POSSIBLE SUNSHINE  MM
  AVERAGE SKY COVER 0.1


WEATHER CONDITIONS
 THE FOLLOWING WEATHER WAS RECORDED YESTERDAY.
  NO SIGNIFICANT WEATHER WAS OBSERVED.


RELATIVE HUMIDITY (PERCENT)
 HIGHEST    72          1200 AM
 LOWEST     28           200 PM
 AVERAGE    50

..........................................................


THE LA CROSSE WI CLIMATE NORMALS FOR TODAY
                         NORMAL    RECORD    YEAR
 MAXIMUM TEMPERATURE (F)   68        86      1987
 MINIMUM TEMPERATURE (F)   47        30      1889


SUNRISE AND SUNSET
SEPTEMBER 27 2016.....SUNRISE   659 AM CDT   SUNSET   652 PM CDT
SEPTEMBER 28 2016.....SUNRISE   700 AM CDT   SUNSET   650 PM CDT


-  INDICATES NEGATIVE NUMBERS.
R  INDICATES RECORD WAS SET OR TIED.
MM INDICATES DATA IS MISSING.
T  INDICATES TRACE AMOUNT.




$$
