000
CDUS43 KARX 270638
CLILSE


CLIMATE REPORT
NATIONAL WEATHER SERVICE LA CROSSE WI
133 AM CDT THU APR 27 2017


...................................

...THE LA CROSSE WI CLIMATE SUMMARY FOR APRIL 26 2017...

CLIMATE NORMAL PERIOD 1981 TO 2010
CLIMATE RECORD PERIOD 1873 TO 2017


WEATHER ITEM   OBSERVED TIME   RECORD YEAR NORMAL DEPARTURE LAST
                VALUE   (LST)  VALUE       VALUE  FROM      YEAR
                                                  NORMAL
..................................................................
TEMPERATURE (F)
 YESTERDAY
  MAXIMUM         58    918 AM  86    1962  64     -6       51
  MINIMUM         41   1159 PM  27    1926  42     -1       44
  AVERAGE         50                        53     -3       48

PRECIPITATION (IN)
  YESTERDAY        0.15          1.33 2009   0.12   0.03     0.00
  MONTH TO DATE    4.22                      2.85   1.37     0.37
  SINCE MAR 1      5.98                      4.89   1.09     3.98
  SINCE JAN 1      9.84                      7.06   2.78     5.63

SNOWFALL (IN)
  YESTERDAY        0.0           0.2  1931   0.0    0.0      0.0
                                      2001
  MONTH TO DATE    0.0                       1.6   -1.6      0.6
  SINCE JUL 1     42.2                      43.2   -1.0     40.3
  SNOW DEPTH       0

DEGREE DAYS
 HEATING
  YESTERDAY       15                        12      3       17
  MONTH TO DATE  282                       454   -172      384
  SINCE JUL 1   5464                      6907  -1443     5683

 COOLING
  YESTERDAY        0                         0      0        0
  MONTH TO DATE    6                         0      6       11
  SINCE JAN 1      6                         0      6       11
..................................................................


WIND (MPH)
  HIGHEST WIND SPEED    20   HIGHEST WIND DIRECTION    NW (330)
  HIGHEST GUST SPEED    24   HIGHEST GUST DIRECTION    NW (330)
  AVERAGE WIND SPEED     8.3


SKY COVER
  POSSIBLE SUNSHINE  MM
  AVERAGE SKY COVER 1.0


WEATHER CONDITIONS
 THE FOLLOWING WEATHER WAS RECORDED YESTERDAY.
  RAIN
  LIGHT RAIN
  FOG


RELATIVE HUMIDITY (PERCENT)
 HIGHEST    93           100 AM
 LOWEST     76           500 PM
 AVERAGE    85

..........................................................


THE LA CROSSE WI CLIMATE NORMALS FOR TODAY
                         NORMAL    RECORD    YEAR
 MAXIMUM TEMPERATURE (F)   65        88      1977
 MINIMUM TEMPERATURE (F)   43        28      1982
                                             1933


SUNRISE AND SUNSET
APRIL 27 2017.........SUNRISE   602 AM CDT   SUNSET   804 PM CDT
APRIL 28 2017.........SUNRISE   601 AM CDT   SUNSET   805 PM CDT


-  INDICATES NEGATIVE NUMBERS.
R  INDICATES RECORD WAS SET OR TIED.
MM INDICATES DATA IS MISSING.
T  INDICATES TRACE AMOUNT.




$$
