000
CDUS43 KARX 022128
CLILSE


CLIMATE REPORT
NATIONAL WEATHER SERVICE LA CROSSE WI
426 PM CDT TUE SEP 2 2014


...................................

...THE LA CROSSE WI CLIMATE SUMMARY FOR SEPTEMBER 2 2014...
VALID TODAY AS OF 0400 PM LOCAL TIME.

CLIMATE NORMAL PERIOD 1981 TO 2010
CLIMATE RECORD PERIOD 1873 TO 2014


WEATHER ITEM   OBSERVED TIME   RECORD YEAR NORMAL DEPARTURE LAST
                VALUE   (LST)  VALUE       VALUE  FROM      YEAR
                                                  NORMAL
..................................................................
TEMPERATURE (F)
 TODAY
  MAXIMUM         81    243 PM  98    1937  78      3       70
  MINIMUM         61    423 AM  42    1893  58      3       52
  AVERAGE         71                        68      3       61

PRECIPITATION (IN)
  TODAY            0.00          1.63 1875   0.12  -0.12     0.00
  MONTH TO DATE    0.44                      0.25   0.19      T
  SINCE SEP 1      0.44                      0.25   0.19      T
  SINCE JAN 1     29.92                     24.21   5.71    27.15

SNOWFALL (IN)
  TODAY            0.0           0.0  2002   0.0    0.0      0.0
                                      2001
  MONTH TO DATE    0.0                       0.0    0.0      0.0
  SINCE JUL 1      0.0                       0.0    0.0       T
  SNOW DEPTH       0

DEGREE DAYS
 HEATING
  TODAY            0                         1     -1        4
  MONTH TO DATE    0                         2     -2        4
  SINCE JUL 1      3                        22    -19       18

 COOLING
  TODAY            6                         5      1        0
  MONTH TO DATE   13                        10      3        9
  SINCE JAN 1    761                       710     51      794
..................................................................


WIND (MPH)
  HIGHEST WIND SPEED    16   HIGHEST WIND DIRECTION     S (200)
  HIGHEST GUST SPEED    20   HIGHEST GUST DIRECTION     S (190)
  AVERAGE WIND SPEED     7.8


SKY COVER
  POSSIBLE SUNSHINE  MM
  AVERAGE SKY COVER 0.2


WEATHER CONDITIONS
 THE FOLLOWING WEATHER WAS RECORDED TODAY.
  NO SIGNIFICANT WEATHER WAS OBSERVED.


RELATIVE HUMIDITY (PERCENT)
 HIGHEST    97           400 AM
 LOWEST     45           200 PM
 AVERAGE    71

..........................................................


THE LA CROSSE WI CLIMATE NORMALS FOR TOMORROW
                         NORMAL    RECORD    YEAR
 MAXIMUM TEMPERATURE (F)   78        95      1929
 MINIMUM TEMPERATURE (F)   58        38      1974


SUNRISE AND SUNSET
SEPTEMBER  2 2014.....SUNRISE   630 AM CDT   SUNSET   739 PM CDT
SEPTEMBER  3 2014.....SUNRISE   631 AM CDT   SUNSET   737 PM CDT


-  INDICATES NEGATIVE NUMBERS.
R  INDICATES RECORD WAS SET OR TIED.
MM INDICATES DATA IS MISSING.
T  INDICATES TRACE AMOUNT.




$$
