000
CDUS43 KARX 090704
CLILSE


CLIMATE REPORT
NATIONAL WEATHER SERVICE LA CROSSE WI
102 AM CST FRI DEC 9 2016

...THE LA CROSSE WI CLIMATE SUMMARY FOR DECEMBER 8 2016...

CLIMATE NORMAL PERIOD 1981 TO 2010
CLIMATE RECORD PERIOD 1873 TO 2016

WEATHER ITEM   OBSERVED TIME   RECORD YEAR NORMAL DEPARTURE LAST
                VALUE   (LST)  VALUE       VALUE  FROM      YEAR
                                                  NORMAL
..................................................................
TEMPERATURE (F)
 YESTERDAY
  MAXIMUM         27    417 PM  60    1946  31     -4       46
  MINIMUM         18    521 AM -16    1876  17      1       34
  AVERAGE         23                        24     -1       40

PRECIPITATION (IN)
  YESTERDAY        T             0.65 2009   0.05  -0.05      T
  MONTH TO DATE    0.36                      0.43  -0.07     0.07
  SINCE DEC 1      0.36                      0.43  -0.07     0.07
  SINCE JAN 1     42.93                     32.13  10.80    29.62

SNOWFALL (IN)
  YESTERDAY        T             9.0  2009   0.4   -0.4      0.0
  MONTH TO DATE    2.9                       3.0   -0.1      0.5
  SINCE JUL 1      2.9                       7.3   -4.4      1.4
  SNOW DEPTH       T

DEGREE DAYS
 HEATING
  YESTERDAY       42                        41      1       25
  MONTH TO DATE  264                       316    -52      215
  SINCE JUL 1   1123                      1816   -693     1301

 COOLING
  YESTERDAY        0                         0      0        0
  MONTH TO DATE    0                         0      0        0
  SINCE JAN 1   1033                       782    251      887
..................................................................

WIND (MPH)
  HIGHEST WIND SPEED    22   HIGHEST WIND DIRECTION     W (280)
  HIGHEST GUST SPEED    27   HIGHEST GUST DIRECTION     W (280)
  AVERAGE WIND SPEED    12.9

SKY COVER
  POSSIBLE SUNSHINE  MM
  AVERAGE SKY COVER 1.0

WEATHER CONDITIONS
 THE FOLLOWING WEATHER WAS RECORDED YESTERDAY.
  LIGHT SNOW

RELATIVE HUMIDITY (PERCENT)
 HIGHEST    74           500 AM
 LOWEST     62          1200 AM
 AVERAGE    68
..........................................................

THE LA CROSSE WI CLIMATE NORMALS FOR TODAY
                         NORMAL    RECORD    YEAR
 MAXIMUM TEMPERATURE (F)   31        54      1946
 MINIMUM TEMPERATURE (F)   16       -24      1876

SUNRISE AND SUNSET
DECEMBER  9 2016......SUNRISE   728 AM CST   SUNSET   427 PM CST
DECEMBER 10 2016......SUNRISE   729 AM CST   SUNSET   427 PM CST

-  INDICATES NEGATIVE NUMBERS.
R  INDICATES RECORD WAS SET OR TIED.
MM INDICATES DATA IS MISSING.
T  INDICATES TRACE AMOUNT.

$$

BOYNE
