452
CDUS43 KARX 272236
CLILSE


CLIMATE REPORT
NATIONAL WEATHER SERVICE LA CROSSE WI
435 PM CST MON FEB 27 2017


...................................

...THE LA CROSSE WI CLIMATE SUMMARY FOR FEBRUARY 27 2017...
VALID TODAY AS OF 0400 PM LOCAL TIME.

CLIMATE NORMAL PERIOD 1981 TO 2010
CLIMATE RECORD PERIOD 1873 TO 2017


WEATHER ITEM   OBSERVED TIME   RECORD YEAR NORMAL DEPARTURE LAST
                VALUE   (LST)  VALUE       VALUE  FROM      YEAR
                                                  NORMAL
..................................................................
TEMPERATURE (F)
 TODAY
  MAXIMUM         47    359 PM  62    2016  36     11       62
  MINIMUM         22    609 AM -21    1879  18      4       31
  AVERAGE         35                        27      8       47

PRECIPITATION (IN)
  TODAY            0.00          1.27 1948   0.05  -0.05     0.00
  MONTH TO DATE    1.15                      1.00   0.15     0.78
  SINCE DEC 1      6.03                      3.48   2.55     6.58
  SINCE JAN 1      3.84                      2.12   1.72     1.65

SNOWFALL (IN)
  TODAY            0.0           4.0  1931   0.3   -0.3      0.0
  MONTH TO DATE    3.9                       7.9   -4.0     10.8
  SINCE JUL 1     34.2                      34.2    0.0     27.4
  SNOW DEPTH       T

DEGREE DAYS
 HEATING
  TODAY           30                        38     -8       18
  MONTH TO DATE  860                      1153   -293     1082
  SINCE JUL 1   4257                      5472  -1215     4521

 COOLING
  TODAY            0                         0      0        0
  MONTH TO DATE    0                         0      0        0
  SINCE JAN 1      0                         0      0        0
..................................................................


WIND (MPH)
  HIGHEST WIND SPEED    14   HIGHEST WIND DIRECTION     S (170)
  HIGHEST GUST SPEED    17   HIGHEST GUST DIRECTION     S (180)
  AVERAGE WIND SPEED     8.1


SKY COVER
  POSSIBLE SUNSHINE  MM
  AVERAGE SKY COVER 0.0


WEATHER CONDITIONS
 THE FOLLOWING WEATHER WAS RECORDED TODAY.
  NO SIGNIFICANT WEATHER WAS OBSERVED.


RELATIVE HUMIDITY (PERCENT)
 HIGHEST    88           700 AM
 LOWEST     45           100 PM
 AVERAGE    67

..........................................................


THE LA CROSSE WI CLIMATE NORMALS FOR TOMORROW
                         NORMAL    RECORD    YEAR
 MAXIMUM TEMPERATURE (F)   36        61      1878
 MINIMUM TEMPERATURE (F)   19       -17      1962


SUNRISE AND SUNSET
FEBRUARY 27 2017......SUNRISE   645 AM CST   SUNSET   551 PM CST
FEBRUARY 28 2017......SUNRISE   643 AM CST   SUNSET   553 PM CST


-  INDICATES NEGATIVE NUMBERS.
R  INDICATES RECORD WAS SET OR TIED.
MM INDICATES DATA IS MISSING.
T  INDICATES TRACE AMOUNT.




$$
