000
CDUS43 KARX 040636
CLILSE


CLIMATE REPORT
NATIONAL WEATHER SERVICE LA CROSSE WI
135 AM CDT FRI SEP 4 2015


...................................

...THE LA CROSSE WI CLIMATE SUMMARY FOR SEPTEMBER 3 2015...

CLIMATE NORMAL PERIOD 1981 TO 2010
CLIMATE RECORD PERIOD 1873 TO 2015


WEATHER ITEM   OBSERVED TIME   RECORD YEAR NORMAL DEPARTURE LAST
                VALUE   (LST)  VALUE       VALUE  FROM      YEAR
                                                  NORMAL
..................................................................
TEMPERATURE (F)
 YESTERDAY
  MAXIMUM         89    354 PM  95    1929  78     11       84
  MINIMUM         68    546 AM  38    1974  58     10       60
  AVERAGE         79                        68     11       72

PRECIPITATION (IN)
  YESTERDAY        0.00          2.30 1934   0.12  -0.12     0.00
  MONTH TO DATE    0.00                      0.37  -0.37     0.44
  SINCE SEP 1      0.00                      0.37  -0.37     0.44
  SINCE JAN 1     22.71                     24.33  -1.62    29.92

SNOWFALL (IN)
  YESTERDAY        0.0           0.0  2002   0.0    0.0      0.0
                                      2001
  MONTH TO DATE    0.0                       0.0    0.0      0.0
  SINCE JUL 1      0.0                       0.0    0.0      0.0
  SNOW DEPTH       0

DEGREE DAYS
 HEATING
  YESTERDAY        0                         2     -2        0
  MONTH TO DATE    0                         4     -4        0
  SINCE JUL 1     14                        24    -10        3

 COOLING
  YESTERDAY       14                         4     10        7
  MONTH TO DATE   44                        14     30       20
  SINCE JAN 1    735                       714     21      768
..................................................................


WIND (MPH)
  HIGHEST WIND SPEED    13   HIGHEST WIND DIRECTION     E (90)
  HIGHEST GUST SPEED    18   HIGHEST GUST DIRECTION     E (80)
  AVERAGE WIND SPEED     4.7


SKY COVER
  POSSIBLE SUNSHINE  MM
  AVERAGE SKY COVER 0.1


WEATHER CONDITIONS
 THE FOLLOWING WEATHER WAS RECORDED YESTERDAY.
  FOG


RELATIVE HUMIDITY (PERCENT)
 HIGHEST    97           600 AM
 LOWEST     59           100 PM
 AVERAGE    78

..........................................................


THE LA CROSSE WI CLIMATE NORMALS FOR TODAY
                         NORMAL    RECORD    YEAR
 MAXIMUM TEMPERATURE (F)   78        95      1925
 MINIMUM TEMPERATURE (F)   57        37      1891


SUNRISE AND SUNSET
SEPTEMBER  4 2015.....SUNRISE   632 AM CDT   SUNSET   736 PM CDT
SEPTEMBER  5 2015.....SUNRISE   633 AM CDT   SUNSET   734 PM CDT


-  INDICATES NEGATIVE NUMBERS.
R  INDICATES RECORD WAS SET OR TIED.
MM INDICATES DATA IS MISSING.
T  INDICATES TRACE AMOUNT.




$$
