000
CDUS43 KARX 300647
CLILSE


CLIMATE REPORT
NATIONAL WEATHER SERVICE LA CROSSE WI
146 AM CDT THU JUL 30 2015


...................................

...THE LA CROSSE WI CLIMATE SUMMARY FOR JULY 29 2015...

CLIMATE NORMAL PERIOD 1981 TO 2010
CLIMATE RECORD PERIOD 1873 TO 2015


WEATHER ITEM   OBSERVED TIME   RECORD YEAR NORMAL DEPARTURE LAST
                VALUE   (LST)  VALUE       VALUE  FROM      YEAR
                                                  NORMAL
..................................................................
TEMPERATURE (F)
 YESTERDAY
  MAXIMUM         85    346 PM  98    1999  84      1       82
  MINIMUM         68    511 AM  49    1971  63      5       55
  AVERAGE         77                        73      4       69

PRECIPITATION (IN)
  YESTERDAY        0.00          3.20 1885   0.13  -0.13     0.56
  MONTH TO DATE    3.62                      3.98  -0.36     5.00
  SINCE JUN 1      7.32                      8.32  -1.00    11.70
  SINCE JAN 1     19.91                     19.39   0.52    24.86

SNOWFALL (IN)
  YESTERDAY        0.0           0.0  2002   0.0    0.0      0.0
                                      2001
  MONTH TO DATE    0.0                       0.0    0.0      0.0
  SINCE JUL 1      0.0                       0.0    0.0      0.0
  SNOW DEPTH       0

DEGREE DAYS
 HEATING
  YESTERDAY        0                         0      0        0
  MONTH TO DATE    3                         0      3        3
  SINCE JUL 1      3                         0      3        3

 COOLING
  YESTERDAY       12                         8      4        4
  MONTH TO DATE  231                       257    -26      186
  SINCE JAN 1    463                       471     -8      467
..................................................................


WIND (MPH)
  HIGHEST WIND SPEED    29   HIGHEST WIND DIRECTION     W (280)
  HIGHEST GUST SPEED    39   HIGHEST GUST DIRECTION     W (280)
  AVERAGE WIND SPEED    13.8


SKY COVER
  POSSIBLE SUNSHINE  MM
  AVERAGE SKY COVER 0.1


WEATHER CONDITIONS
 THE FOLLOWING WEATHER WAS RECORDED YESTERDAY.
  NO SIGNIFICANT WEATHER WAS OBSERVED.


RELATIVE HUMIDITY (PERCENT)
 HIGHEST    82          1200 AM
 LOWEST     32           200 PM
 AVERAGE    57

..........................................................


THE LA CROSSE WI CLIMATE NORMALS FOR TODAY
                         NORMAL    RECORD    YEAR
 MAXIMUM TEMPERATURE (F)   83       100      1999
 MINIMUM TEMPERATURE (F)   63        48      1918
                                             1899


SUNRISE AND SUNSET
JULY 30 2015..........SUNRISE   551 AM CDT   SUNSET   831 PM CDT
JULY 31 2015..........SUNRISE   552 AM CDT   SUNSET   830 PM CDT


-  INDICATES NEGATIVE NUMBERS.
R  INDICATES RECORD WAS SET OR TIED.
MM INDICATES DATA IS MISSING.
T  INDICATES TRACE AMOUNT.




$$
