000
CDUS43 KARX 170645
CLILSE


CLIMATE REPORT
NATIONAL WEATHER SERVICE LA CROSSE WI
1244 AM CST WED DEC 17 2014


...................................

...THE LA CROSSE WI CLIMATE SUMMARY FOR DECEMBER 16 2014...

CLIMATE NORMAL PERIOD 1981 TO 2010
CLIMATE RECORD PERIOD 1873 TO 2014


WEATHER ITEM   OBSERVED TIME   RECORD YEAR NORMAL DEPARTURE LAST
                VALUE   (LST)  VALUE       VALUE  FROM      YEAR
                                                  NORMAL
..................................................................
TEMPERATURE (F)
 YESTERDAY
  MAXIMUM         44    213 AM  58    1959  29     15       16
  MINIMUM         24   1159 PM -21    1932  14     10       -1
  AVERAGE         34                        21     13        8

PRECIPITATION (IN)
  YESTERDAY        0.04          0.84 1921   0.04   0.00     0.07
  MONTH TO DATE    0.49                      0.80  -0.31     0.86
  SINCE DEC 1      0.49                      0.80  -0.31     0.86
  SINCE JAN 1     37.08                     32.50   4.58    35.23

SNOWFALL (IN)
  YESTERDAY        T             3.7  1961   0.4   -0.4      0.8
  MONTH TO DATE    0.1                       6.3   -6.2      4.6
  SINCE JUL 1      7.9                      10.6   -2.7      5.6
  SNOW DEPTH       0

DEGREE DAYS
 HEATING
  YESTERDAY       31                        44    -13       57
  MONTH TO DATE  551                       658   -107      784
  SINCE JUL 1   2151                      2158     -7     2188

 COOLING
  YESTERDAY        0                         0      0        0
  MONTH TO DATE    0                         0      0        0
  SINCE JAN 1    822                       782     40      917
..................................................................


WIND (MPH)
  HIGHEST WIND SPEED    25   HIGHEST WIND DIRECTION    NW (310)
  HIGHEST GUST SPEED    33   HIGHEST GUST DIRECTION    NW (320)
  AVERAGE WIND SPEED    16.2


SKY COVER
  POSSIBLE SUNSHINE  MM
  AVERAGE SKY COVER 1.0


WEATHER CONDITIONS
 THE FOLLOWING WEATHER WAS RECORDED YESTERDAY.
  LIGHT RAIN
  LIGHT SNOW
  FOG


RELATIVE HUMIDITY (PERCENT)
 HIGHEST    96          1200 AM
 LOWEST     68           900 PM
 AVERAGE    82

..........................................................


THE LA CROSSE WI CLIMATE NORMALS FOR TODAY
                         NORMAL    RECORD    YEAR
 MAXIMUM TEMPERATURE (F)   28        52      1895
 MINIMUM TEMPERATURE (F)   13       -18      1983


SUNRISE AND SUNSET
DECEMBER 17 2014......SUNRISE   734 AM CST   SUNSET   429 PM CST
DECEMBER 18 2014......SUNRISE   734 AM CST   SUNSET   429 PM CST


-  INDICATES NEGATIVE NUMBERS.
R  INDICATES RECORD WAS SET OR TIED.
MM INDICATES DATA IS MISSING.
T  INDICATES TRACE AMOUNT.




$$
