000
CDUS43 KARX 020636
CLILSE


CLIMATE REPORT
NATIONAL WEATHER SERVICE LA CROSSE WI
135 AM CDT WED SEP 2 2015


...................................

...THE LA CROSSE WI CLIMATE SUMMARY FOR SEPTEMBER 1 2015...

CLIMATE NORMAL PERIOD 1981 TO 2010
CLIMATE RECORD PERIOD 1873 TO 2015


WEATHER ITEM   OBSERVED TIME   RECORD YEAR NORMAL DEPARTURE LAST
                VALUE   (LST)  VALUE       VALUE  FROM      YEAR
                                                  NORMAL
..................................................................
TEMPERATURE (F)
 YESTERDAY
  MAXIMUM         90    254 PM  98    1913  79     11       80
  MINIMUM         69    557 AM  40    1909  58     11       63
  AVERAGE         80                        68     12       72

PRECIPITATION (IN)
  YESTERDAY        0.00          1.25 1923   0.13  -0.13     0.44
  MONTH TO DATE    0.00                      0.13  -0.13     0.44
  SINCE SEP 1      0.00                      0.13  -0.13     0.44
  SINCE JAN 1     22.71                     24.09  -1.38    29.92

SNOWFALL (IN)
  YESTERDAY        0.0           0.0  2002   0.0    0.0      0.0
                                      2001
  MONTH TO DATE    0.0                       0.0    0.0      0.0
  SINCE JUL 1      0.0                       0.0    0.0      0.0
  SNOW DEPTH       0

DEGREE DAYS
 HEATING
  YESTERDAY        0                         1     -1        0
  MONTH TO DATE    0                         1     -1        0
  SINCE JUL 1     14                        21     -7        3

 COOLING
  YESTERDAY       15                         5     10        7
  MONTH TO DATE   15                         5     10        7
  SINCE JAN 1    706                       705      1      755
..................................................................


WIND (MPH)
  HIGHEST WIND SPEED    15   HIGHEST WIND DIRECTION     S (190)
  HIGHEST GUST SPEED    19   HIGHEST GUST DIRECTION     S (180)
  AVERAGE WIND SPEED     7.1


SKY COVER
  POSSIBLE SUNSHINE  MM
  AVERAGE SKY COVER 0.1


WEATHER CONDITIONS
 THE FOLLOWING WEATHER WAS RECORDED YESTERDAY.
  FOG
  HAZE


RELATIVE HUMIDITY (PERCENT)
 HIGHEST   100           300 AM
 LOWEST     59           200 PM
 AVERAGE    80

..........................................................


THE LA CROSSE WI CLIMATE NORMALS FOR TODAY
                         NORMAL    RECORD    YEAR
 MAXIMUM TEMPERATURE (F)   78        98      1937
 MINIMUM TEMPERATURE (F)   58        42      1893


SUNRISE AND SUNSET
SEPTEMBER  2 2015.....SUNRISE   629 AM CDT   SUNSET   739 PM CDT
SEPTEMBER  3 2015.....SUNRISE   630 AM CDT   SUNSET   738 PM CDT


-  INDICATES NEGATIVE NUMBERS.
R  INDICATES RECORD WAS SET OR TIED.
MM INDICATES DATA IS MISSING.
T  INDICATES TRACE AMOUNT.




$$
