469
CDUS43 KARX 170703
CLILSE


CLIMATE REPORT
NATIONAL WEATHER SERVICE LA CROSSE WI
203 AM CDT TUE OCT 17 2017


...................................

...THE LA CROSSE WI CLIMATE SUMMARY FOR OCTOBER 16 2017...

CLIMATE NORMAL PERIOD 1981 TO 2010
CLIMATE RECORD PERIOD 1873 TO 2017


WEATHER ITEM   OBSERVED TIME   RECORD YEAR NORMAL DEPARTURE LAST
                VALUE   (LST)  VALUE       VALUE  FROM      YEAR
                                                  NORMAL
..................................................................
TEMPERATURE (F)
 YESTERDAY
  MAXIMUM         66    346 PM  85    1910  60      6       74
  MINIMUM         39    644 AM  25    2002  40     -1       50
  AVERAGE         53                        50      3       62

PRECIPITATION (IN)
  YESTERDAY        0.00          1.27 1878   0.06  -0.06      T
  MONTH TO DATE    4.89                      1.21   3.68     0.39
  SINCE SEP 1      5.84                      4.77   1.07    10.85
  SINCE JAN 1     37.60                     28.73   8.87    39.57

SNOWFALL (IN)
  YESTERDAY        0.0           0.2  1952   0.0    0.0      0.0
  MONTH TO DATE    0.0                       0.0    0.0      0.0
  SINCE JUL 1      0.0                       0.0    0.0      0.0
  SNOW DEPTH       0

DEGREE DAYS
 HEATING
  YESTERDAY       12                        15     -3        3
  MONTH TO DATE  112                       199    -87       97
  SINCE JUL 1    160                       359   -199      117

 COOLING
  YESTERDAY        0                         0      0        0
  MONTH TO DATE   11                         7      4        7
  SINCE JAN 1    998                       781    217     1027
..................................................................


WIND (MPH)
  HIGHEST WIND SPEED    15   HIGHEST WIND DIRECTION     S (190)
  HIGHEST GUST SPEED    20   HIGHEST GUST DIRECTION     S (180)
  AVERAGE WIND SPEED     8.1


SKY COVER
  POSSIBLE SUNSHINE  MM
  AVERAGE SKY COVER 0.1


WEATHER CONDITIONS
 THE FOLLOWING WEATHER WAS RECORDED YESTERDAY.
  FOG


RELATIVE HUMIDITY (PERCENT)
 HIGHEST   100           400 AM
 LOWEST     29           300 PM
 AVERAGE    65

..........................................................


THE LA CROSSE WI CLIMATE NORMALS FOR TODAY
                         NORMAL    RECORD    YEAR
 MAXIMUM TEMPERATURE (F)   60        84      1910
 MINIMUM TEMPERATURE (F)   40        23      1952


SUNRISE AND SUNSET
OCTOBER 17 2017.......SUNRISE   722 AM CDT   SUNSET   618 PM CDT
OCTOBER 18 2017.......SUNRISE   724 AM CDT   SUNSET   616 PM CDT


-  INDICATES NEGATIVE NUMBERS.
R  INDICATES RECORD WAS SET OR TIED.
MM INDICATES DATA IS MISSING.
T  INDICATES TRACE AMOUNT.




$$
