000
CDUS43 KARX 290700
CLILSE


CLIMATE REPORT
NATIONAL WEATHER SERVICE LA CROSSE WI
157 AM CDT FRI APR 29 2016

...THE LA CROSSE WI CLIMATE SUMMARY FOR APRIL 28 2016...

CLIMATE NORMAL PERIOD 1981 TO 2010
CLIMATE RECORD PERIOD 1873 TO 2016

WEATHER ITEM   OBSERVED TIME   RECORD YEAR NORMAL DEPARTURE LAST
                VALUE   (LST)  VALUE       VALUE  FROM      YEAR
                                                  NORMAL
..................................................................
TEMPERATURE (F)
 YESTERDAY
  MAXIMUM         45   1105 AM  89    2004  65    -20       75
                                      1952
  MINIMUM         40   1159 PM  27    1973  43     -3       40
  AVERAGE         43                        54    -11       58

PRECIPITATION (IN)
  YESTERDAY        0.09          1.50 1899   0.12  -0.03     0.00
  MONTH TO DATE    0.66                      3.09  -2.43     4.16
  SINCE MAR 1      4.27                      5.13  -0.86     4.97
  SINCE JAN 1      5.92                      7.30  -1.38     6.18

SNOWFALL (IN)
  YESTERDAY        0.0           1.5  1909   0.1   -0.1      0.0
                                      2001
  MONTH TO DATE    0.6                       1.7   -1.1      0.5
  SINCE JUL 1     40.3                      43.3   -3.0     38.8
  SNOW DEPTH       0

DEGREE DAYS
 HEATING
  YESTERDAY       22                        11     11        7
  MONTH TO DATE  422                       477    -55      400
  SINCE JUL 1   5721                      6930  -1209     6892

 COOLING
  YESTERDAY        0                         0      0        0
  MONTH TO DATE   11                         0     11        1
  SINCE JAN 1     11                         0     11        1
..................................................................

WIND (MPH)
  HIGHEST WIND SPEED    15   HIGHEST WIND DIRECTION     E (90)
  HIGHEST GUST SPEED    21   HIGHEST GUST DIRECTION    NE (60)
  AVERAGE WIND SPEED     7.8

SKY COVER
  POSSIBLE SUNSHINE  MM
  AVERAGE SKY COVER 1.0

WEATHER CONDITIONS
 THE FOLLOWING WEATHER WAS RECORDED YESTERDAY.
  LIGHT RAIN
  FOG
  HAZE

RELATIVE HUMIDITY (PERCENT)
 HIGHEST    89           500 PM
 LOWEST     49           300 AM
 AVERAGE    69
..........................................................

THE LA CROSSE WI CLIMATE NORMALS FOR TODAY
                         NORMAL    RECORD    YEAR
 MAXIMUM TEMPERATURE (F)   65        93      1910
 MINIMUM TEMPERATURE (F)   43        26      1956

SUNRISE AND SUNSET
APRIL 29 2016.........SUNRISE   559 AM CDT   SUNSET   806 PM CDT
APRIL 30 2016.........SUNRISE   558 AM CDT   SUNSET   807 PM CDT

-  INDICATES NEGATIVE NUMBERS.
R  INDICATES RECORD WAS SET OR TIED.
MM INDICATES DATA IS MISSING.
T  INDICATES TRACE AMOUNT.

$$

BOYNE
