349
CDUS43 KARX 100654
CLILSE


CLIMATE REPORT
NATIONAL WEATHER SERVICE LA CROSSE WI
1252 AM CST SUN DEC 10 2017

...THE LA CROSSE WI CLIMATE SUMMARY FOR DECEMBER 9 2017...

CLIMATE NORMAL PERIOD 1981 TO 2010
CLIMATE RECORD PERIOD 1873 TO 2017

WEATHER ITEM   OBSERVED TIME   RECORD YEAR NORMAL DEPARTURE LAST
                VALUE   (LST)  VALUE       VALUE  FROM      YEAR
                                                  NORMAL
..................................................................
TEMPERATURE (F)
 YESTERDAY
  MAXIMUM         31   1237 AM  54    1946  31      0       25
  MINIMUM         18    735 PM -24    1876  16      2       17
  AVERAGE         25                        24      1       21

PRECIPITATION (IN)
  YESTERDAY        0.03          0.72 2009   0.05  -0.02      T
  MONTH TO DATE    0.31                      0.48  -0.17     0.36
  SINCE DEC 1      0.31                      0.48  -0.17     0.36
  SINCE JAN 1     39.38                     32.18   7.20    42.93

SNOWFALL (IN)
  YESTERDAY        0.5           8.0  2009   0.4    0.1       T
  MONTH TO DATE    1.4                       3.4   -2.0      2.9
  SINCE JUL 1      1.4                       7.7   -6.3      2.9
  SNOW DEPTH       1

DEGREE DAYS
 HEATING
  YESTERDAY       40                        41     -1       44
  MONTH TO DATE  293                       357    -64      308
  SINCE JUL 1   1530                      1857   -327     1167

 COOLING
  YESTERDAY        0                         0      0        0
  MONTH TO DATE    0                         0      0        0
  SINCE JAN 1   1001                       782    219     1033
..................................................................

WIND (MPH)
  HIGHEST WIND SPEED    23   HIGHEST WIND DIRECTION     N (340)
  HIGHEST GUST SPEED    32   HIGHEST GUST DIRECTION    NW (330)
  AVERAGE WIND SPEED    12.5

SKY COVER
  POSSIBLE SUNSHINE  MM
  AVERAGE SKY COVER 0.7

WEATHER CONDITIONS
 THE FOLLOWING WEATHER WAS RECORDED YESTERDAY.
  LIGHT SNOW
  FOG

RELATIVE HUMIDITY (PERCENT)
 HIGHEST    78           100 AM
 LOWEST     57           400 PM
 AVERAGE    68
..........................................................

THE LA CROSSE WI CLIMATE NORMALS FOR TODAY
                         NORMAL    RECORD    YEAR
 MAXIMUM TEMPERATURE (F)   31        56      1979
 MINIMUM TEMPERATURE (F)   16       -18      1919

SUNRISE AND SUNSET
DECEMBER 10 2017......SUNRISE   729 AM CST   SUNSET   427 PM CST
DECEMBER 11 2017......SUNRISE   729 AM CST   SUNSET   427 PM CST

-  INDICATES NEGATIVE NUMBERS.
R  INDICATES RECORD WAS SET OR TIED.
MM INDICATES DATA IS MISSING.
T  INDICATES TRACE AMOUNT.

$$

BOYNE
