000
CDUS43 KARX 262125
CLILSE


CLIMATE REPORT
NATIONAL WEATHER SERVICE LA CROSSE WI
425 PM CDT TUE MAY 26 2015


...................................

...THE LA CROSSE WI CLIMATE SUMMARY FOR MAY 26 2015...
VALID TODAY AS OF 0400 PM LOCAL TIME.

CLIMATE NORMAL PERIOD 1981 TO 2010
CLIMATE RECORD PERIOD 1873 TO 2015


WEATHER ITEM   OBSERVED TIME   RECORD YEAR NORMAL DEPARTURE LAST
                VALUE   (LST)  VALUE       VALUE  FROM      YEAR
                                                  NORMAL
..................................................................
TEMPERATURE (F)
 TODAY
  MAXIMUM         70   1220 PM  94    1967  74     -4       88
  MINIMUM         61    506 AM  34    1925  52      9       66
  AVERAGE         66                        63      3       77

PRECIPITATION (IN)
  TODAY            0.75          1.68 1935   0.12   0.63     0.04
  MONTH TO DATE    3.61                      2.92   0.69     1.81
  SINCE MAR 1      8.58                      8.30   0.28    10.15
  SINCE JAN 1      9.79                     10.47  -0.68    12.51

SNOWFALL (IN)
  TODAY            0.0           0.0  2002   0.0    0.0      0.0
                                      2001
  MONTH TO DATE    0.0                       0.1   -0.1      0.0
  SINCE JUL 1     38.8                      43.4   -4.6     48.9
  SNOW DEPTH       0

DEGREE DAYS
 HEATING
  TODAY            0                         4     -4        0
  MONTH TO DATE  132                       185    -53      195
  SINCE JUL 1   7039                      7137    -98     8135

 COOLING
  TODAY            1                         2     -1       12
  MONTH TO DATE   42                        30     12       20
  SINCE JAN 1     43                        37      6       20
..................................................................


WIND (MPH)
  HIGHEST WIND SPEED    28   HIGHEST WIND DIRECTION    SW (230)
  HIGHEST GUST SPEED    35   HIGHEST GUST DIRECTION    SW (230)
  AVERAGE WIND SPEED     5.1


SKY COVER
  POSSIBLE SUNSHINE  MM
  AVERAGE SKY COVER 0.5


WEATHER CONDITIONS
 THE FOLLOWING WEATHER WAS RECORDED TODAY.
  THUNDERSTORM
  HEAVY RAIN
  RAIN
  LIGHT RAIN
  FOG


RELATIVE HUMIDITY (PERCENT)
 HIGHEST    97           500 AM
 LOWEST     70          1200 AM
 AVERAGE    84

..........................................................


THE LA CROSSE WI CLIMATE NORMALS FOR TOMORROW
                         NORMAL    RECORD    YEAR
 MAXIMUM TEMPERATURE (F)   74        96      1874
 MINIMUM TEMPERATURE (F)   52        30      1971


SUNRISE AND SUNSET
MAY 26 2015...........SUNRISE   530 AM CDT   SUNSET   835 PM CDT
MAY 27 2015...........SUNRISE   529 AM CDT   SUNSET   836 PM CDT


-  INDICATES NEGATIVE NUMBERS.
R  INDICATES RECORD WAS SET OR TIED.
MM INDICATES DATA IS MISSING.
T  INDICATES TRACE AMOUNT.




$$
