000
CDUS43 KARX 120745
CLILSE


CLIMATE REPORT
NATIONAL WEATHER SERVICE LA CROSSE WI
145 AM CST SUN NOV 12 2017


...................................

...THE LA CROSSE WI CLIMATE SUMMARY FOR NOVEMBER 11 2017...

CLIMATE NORMAL PERIOD 1981 TO 2010
CLIMATE RECORD PERIOD 1873 TO 2017


WEATHER ITEM   OBSERVED TIME   RECORD YEAR NORMAL DEPARTURE LAST
                VALUE   (LST)  VALUE       VALUE  FROM      YEAR
                                                  NORMAL
..................................................................
TEMPERATURE (F)
 YESTERDAY
  MAXIMUM         36   1159 PM  70    1964  47    -11       55
  MINIMUM         31    328 AM   4    1986  31      0       32
  AVERAGE         34                        39     -5       44

PRECIPITATION (IN)
  YESTERDAY        T             1.90 1909   0.06  -0.06     0.00
  MONTH TO DATE    0.21                      0.73  -0.52      T
  SINCE SEP 1      7.17                      6.46   0.71    12.69
  SINCE JAN 1     38.93                     30.42   8.51    41.41

SNOWFALL (IN)
  YESTERDAY        0.0           3.3  1916   0.1   -0.1      0.0
  MONTH TO DATE    T                         0.7   -0.7      0.0
  SINCE JUL 1      T                         0.9   -0.9      0.0
  SNOW DEPTH       0

DEGREE DAYS
 HEATING
  YESTERDAY       31                        26      5       21
  MONTH TO DATE  333                       261     72      126
  SINCE JUL 1    725                       889   -164      429

 COOLING
  YESTERDAY        0                         0      0        0
  MONTH TO DATE    0                         0      0        0
  SINCE JAN 1   1001                       782    219     1033
..................................................................


WIND (MPH)
  HIGHEST WIND SPEED    17   HIGHEST WIND DIRECTION     S (170)
  HIGHEST GUST SPEED    23   HIGHEST GUST DIRECTION     S (170)
  AVERAGE WIND SPEED     9.2


SKY COVER
  POSSIBLE SUNSHINE  MM
  AVERAGE SKY COVER 1.0


WEATHER CONDITIONS
 THE FOLLOWING WEATHER WAS RECORDED YESTERDAY.
  LIGHT RAIN


RELATIVE HUMIDITY (PERCENT)
 HIGHEST    82           900 PM
 LOWEST     51           700 AM
 AVERAGE    67

..........................................................


THE LA CROSSE WI CLIMATE NORMALS FOR TODAY
                         NORMAL    RECORD    YEAR
 MAXIMUM TEMPERATURE (F)   46        67      1902
 MINIMUM TEMPERATURE (F)   30         5      1986


SUNRISE AND SUNSET
NOVEMBER 12 2017......SUNRISE   656 AM CST   SUNSET   442 PM CST
NOVEMBER 13 2017......SUNRISE   657 AM CST   SUNSET   441 PM CST


-  INDICATES NEGATIVE NUMBERS.
R  INDICATES RECORD WAS SET OR TIED.
MM INDICATES DATA IS MISSING.
T  INDICATES TRACE AMOUNT.




$$
