000
CDUS43 KARX 270634
CLILSE


CLIMATE REPORT
NATIONAL WEATHER SERVICE LA CROSSE WI
134 AM CDT MON MAR 27 2017


...................................

...THE LA CROSSE WI CLIMATE SUMMARY FOR MARCH 26 2017...

CLIMATE NORMAL PERIOD 1981 TO 2010
CLIMATE RECORD PERIOD 1873 TO 2017


WEATHER ITEM   OBSERVED TIME   RECORD YEAR NORMAL DEPARTURE LAST
                VALUE   (LST)  VALUE       VALUE  FROM      YEAR
                                                  NORMAL
..................................................................
TEMPERATURE (F)
 YESTERDAY
  MAXIMUM         43    738 PM  83    2007  49     -6       52
  MINIMUM         37    712 AM  -2    1965  29      8       37
  AVERAGE         40                        39      1       45

PRECIPITATION (IN)
  YESTERDAY        0.18          1.09 1967   0.08   0.10     0.08
  MONTH TO DATE    1.52                      1.64  -0.12     2.68
  SINCE MAR 1      1.52                      1.64  -0.12     2.68
  SINCE JAN 1      5.38                      3.81   1.57     4.33

SNOWFALL (IN)
  YESTERDAY       MM             5.6  1959   0.2   MM        0.0
  MONTH TO DATE    8.0                       6.4    1.6     12.3
  SINCE JUL 1     42.2                      40.9    1.3     39.7
  SNOW DEPTH       0

DEGREE DAYS
 HEATING
  YESTERDAY       25                        26     -1       20
  MONTH TO DATE  800                       822    -22      626
  SINCE JUL 1   5080                      6331  -1251     5201

 COOLING
  YESTERDAY        0                         0      0        0
  MONTH TO DATE    0                         0      0        0
  SINCE JAN 1      0                         0      0        0
..................................................................


WIND (MPH)
  HIGHEST WIND SPEED    12   HIGHEST WIND DIRECTION     E (70)
  HIGHEST GUST SPEED    15   HIGHEST GUST DIRECTION    NE (40)
  AVERAGE WIND SPEED     4.6


SKY COVER
  POSSIBLE SUNSHINE  MM
  AVERAGE SKY COVER 0.8


WEATHER CONDITIONS
 THE FOLLOWING WEATHER WAS RECORDED YESTERDAY.
  RAIN
  LIGHT RAIN
  FOG


RELATIVE HUMIDITY (PERCENT)
 HIGHEST   100           800 AM
 LOWEST     86          1000 AM
 AVERAGE    93

..........................................................


THE LA CROSSE WI CLIMATE NORMALS FOR TODAY
                         NORMAL    RECORD    YEAR
 MAXIMUM TEMPERATURE (F)   49        78      2012
 MINIMUM TEMPERATURE (F)   30         7      1874


SUNRISE AND SUNSET
MARCH 27 2017.........SUNRISE   655 AM CDT   SUNSET   726 PM CDT
MARCH 28 2017.........SUNRISE   653 AM CDT   SUNSET   728 PM CDT


-  INDICATES NEGATIVE NUMBERS.
R  INDICATES RECORD WAS SET OR TIED.
MM INDICATES DATA IS MISSING.
T  INDICATES TRACE AMOUNT.




$$
