000
CDUS43 KARX 190640
CLILSE


CLIMATE REPORT
NATIONAL WEATHER SERVICE LA CROSSE WI
1240 AM CST FRI JAN 19 2018


...................................

...THE LA CROSSE WI CLIMATE SUMMARY FOR JANUARY 18 2018...

CLIMATE NORMAL PERIOD 1981 TO 2010
CLIMATE RECORD PERIOD 1873 TO 2018


WEATHER ITEM   OBSERVED TIME   RECORD YEAR NORMAL DEPARTURE LAST
                VALUE   (LST)  VALUE       VALUE  FROM      YEAR
                                                  NORMAL
..................................................................
TEMPERATURE (F)
 YESTERDAY
  MAXIMUM         36    411 PM  53    1880  26     10       38
  MINIMUM         17    235 AM -43    1873   8      9       33
  AVERAGE         27                        17     10       36

PRECIPITATION (IN)
  YESTERDAY        0.00          0.56 1931   0.03  -0.03     0.00
  MONTH TO DATE    0.46                      0.63  -0.17     1.76
  SINCE DEC 1      0.99                      1.99  -1.00     3.95
  SINCE JAN 1      0.46                      0.63  -0.17     1.76

SNOWFALL (IN)
  YESTERDAY        0.0           6.7  1931   0.4   -0.4      0.0
  MONTH TO DATE    8.1                       5.7    2.4      4.6
  SINCE JUL 1     12.5                      21.3   -8.8     25.4
  SNOW DEPTH       0

DEGREE DAYS
 HEATING
  YESTERDAY       38                        48    -10       29
  MONTH TO DATE  950                       860     90      845
  SINCE JUL 1   3514                      3704   -190     2980

 COOLING
  YESTERDAY        0                         0      0        0
  MONTH TO DATE    0                         0      0        0
  SINCE JAN 1      0                         0      0        0
..................................................................


WIND (MPH)
  HIGHEST WIND SPEED    15   HIGHEST WIND DIRECTION     S (170)
  HIGHEST GUST SPEED    19   HIGHEST GUST DIRECTION     S (180)
  AVERAGE WIND SPEED     8.7


SKY COVER
  POSSIBLE SUNSHINE  MM
  AVERAGE SKY COVER 0.0


WEATHER CONDITIONS
 THE FOLLOWING WEATHER WAS RECORDED YESTERDAY.
  NO SIGNIFICANT WEATHER WAS OBSERVED.


RELATIVE HUMIDITY (PERCENT)
 HIGHEST    75          1000 PM
 LOWEST     59           200 PM
 AVERAGE    67

..........................................................


THE LA CROSSE WI CLIMATE NORMALS FOR TODAY
                         NORMAL    RECORD    YEAR
 MAXIMUM TEMPERATURE (F)   26        50      1947
 MINIMUM TEMPERATURE (F)    8       -32      1970


SUNRISE AND SUNSET
JANUARY 19 2018.......SUNRISE   734 AM CST   SUNSET   458 PM CST
JANUARY 20 2018.......SUNRISE   733 AM CST   SUNSET   500 PM CST


-  INDICATES NEGATIVE NUMBERS.
R  INDICATES RECORD WAS SET OR TIED.
MM INDICATES DATA IS MISSING.
T  INDICATES TRACE AMOUNT.




$$
