000
CDUS43 KARX 290637
CLILSE


CLIMATE REPORT
NATIONAL WEATHER SERVICE LA CROSSE WI
1236 AM CST THU JAN 29 2015


...................................

...THE LA CROSSE WI CLIMATE SUMMARY FOR JANUARY 28 2015...

CLIMATE NORMAL PERIOD 1981 TO 2010
CLIMATE RECORD PERIOD 1873 TO 2015


WEATHER ITEM   OBSERVED TIME   RECORD YEAR NORMAL DEPARTURE LAST
                VALUE   (LST)  VALUE       VALUE  FROM      YEAR
                                                  NORMAL
..................................................................
TEMPERATURE (F)
 YESTERDAY
  MAXIMUM         36    530 PM  49    1914  27      9        2
  MINIMUM         27    725 AM -28    1915   9     18      -18
                                      1873
  AVERAGE         32                        18     14       -8

PRECIPITATION (IN)
  YESTERDAY        0.00          0.78 1914   0.04  -0.04     0.00
  MONTH TO DATE    0.61                      1.01  -0.40     0.88
  SINCE DEC 1      1.71                      2.37  -0.66     2.40
  SINCE JAN 1      0.61                      1.01  -0.40     0.88

SNOWFALL (IN)
  YESTERDAY        0.0           8.0  1947   0.4   -0.4      0.0
  MONTH TO DATE    8.6                       9.6   -1.0     14.0
  SINCE JUL 1     18.4                      25.2   -6.8     27.7
  SNOW DEPTH       2

DEGREE DAYS
 HEATING
  YESTERDAY       33                        47    -14       73
  MONTH TO DATE 1250                      1336    -86     1553
  SINCE JUL 1   3989                      4180   -191     4481

 COOLING
  YESTERDAY        0                         0      0        0
  MONTH TO DATE    0                         0      0        0
  SINCE JAN 1      0                         0      0        0
..................................................................


WIND (MPH)
  HIGHEST WIND SPEED    17   HIGHEST WIND DIRECTION     S (160)
  HIGHEST GUST SPEED    23   HIGHEST GUST DIRECTION     S (160)
  AVERAGE WIND SPEED    10.7


SKY COVER
  POSSIBLE SUNSHINE  MM
  AVERAGE SKY COVER 0.9


WEATHER CONDITIONS
 THE FOLLOWING WEATHER WAS RECORDED YESTERDAY.
  FOG
  HAZE


RELATIVE HUMIDITY (PERCENT)
 HIGHEST    81           500 AM
 LOWEST     59           500 PM
 AVERAGE    70

..........................................................


THE LA CROSSE WI CLIMATE NORMALS FOR TODAY
                         NORMAL    RECORD    YEAR
 MAXIMUM TEMPERATURE (F)   27        49      1914
 MINIMUM TEMPERATURE (F)    9       -36      1873


SUNRISE AND SUNSET
JANUARY 29 2015.......SUNRISE   725 AM CST   SUNSET   511 PM CST
JANUARY 30 2015.......SUNRISE   724 AM CST   SUNSET   513 PM CST


-  INDICATES NEGATIVE NUMBERS.
R  INDICATES RECORD WAS SET OR TIED.
MM INDICATES DATA IS MISSING.
T  INDICATES TRACE AMOUNT.




$$
