000
CDUS43 KARX 290640
CLILSE


CLIMATE REPORT
NATIONAL WEATHER SERVICE LA CROSSE WI
140 AM CDT WED JUL 29 2015


...................................

...THE LA CROSSE WI CLIMATE SUMMARY FOR JULY 28 2015...

CLIMATE NORMAL PERIOD 1981 TO 2010
CLIMATE RECORD PERIOD 1873 TO 2015


WEATHER ITEM   OBSERVED TIME   RECORD YEAR NORMAL DEPARTURE LAST
                VALUE   (LST)  VALUE       VALUE  FROM      YEAR
                                                  NORMAL
..................................................................
TEMPERATURE (F)
 YESTERDAY
  MAXIMUM         86    420 PM  98    1955  84      2       78
                                      1916
  MINIMUM         71   1107 AM  50    1967  63      8       55
                                      1928
                                      1925
  AVERAGE         79                        73      6       67

PRECIPITATION (IN)
  YESTERDAY        0.72          1.61 1990   0.14   0.58     0.00
  MONTH TO DATE    3.62                      3.85  -0.23     4.44
  SINCE JUN 1      7.32                      8.19  -0.87    11.14
  SINCE JAN 1     19.91                     19.26   0.65    24.30

SNOWFALL (IN)
  YESTERDAY        0.0           0.0  2002   0.0    0.0      0.0
                                      2001
  MONTH TO DATE    0.0                       0.0    0.0      0.0
  SINCE JUL 1      0.0                       0.0    0.0      0.0
  SNOW DEPTH       0

DEGREE DAYS
 HEATING
  YESTERDAY        0                         0      0        0
  MONTH TO DATE    3                         0      3        3
  SINCE JUL 1      3                         0      3        3

 COOLING
  YESTERDAY       14                         8      6        2
  MONTH TO DATE  219                       249    -30      182
  SINCE JAN 1    451                       463    -12      463
..................................................................


WIND (MPH)
  HIGHEST WIND SPEED    18   HIGHEST WIND DIRECTION     E (110)
  HIGHEST GUST SPEED    25   HIGHEST GUST DIRECTION     E (100)
  AVERAGE WIND SPEED     8.9


SKY COVER
  POSSIBLE SUNSHINE  MM
  AVERAGE SKY COVER 0.3


WEATHER CONDITIONS
 THE FOLLOWING WEATHER WAS RECORDED YESTERDAY.
  THUNDERSTORM
  HEAVY RAIN
  RAIN
  LIGHT RAIN
  FOG


RELATIVE HUMIDITY (PERCENT)
 HIGHEST    93           100 AM
 LOWEST     65           400 PM
 AVERAGE    79

..........................................................


THE LA CROSSE WI CLIMATE NORMALS FOR TODAY
                         NORMAL    RECORD    YEAR
 MAXIMUM TEMPERATURE (F)   84        98      1999
 MINIMUM TEMPERATURE (F)   63        49      1971


SUNRISE AND SUNSET
JULY 29 2015..........SUNRISE   550 AM CDT   SUNSET   832 PM CDT
JULY 30 2015..........SUNRISE   551 AM CDT   SUNSET   831 PM CDT


-  INDICATES NEGATIVE NUMBERS.
R  INDICATES RECORD WAS SET OR TIED.
MM INDICATES DATA IS MISSING.
T  INDICATES TRACE AMOUNT.




$$
