000
CDUS43 KARX 250640
CLILSE


CLIMATE REPORT
NATIONAL WEATHER SERVICE LA CROSSE WI
138 AM CDT FRI JUL 25 2014

...THE LA CROSSE WI CLIMATE SUMMARY FOR JULY 24 2014...

CLIMATE NORMAL PERIOD 1981 TO 2010
CLIMATE RECORD PERIOD 1873 TO 2014

WEATHER ITEM   OBSERVED TIME   RECORD YEAR NORMAL DEPARTURE LAST
                VALUE   (LST)  VALUE       VALUE  FROM      YEAR
                                                  NORMAL
..................................................................
TEMPERATURE (F)
 YESTERDAY
  MAXIMUM         83    236 PM 104    1901  84     -1       79
  MINIMUM         60   1159 PM  51    1911  63     -3       53
  AVERAGE         72                        74     -2       66

PRECIPITATION (IN)
  YESTERDAY        0.00          1.71 1985   0.13  -0.13     0.00
  MONTH TO DATE    3.72                      3.30   0.42     0.59
  SINCE JUN 1     10.42                      7.64   2.78     6.41
  SINCE JAN 1     23.58                     18.71   4.87    25.34

SNOWFALL (IN)
  YESTERDAY        0.0           0.0  2002   0.0    0.0      0.0
                                      2001
  MONTH TO DATE    0.0                       0.0    0.0      0.0
  SINCE JUL 1      0.0                       0.0    0.0      0.0
  SNOW DEPTH       0

DEGREE DAYS
 HEATING
  YESTERDAY        0                         0      0        0
  MONTH TO DATE    3                         0      3        0
  SINCE JUL 1      3                         0      3        0

 COOLING
  YESTERDAY        7                         9     -2        1
  MONTH TO DATE  158                       215    -57      288
  SINCE JAN 1    439                       429     10      502
..................................................................

WIND (MPH)
  HIGHEST WIND SPEED    15   HIGHEST WIND DIRECTION    SE (150)
  HIGHEST GUST SPEED    22   HIGHEST GUST DIRECTION    SW (210)
  AVERAGE WIND SPEED     5.4

SKY COVER
  POSSIBLE SUNSHINE  MM
  AVERAGE SKY COVER 0.0

WEATHER CONDITIONS
 THE FOLLOWING WEATHER WAS RECORDED YESTERDAY.
  NO SIGNIFICANT WEATHER WAS OBSERVED.

RELATIVE HUMIDITY (PERCENT)
 HIGHEST    90           300 AM
 LOWEST     36          1200 PM
 AVERAGE    63
..........................................................

THE LA CROSSE WI CLIMATE NORMALS FOR TODAY
                         NORMAL    RECORD    YEAR
 MAXIMUM TEMPERATURE (F)   84        98      1874
 MINIMUM TEMPERATURE (F)   63        50      1891

SUNRISE AND SUNSET
JULY 25 2014..........SUNRISE   546 AM CDT   SUNSET   836 PM CDT
JULY 26 2014..........SUNRISE   547 AM CDT   SUNSET   835 PM CDT

-  INDICATES NEGATIVE NUMBERS.
R  INDICATES RECORD WAS SET OR TIED.
MM INDICATES DATA IS MISSING.
T  INDICATES TRACE AMOUNT.

$$

BOYNE
