000
CDUS43 KARX 182236
CLILSE


CLIMATE REPORT
NATIONAL WEATHER SERVICE LA CROSSE WI
435 PM CST THU DEC 18 2014


...................................

...THE LA CROSSE WI CLIMATE SUMMARY FOR DECEMBER 18 2014...
VALID TODAY AS OF 0430 PM LOCAL TIME.

CLIMATE NORMAL PERIOD 1981 TO 2010
CLIMATE RECORD PERIOD 1873 TO 2014


WEATHER ITEM   OBSERVED TIME   RECORD YEAR NORMAL DEPARTURE LAST
                VALUE   (LST)  VALUE       VALUE  FROM      YEAR
                                                  NORMAL
..................................................................
TEMPERATURE (F)
 TODAY
  MAXIMUM         26    359 PM  54    1923  28     -2       39
  MINIMUM         17   1235 AM -26    1983  13      4        7
  AVERAGE         22                        20      2       23

PRECIPITATION (IN)
  TODAY            0.00          0.55 1968   0.04  -0.04     0.00
  MONTH TO DATE    0.49                      0.88  -0.39     0.86
  SINCE DEC 1      0.49                      0.88  -0.39     0.86
  SINCE JAN 1     37.08                     32.58   4.50    35.23

SNOWFALL (IN)
  TODAY            0.0           6.0  1968   0.4   -0.4      0.0
  MONTH TO DATE    0.1                       7.1   -7.0      4.6
  SINCE JUL 1      7.9                      11.4   -3.5      5.6
  SNOW DEPTH       0

DEGREE DAYS
 HEATING
  TODAY           43                        44     -1       42
  MONTH TO DATE  638                       746   -108      868
  SINCE JUL 1   2238                      2246     -8     2272

 COOLING
  TODAY            0                         0      0        0
  MONTH TO DATE    0                         0      0        0
  SINCE JAN 1    822                       782     40      917
..................................................................


WIND (MPH)
  HIGHEST WIND SPEED     7   HIGHEST WIND DIRECTION     N (350)
  HIGHEST GUST SPEED     9   HIGHEST GUST DIRECTION     N (350)
  AVERAGE WIND SPEED     2.2


SKY COVER
  POSSIBLE SUNSHINE  MM
  AVERAGE SKY COVER 1.0


WEATHER CONDITIONS
 THE FOLLOWING WEATHER WAS RECORDED TODAY.
  NO SIGNIFICANT WEATHER WAS OBSERVED.


RELATIVE HUMIDITY (PERCENT)
 HIGHEST    80          1200 AM
 LOWEST     68           200 PM
 AVERAGE    74

..........................................................


THE LA CROSSE WI CLIMATE NORMALS FOR TOMORROW
                         NORMAL    RECORD    YEAR
 MAXIMUM TEMPERATURE (F)   28        51      1923
                                             1894
 MINIMUM TEMPERATURE (F)   13       -30      1983


SUNRISE AND SUNSET
DECEMBER 18 2014......SUNRISE   734 AM CST   SUNSET   429 PM CST
DECEMBER 19 2014......SUNRISE   735 AM CST   SUNSET   429 PM CST


-  INDICATES NEGATIVE NUMBERS.
R  INDICATES RECORD WAS SET OR TIED.
MM INDICATES DATA IS MISSING.
T  INDICATES TRACE AMOUNT.




$$
