000
CDUS43 KARX 200715
CLILSE


CLIMATE REPORT
NATIONAL WEATHER SERVICE LA CROSSE WI
215 AM CDT TUE SEP 20 2016


...................................

...THE LA CROSSE WI CLIMATE SUMMARY FOR SEPTEMBER 19 2016...

CLIMATE NORMAL PERIOD 1981 TO 2010
CLIMATE RECORD PERIOD 1873 TO 2016


WEATHER ITEM   OBSERVED TIME   RECORD YEAR NORMAL DEPARTURE LAST
                VALUE   (LST)  VALUE       VALUE  FROM      YEAR
                                                  NORMAL
..................................................................
TEMPERATURE (F)
 YESTERDAY
  MAXIMUM         81   1157 AM  94    1895  72      9       70
  MINIMUM         61    955 PM  34    1929  51     10       52
  AVERAGE         71                        61     10       61

PRECIPITATION (IN)
  YESTERDAY        T             3.35 1983   0.13  -0.13     0.00
  MONTH TO DATE    5.62                      2.33   3.29     2.57
  SINCE SEP 1      5.62                      2.33   3.29     2.57
  SINCE JAN 1     34.34                     26.29   8.05    25.28

SNOWFALL (IN)
  YESTERDAY        0.0           0.0  2002   0.0    0.0      0.0
                                      2001
  MONTH TO DATE    0.0                       0.0    0.0      0.0
  SINCE JUL 1      0.0                       0.0    0.0      0.0
  SNOW DEPTH       0

DEGREE DAYS
 HEATING
  YESTERDAY        0                         5     -5        4
  MONTH TO DATE    1                        57    -56       22
  SINCE JUL 1      1                        77    -76       36

 COOLING
  YESTERDAY        6                         2      4        0
  MONTH TO DATE   81                        62     19      151
  SINCE JAN 1    990                       762    228      842
..................................................................


WIND (MPH)
  HIGHEST WIND SPEED    18   HIGHEST WIND DIRECTION    NW (330)
  HIGHEST GUST SPEED    23   HIGHEST GUST DIRECTION    NW (330)
  AVERAGE WIND SPEED     7.8


SKY COVER
  POSSIBLE SUNSHINE  MM
  AVERAGE SKY COVER 0.3


WEATHER CONDITIONS
 THE FOLLOWING WEATHER WAS RECORDED YESTERDAY.
  THUNDERSTORM
  LIGHT RAIN
  FOG
  FOG W/VISIBILITY <= 1/4 MILE


RELATIVE HUMIDITY (PERCENT)
 HIGHEST    97          1000 PM
 LOWEST     42          1200 PM
 AVERAGE    70

..........................................................


THE LA CROSSE WI CLIMATE NORMALS FOR TODAY
                         NORMAL    RECORD    YEAR
 MAXIMUM TEMPERATURE (F)   72        93      1908
 MINIMUM TEMPERATURE (F)   50        32      1991


SUNRISE AND SUNSET
SEPTEMBER 20 2016.....SUNRISE   650 AM CDT   SUNSET   705 PM CDT
SEPTEMBER 21 2016.....SUNRISE   652 AM CDT   SUNSET   703 PM CDT


-  INDICATES NEGATIVE NUMBERS.
R  INDICATES RECORD WAS SET OR TIED.
MM INDICATES DATA IS MISSING.
T  INDICATES TRACE AMOUNT.




$$
