651
CDUS43 KARX 252134
CLILSE


CLIMATE REPORT
NATIONAL WEATHER SERVICE LA CROSSE WI
433 PM CDT MON APR 25 2016


...................................

...THE LA CROSSE WI CLIMATE SUMMARY FOR APRIL 25 2016...
VALID TODAY AS OF 0400 PM LOCAL TIME.

CLIMATE NORMAL PERIOD 1981 TO 2010
CLIMATE RECORD PERIOD 1873 TO 2016


WEATHER ITEM   OBSERVED TIME   RECORD YEAR NORMAL DEPARTURE LAST
                VALUE   (LST)  VALUE       VALUE  FROM      YEAR
                                                  NORMAL
..................................................................
TEMPERATURE (F)
 TODAY
  MAXIMUM         79    231 PM  87    1990  64     15       61
  MINIMUM         51    554 AM  25    1934  42      9       37
  AVERAGE         65                        53     12       49

PRECIPITATION (IN)
  TODAY            0.02          1.95 1994   0.13  -0.11     0.00
  MONTH TO DATE    0.37                      2.73  -2.36     4.16
  SINCE MAR 1      3.98                      4.77  -0.79     4.97
  SINCE JAN 1      5.63                      6.94  -1.31     6.18

SNOWFALL (IN)
  TODAY            0.0           0.6  1910   0.0    0.0      0.0
                                      2001
  MONTH TO DATE    0.6                       1.6   -1.0      0.5
  SINCE JUL 1     40.3                      43.2   -2.9     38.8
  SNOW DEPTH       0

DEGREE DAYS
 HEATING
  TODAY            0                        13    -13       16
  MONTH TO DATE  367                       442    -75      363
  SINCE JUL 1   5666                      6895  -1229     6855

 COOLING
  TODAY            0                         0      0        0
  MONTH TO DATE   11                         0     11        1
  SINCE JAN 1     11                         0     11        1
..................................................................


WIND (MPH)
  HIGHEST WIND SPEED    23   HIGHEST WIND DIRECTION     S (170)
  HIGHEST GUST SPEED    28   HIGHEST GUST DIRECTION     S (160)
  AVERAGE WIND SPEED    11.8


SKY COVER
  POSSIBLE SUNSHINE  MM
  AVERAGE SKY COVER 0.5


WEATHER CONDITIONS
 THE FOLLOWING WEATHER WAS RECORDED TODAY.
  LIGHT RAIN


RELATIVE HUMIDITY (PERCENT)
 HIGHEST    77          1200 AM
 LOWEST     36           100 PM
 AVERAGE    57

..........................................................


THE LA CROSSE WI CLIMATE NORMALS FOR TOMORROW
                         NORMAL    RECORD    YEAR
 MAXIMUM TEMPERATURE (F)   64        86      1962
 MINIMUM TEMPERATURE (F)   42        27      1926


SUNRISE AND SUNSET
APRIL 25 2016.........SUNRISE   605 AM CDT   SUNSET   801 PM CDT
APRIL 26 2016.........SUNRISE   603 AM CDT   SUNSET   803 PM CDT


-  INDICATES NEGATIVE NUMBERS.
R  INDICATES RECORD WAS SET OR TIED.
MM INDICATES DATA IS MISSING.
T  INDICATES TRACE AMOUNT.




$$
