000
CDUS43 KARX 200644
CLILSE


CLIMATE REPORT
NATIONAL WEATHER SERVICE LA CROSSE WI
140 AM CDT SAT AUG 20 2016

...THE LA CROSSE WI CLIMATE SUMMARY FOR AUGUST 19 2016...

CLIMATE NORMAL PERIOD 1981 TO 2010
CLIMATE RECORD PERIOD 1873 TO 2016

WEATHER ITEM   OBSERVED TIME   RECORD YEAR NORMAL DEPARTURE LAST
                VALUE   (LST)  VALUE       VALUE  FROM      YEAR
                                                  NORMAL
..................................................................
TEMPERATURE (F)
 YESTERDAY
  MAXIMUM         79    311 PM  97    1916  81     -2       69
  MINIMUM         66    403 AM  46    2004  61      5       57
  AVERAGE         73                        71      2       63

PRECIPITATION (IN)
  YESTERDAY        1.41          2.71 2007   0.14   1.27     0.06
  MONTH TO DATE    5.34                      2.73   2.61     1.14
  SINCE JUN 1     17.22                     11.33   5.89     8.46
  SINCE JAN 1     27.70                     22.40   5.30    21.05

SNOWFALL (IN)
  YESTERDAY        0.0           0.0  2002   0.0    0.0      0.0
                                      2001
  MONTH TO DATE    0.0                       0.0    0.0      0.0
  SINCE JUL 1      0.0                       0.0    0.0      0.0
  SNOW DEPTH       0

DEGREE DAYS
 HEATING
  YESTERDAY        0                         0      0        2
  MONTH TO DATE    0                         0      0        2
  SINCE JUL 1      0                         5     -5        5

 COOLING
  YESTERDAY        8                         7      1        0
  MONTH TO DATE  216                       144     72      179
  SINCE JAN 1    832                       631    201      661
..................................................................

WIND (MPH)
  HIGHEST WIND SPEED    24   HIGHEST WIND DIRECTION    NW (300)
  HIGHEST GUST SPEED    30   HIGHEST GUST DIRECTION    NW (300)
  AVERAGE WIND SPEED     4.7

SKY COVER
  POSSIBLE SUNSHINE  MM
  AVERAGE SKY COVER 0.5

WEATHER CONDITIONS
 THE FOLLOWING WEATHER WAS RECORDED YESTERDAY.
  THUNDERSTORM
  HEAVY RAIN
  RAIN
  LIGHT RAIN
  FOG

RELATIVE HUMIDITY (PERCENT)
 HIGHEST   100           400 AM
 LOWEST     74           300 PM
 AVERAGE    87
..........................................................

THE LA CROSSE WI CLIMATE NORMALS FOR TODAY
                         NORMAL    RECORD    YEAR
 MAXIMUM TEMPERATURE (F)   81        97      2003
                                             1955
 MINIMUM TEMPERATURE (F)   61        42      1950

SUNRISE AND SUNSET
AUGUST 20 2016........SUNRISE   615 AM CDT   SUNSET   800 PM CDT
AUGUST 21 2016........SUNRISE   617 AM CDT   SUNSET   759 PM CDT

-  INDICATES NEGATIVE NUMBERS.
R  INDICATES RECORD WAS SET OR TIED.
MM INDICATES DATA IS MISSING.
T  INDICATES TRACE AMOUNT.

$$

BOYNE
