000
CDUS43 KARX 250656
CLILSE


CLIMATE REPORT
NATIONAL WEATHER SERVICE LA CROSSE WI
1254 AM CST TUE NOV 25 2014


...................................

...THE LA CROSSE WI CLIMATE SUMMARY FOR NOVEMBER 24 2014...

CLIMATE NORMAL PERIOD 1981 TO 2010
CLIMATE RECORD PERIOD 1873 TO 2014


WEATHER ITEM   OBSERVED TIME   RECORD YEAR NORMAL DEPARTURE LAST
                VALUE   (LST)  VALUE       VALUE  FROM      YEAR
                                                  NORMAL
..................................................................
TEMPERATURE (F)
 YESTERDAY
  MAXIMUM         39    240 AM  62    1931  39      0       28
  MINIMUM         23   1159 PM  -6    1898  24     -1        8
  AVERAGE         31                        31      0       18

PRECIPITATION (IN)
  YESTERDAY        0.19          0.65 2001   0.07   0.12     0.00
  MONTH TO DATE    0.86                      1.62  -0.76     1.77
  SINCE SEP 1      7.01                      7.35  -0.34     7.22
  SINCE JAN 1     36.49                     31.31   5.18    34.37

SNOWFALL (IN)
  YESTERDAY        2.2 R         2.2  1977   0.2    2.0      0.0
  MONTH TO DATE    6.8                       2.6    4.2      1.0
  SINCE JUL 1      6.8                       2.8    4.0      1.0
  SNOW DEPTH       T

DEGREE DAYS
 HEATING
  YESTERDAY       34                        34      0       47
  MONTH TO DATE  791                       657    134      668
  SINCE JUL 1   1351                      1285     66     1182

 COOLING
  YESTERDAY        0                         0      0        0
  MONTH TO DATE    0                         0      0        0
  SINCE JAN 1    822                       782     40      917
..................................................................


WIND (MPH)
  HIGHEST WIND SPEED    21   HIGHEST WIND DIRECTION    NW (300)
  HIGHEST GUST SPEED    27   HIGHEST GUST DIRECTION    NW (300)
  AVERAGE WIND SPEED    15.6


SKY COVER
  POSSIBLE SUNSHINE  MM
  AVERAGE SKY COVER 1.0


WEATHER CONDITIONS
 THE FOLLOWING WEATHER WAS RECORDED YESTERDAY.
  LIGHT RAIN
  SNOW
  LIGHT SNOW
  FOG


RELATIVE HUMIDITY (PERCENT)
 HIGHEST   100          1200 AM
 LOWEST     68          1100 PM
 AVERAGE    84

..........................................................


THE LA CROSSE WI CLIMATE NORMALS FOR TODAY
                         NORMAL    RECORD    YEAR
 MAXIMUM TEMPERATURE (F)   38        60      1896
 MINIMUM TEMPERATURE (F)   23       -10      1880


SUNRISE AND SUNSET
NOVEMBER 25 2014......SUNRISE   712 AM CST   SUNSET   431 PM CST
NOVEMBER 26 2014......SUNRISE   714 AM CST   SUNSET   431 PM CST


-  INDICATES NEGATIVE NUMBERS.
R  INDICATES RECORD WAS SET OR TIED.
MM INDICATES DATA IS MISSING.
T  INDICATES TRACE AMOUNT.




$$
