000
CDUS43 KARX 130719
CLILSE


CLIMATE REPORT
NATIONAL WEATHER SERVICE LA CROSSE WI
219 AM CDT SUN APR 13 2014


...................................

...THE LA CROSSE WI CLIMATE SUMMARY FOR APRIL 12 2014...

CLIMATE NORMAL PERIOD 1981 TO 2010
CLIMATE RECORD PERIOD 1873 TO 2014


WEATHER ITEM   OBSERVED TIME   RECORD YEAR NORMAL DEPARTURE LAST
                VALUE   (LST)  VALUE       VALUE  FROM      YEAR
                                                  NORMAL
..................................................................
TEMPERATURE (F)
 YESTERDAY
  MAXIMUM         53    351 PM  81    1931  58     -5       37
  MINIMUM         44   1009 AM  19    1957  37      7       31
                                      1939
  AVERAGE         49                        47      2       34

PRECIPITATION (IN)
  YESTERDAY        1.77          1.90 1903   0.12   1.65     0.09
  MONTH TO DATE    2.34                      1.20   1.14     2.76
  SINCE MAR 1      3.65                      3.24   0.41     4.88
  SINCE JAN 1      6.01                      5.41   0.60     7.28

SNOWFALL (IN)
  YESTERDAY        0.0           3.1  1962   0.1   -0.1      1.4
  MONTH TO DATE    0.6                       1.0   -0.4      2.5
  SINCE JUL 1     47.2                      42.6    4.6     58.1
  SNOW DEPTH       0

DEGREE DAYS
 HEATING
  YESTERDAY       16                        18     -2       31
  MONTH TO DATE  245                       246     -1      320
  SINCE JUL 1   7590                      6699    891     6844

 COOLING
  YESTERDAY        0                         0      0        0
  MONTH TO DATE    0                         0      0        0
  SINCE JAN 1      0                         0      0        0
..................................................................


WIND (MPH)
  HIGHEST WIND SPEED    37   HIGHEST WIND DIRECTION    NW (320)
  HIGHEST GUST SPEED    52   HIGHEST GUST DIRECTION    NW (320)
  AVERAGE WIND SPEED     8.1


SKY COVER
  POSSIBLE SUNSHINE  MM
  AVERAGE SKY COVER 0.9


WEATHER CONDITIONS
 THE FOLLOWING WEATHER WAS RECORDED YESTERDAY.
  HEAVY RAIN
  RAIN
  LIGHT RAIN
  FOG


RELATIVE HUMIDITY (PERCENT)
 HIGHEST    92          1000 AM
 LOWEST     54          1200 AM
 AVERAGE    73

..........................................................


THE LA CROSSE WI CLIMATE NORMALS FOR TODAY
                         NORMAL    RECORD    YEAR
 MAXIMUM TEMPERATURE (F)   58        80      1941
 MINIMUM TEMPERATURE (F)   37        23      1973
                                             1950
                                             1920


SUNRISE AND SUNSET
APRIL 13 2014.........SUNRISE   625 AM CDT   SUNSET   746 PM CDT
APRIL 14 2014.........SUNRISE   624 AM CDT   SUNSET   748 PM CDT


-  INDICATES NEGATIVE NUMBERS.
R  INDICATES RECORD WAS SET OR TIED.
MM INDICATES DATA IS MISSING.
T  INDICATES TRACE AMOUNT.




$$
