000
CDUS43 KARX 180707
CLILSE


CLIMATE REPORT
NATIONAL WEATHER SERVICE LA CROSSE WI
105 AM CST SUN FEB 18 2018


...................................

...THE LA CROSSE WI CLIMATE SUMMARY FOR FEBRUARY 17 2018...

CLIMATE NORMAL PERIOD 1981 TO 2010
CLIMATE RECORD PERIOD 1873 TO 2018


WEATHER ITEM   OBSERVED TIME   RECORD YEAR NORMAL DEPARTURE LAST
                VALUE   (LST)  VALUE       VALUE  FROM      YEAR
                                                  NORMAL
..................................................................
TEMPERATURE (F)
 YESTERDAY
  MAXIMUM         32    427 PM  64    1981  32      0       60
  MINIMUM         17    158 AM -26    1979  14      3       27
  AVERAGE         25                        23      2       44

PRECIPITATION (IN)
  YESTERDAY        0.06          0.45 1887   0.03   0.03     0.00
  MONTH TO DATE    0.48                      0.59  -0.11     0.03
  SINCE DEC 1      2.39                      3.07  -0.68     4.91
  SINCE JAN 1      1.86                      1.71   0.15     2.72

SNOWFALL (IN)
  YESTERDAY        0.6           4.5  1929   0.3    0.3      0.0
  MONTH TO DATE    7.7                       5.2    2.5      0.5
  SINCE JUL 1     22.9                      31.5   -8.6     30.8
  SNOW DEPTH       T

DEGREE DAYS
 HEATING
  YESTERDAY       40                        42     -2       21
  MONTH TO DATE  851                       755     96      618
  SINCE JUL 1   4836                      5074   -238     4015

 COOLING
  YESTERDAY        0                         0      0        0
  MONTH TO DATE    0                         0      0        0
  SINCE JAN 1      0                         0      0        0
..................................................................


WIND (MPH)
  HIGHEST WIND SPEED    15   HIGHEST WIND DIRECTION     W (280)
  HIGHEST GUST SPEED    20   HIGHEST GUST DIRECTION     S (170)
  AVERAGE WIND SPEED     8.9


SKY COVER
  POSSIBLE SUNSHINE  MM
  AVERAGE SKY COVER 0.6


WEATHER CONDITIONS
 THE FOLLOWING WEATHER WAS RECORDED YESTERDAY.
  LIGHT SNOW
  FOG
  HAZE


RELATIVE HUMIDITY (PERCENT)
 HIGHEST    88          1200 PM
 LOWEST     55           900 AM
 AVERAGE    72

..........................................................


THE LA CROSSE WI CLIMATE NORMALS FOR TODAY
                         NORMAL    RECORD    YEAR
 MAXIMUM TEMPERATURE (F)   32        64      1981
 MINIMUM TEMPERATURE (F)   15       -21      2006


SUNRISE AND SUNSET
FEBRUARY 18 2018......SUNRISE   659 AM CST   SUNSET   539 PM CST
FEBRUARY 19 2018......SUNRISE   658 AM CST   SUNSET   540 PM CST


-  INDICATES NEGATIVE NUMBERS.
R  INDICATES RECORD WAS SET OR TIED.
MM INDICATES DATA IS MISSING.
T  INDICATES TRACE AMOUNT.




$$
