000
CDUS43 KARX 150656
CLILSE


CLIMATE REPORT
NATIONAL WEATHER SERVICE LA CROSSE WI
155 AM CDT TUE APR 15 2014


...................................

...THE LA CROSSE WI CLIMATE SUMMARY FOR APRIL 14 2014...

CLIMATE NORMAL PERIOD 1981 TO 2010
CLIMATE RECORD PERIOD 1873 TO 2014


WEATHER ITEM   OBSERVED TIME   RECORD YEAR NORMAL DEPARTURE LAST
                VALUE   (LST)  VALUE       VALUE  FROM      YEAR
                                                  NORMAL
..................................................................
TEMPERATURE (F)
 YESTERDAY
  MAXIMUM         36    307 PM  90    2003  59    -23       41
  MINIMUM         26   1159 PM  20    1928  37    -11       32
  AVERAGE         31                        48    -17       37

PRECIPITATION (IN)
  YESTERDAY        0.18          1.54 2013   0.12   0.06     1.35
  MONTH TO DATE    3.74                      1.43   2.31     4.11
  SINCE MAR 1      5.05                      3.47   1.58     6.23
  SINCE JAN 1      7.41                      5.64   1.77     8.63

SNOWFALL (IN)
  YESTERDAY        1.7           3.7  1928   0.1    1.6      1.1
  MONTH TO DATE    2.3                       1.1    1.2      3.6
  SINCE JUL 1     48.9                      42.7    6.2     59.2
  SNOW DEPTH       2

DEGREE DAYS
 HEATING
  YESTERDAY       34                        17     17       28
  MONTH TO DATE  303                       281     22      380
  SINCE JUL 1   7648                      6734    914     6904

 COOLING
  YESTERDAY        0                         0      0        0
  MONTH TO DATE    0                         0      0        0
  SINCE JAN 1      0                         0      0        0
..................................................................


WIND (MPH)
  HIGHEST WIND SPEED    24   HIGHEST WIND DIRECTION     N (340)
  HIGHEST GUST SPEED    31   HIGHEST GUST DIRECTION     N (350)
  AVERAGE WIND SPEED    14.8


SKY COVER
  POSSIBLE SUNSHINE  MM
  AVERAGE SKY COVER 0.9


WEATHER CONDITIONS
 THE FOLLOWING WEATHER WAS RECORDED YESTERDAY.
  LIGHT SNOW
  FOG


RELATIVE HUMIDITY (PERCENT)
 HIGHEST    96          1200 AM
 LOWEST     45           800 PM
 AVERAGE    71

..........................................................


THE LA CROSSE WI CLIMATE NORMALS FOR TODAY
                         NORMAL    RECORD    YEAR
 MAXIMUM TEMPERATURE (F)   59        90      2002
 MINIMUM TEMPERATURE (F)   38        17      1928


SUNRISE AND SUNSET
APRIL 15 2014.........SUNRISE   622 AM CDT   SUNSET   749 PM CDT
APRIL 16 2014.........SUNRISE   620 AM CDT   SUNSET   750 PM CDT


-  INDICATES NEGATIVE NUMBERS.
R  INDICATES RECORD WAS SET OR TIED.
MM INDICATES DATA IS MISSING.
T  INDICATES TRACE AMOUNT.




$$
