000
CDUS43 KARX 250659
CLILSE


CLIMATE REPORT
NATIONAL WEATHER SERVICE LA CROSSE WI
155 AM CDT MON MAY 25 2015


...................................

...THE LA CROSSE WI CLIMATE SUMMARY FOR MAY 24 2015...

CLIMATE NORMAL PERIOD 1981 TO 2010
CLIMATE RECORD PERIOD 1873 TO 2015


WEATHER ITEM   OBSERVED TIME   RECORD YEAR NORMAL DEPARTURE LAST
                VALUE   (LST)  VALUE       VALUE  FROM      YEAR
                                                  NORMAL
..................................................................
TEMPERATURE (F)
 YESTERDAY
  MAXIMUM         62    538 PM  93    2010  73    -11       77
                                      1928
  MINIMUM         57    406 AM  34    1925  51      6       52
  AVERAGE         60                        62     -2       65

PRECIPITATION (IN)
  YESTERDAY        0.82          1.49 1874   0.11   0.71     0.00
  MONTH TO DATE    2.65                      2.68  -0.03     1.77
  SINCE MAR 1      7.62                      8.06  -0.44    10.11
  SINCE JAN 1      8.83                     10.23  -1.40    12.47

SNOWFALL (IN)
  YESTERDAY        0.0           0.0  2002   0.0    0.0      0.0
                                      2001
  MONTH TO DATE    0.0                       0.1   -0.1      0.0
  SINCE JUL 1     38.8                      43.4   -4.6     48.9
  SNOW DEPTH       0

DEGREE DAYS
 HEATING
  YESTERDAY        5                         5      0        0
  MONTH TO DATE  132                       177    -45      195
  SINCE JUL 1   7039                      7129    -90     8135

 COOLING
  YESTERDAY        0                         2     -2        0
  MONTH TO DATE   35                        26      9        5
  SINCE JAN 1     36                        33      3        5
..................................................................


WIND (MPH)
  HIGHEST WIND SPEED    12   HIGHEST WIND DIRECTION     E (110)
  HIGHEST GUST SPEED    19   HIGHEST GUST DIRECTION    SE (140)
  AVERAGE WIND SPEED     6.4


SKY COVER
  POSSIBLE SUNSHINE  MM
  AVERAGE SKY COVER 0.9


WEATHER CONDITIONS
 THE FOLLOWING WEATHER WAS RECORDED YESTERDAY.
  HEAVY RAIN
  RAIN
  LIGHT RAIN
  FOG


RELATIVE HUMIDITY (PERCENT)
 HIGHEST    90          1000 AM
 LOWEST     64           100 AM
 AVERAGE    77

..........................................................


THE LA CROSSE WI CLIMATE NORMALS FOR TODAY
                         NORMAL    RECORD    YEAR
 MAXIMUM TEMPERATURE (F)   73        91      1980
                                             1911
 MINIMUM TEMPERATURE (F)   51        34      1979
                                             1925


SUNRISE AND SUNSET
MAY 25 2015...........SUNRISE   530 AM CDT   SUNSET   834 PM CDT
MAY 26 2015...........SUNRISE   530 AM CDT   SUNSET   835 PM CDT


-  INDICATES NEGATIVE NUMBERS.
R  INDICATES RECORD WAS SET OR TIED.
MM INDICATES DATA IS MISSING.
T  INDICATES TRACE AMOUNT.




$$
