000
CDUS43 KARX 110634
CLILSE


CLIMATE REPORT
NATIONAL WEATHER SERVICE LA CROSSE WI
1234 AM CST SUN FEB 11 2018


...................................

...THE LA CROSSE WI CLIMATE SUMMARY FOR FEBRUARY 10 2018...

CLIMATE NORMAL PERIOD 1981 TO 2010
CLIMATE RECORD PERIOD 1873 TO 2018


WEATHER ITEM   OBSERVED TIME   RECORD YEAR NORMAL DEPARTURE LAST
                VALUE   (LST)  VALUE       VALUE  FROM      YEAR
                                                  NORMAL
..................................................................
TEMPERATURE (F)
 YESTERDAY
  MAXIMUM         20    342 PM  51    2009  30    -10       43
                                      1886
  MINIMUM         -3    756 AM -32    1899  12    -15       21
  AVERAGE          9                        21    -12       32

PRECIPITATION (IN)
  YESTERDAY        0.00          0.89 1959   0.03  -0.03     0.00
  MONTH TO DATE    0.40                      0.34   0.06     0.03
  SINCE DEC 1      2.31                      2.82  -0.51     4.91
  SINCE JAN 1      1.78                      1.46   0.32     2.72

SNOWFALL (IN)
  YESTERDAY        0.0           9.7  1959   0.3   -0.3      0.0
  MONTH TO DATE    6.9                       3.2    3.7      0.5
  SINCE JUL 1     22.1                      29.5   -7.4     30.8
  SNOW DEPTH      MM

DEGREE DAYS
 HEATING
  YESTERDAY       56                        44     12       33
  MONTH TO DATE  555                       454    101      421
  SINCE JUL 1   4540                      4773   -233     3818

 COOLING
  YESTERDAY        0                         0      0        0
  MONTH TO DATE    0                         0      0        0
  SINCE JAN 1      0                         0      0        0
..................................................................


WIND (MPH)
  HIGHEST WIND SPEED     9   HIGHEST WIND DIRECTION     W (280)
  HIGHEST GUST SPEED    12   HIGHEST GUST DIRECTION    NW (330)
  AVERAGE WIND SPEED     2.3


SKY COVER
  POSSIBLE SUNSHINE  MM
  AVERAGE SKY COVER 0.3


WEATHER CONDITIONS
 THE FOLLOWING WEATHER WAS RECORDED YESTERDAY.
  NO SIGNIFICANT WEATHER WAS OBSERVED.


RELATIVE HUMIDITY (PERCENT)
 HIGHEST    79           800 AM
 LOWEST     43           200 PM
 AVERAGE    61

..........................................................


THE LA CROSSE WI CLIMATE NORMALS FOR TODAY
                         NORMAL    RECORD    YEAR
 MAXIMUM TEMPERATURE (F)   30        60      1882
 MINIMUM TEMPERATURE (F)   12       -24      1899


SUNRISE AND SUNSET
FEBRUARY 11 2018......SUNRISE   709 AM CST   SUNSET   530 PM CST
FEBRUARY 12 2018......SUNRISE   708 AM CST   SUNSET   531 PM CST


-  INDICATES NEGATIVE NUMBERS.
R  INDICATES RECORD WAS SET OR TIED.
MM INDICATES DATA IS MISSING.
T  INDICATES TRACE AMOUNT.




$$
