000
CDUS43 KARX 202141
CLILSE


CLIMATE REPORT
NATIONAL WEATHER SERVICE LA CROSSE WI
439 PM CDT SAT MAY 20 2017


...................................

...THE LA CROSSE WI CLIMATE SUMMARY FOR MAY 20 2017...
VALID TODAY AS OF 0430 PM LOCAL TIME.

CLIMATE NORMAL PERIOD 1981 TO 2010
CLIMATE RECORD PERIOD 1873 TO 2017


WEATHER ITEM   OBSERVED TIME   RECORD YEAR NORMAL DEPARTURE LAST
                VALUE   (LST)  VALUE       VALUE  FROM      YEAR
                                                  NORMAL
..................................................................
TEMPERATURE (F)
 TODAY
  MAXIMUM         52    331 PM  94    1934  72    -20       78
  MINIMUM         47   1155 AM  32    1892  50     -3       47
  AVERAGE         50                        61    -11       63

PRECIPITATION (IN)
  TODAY            0.81          1.46 1913   0.12   0.69     0.00
  MONTH TO DATE    6.48                      2.23   4.25     1.44
  SINCE MAR 1     13.11                      7.61   5.50     6.13
  SINCE JAN 1     16.97                      9.78   7.19     7.78

SNOWFALL (IN)
  TODAY            0.0           0.0  2002   0.0    0.0      0.0
                                      2001
  MONTH TO DATE    T                         0.1   -0.1      0.0
  SINCE JUL 1     42.2                      43.4   -1.2     40.3
  SNOW DEPTH       0

DEGREE DAYS
 HEATING
  TODAY           15                         6      9        2
  MONTH TO DATE  164                       157      7      192
  SINCE JUL 1   5718                      7109  -1391     5949

 COOLING
  TODAY            0                         1     -1        0
  MONTH TO DATE   27                        18      9        7
  SINCE JAN 1     33                        25      8       18
..................................................................


WIND (MPH)
  HIGHEST WIND SPEED    16   HIGHEST WIND DIRECTION     E (70)
  HIGHEST GUST SPEED    22   HIGHEST GUST DIRECTION    NE (60)
  AVERAGE WIND SPEED     9.1


SKY COVER
  POSSIBLE SUNSHINE  MM
  AVERAGE SKY COVER 1.0


WEATHER CONDITIONS
 THE FOLLOWING WEATHER WAS RECORDED TODAY.
  HEAVY RAIN
  RAIN
  LIGHT RAIN
  FOG


RELATIVE HUMIDITY (PERCENT)
 HIGHEST    93          1100 AM
 LOWEST     50          1200 AM
 AVERAGE    72

..........................................................


THE LA CROSSE WI CLIMATE NORMALS FOR TOMORROW
                         NORMAL    RECORD    YEAR
 MAXIMUM TEMPERATURE (F)   72        92      1970
 MINIMUM TEMPERATURE (F)   50        31      1883


SUNRISE AND SUNSET
MAY 20 2017...........SUNRISE   534 AM CDT   SUNSET   830 PM CDT
MAY 21 2017...........SUNRISE   533 AM CDT   SUNSET   831 PM CDT


-  INDICATES NEGATIVE NUMBERS.
R  INDICATES RECORD WAS SET OR TIED.
MM INDICATES DATA IS MISSING.
T  INDICATES TRACE AMOUNT.




$$
