000
CDUS43 KARX 170653
CLILSE


CLIMATE REPORT
NATIONAL WEATHER SERVICE LA CROSSE WI
1252 AM CST TUE JAN 17 2017


...................................

...THE LA CROSSE WI CLIMATE SUMMARY FOR JANUARY 16 2017...

CLIMATE NORMAL PERIOD 1981 TO 2010
CLIMATE RECORD PERIOD 1873 TO 2017


WEATHER ITEM   OBSERVED TIME   RECORD YEAR NORMAL DEPARTURE LAST
                VALUE   (LST)  VALUE       VALUE  FROM      YEAR
                                                  NORMAL
..................................................................
TEMPERATURE (F)
 YESTERDAY
  MAXIMUM         36        MM  51    1974  26     10       22
                                      1913
  MINIMUM         16        MM -39    1888   9      7       -4
  AVERAGE         26                        17      9        9

PRECIPITATION (IN)
  YESTERDAY        0.48          0.78 1980   0.04   0.44      T
  MONTH TO DATE    1.63                      0.56   1.07     0.58
  SINCE DEC 1      3.82                      1.92   1.90     5.51
  SINCE JAN 1      1.63                      0.56   1.07     0.58

SNOWFALL (IN)
  YESTERDAY        0.0           5.5  1994   0.3   -0.3       T
  MONTH TO DATE    4.6                       4.9   -0.3      2.7
  SINCE JUL 1     25.4                      20.5    4.9     15.2
  SNOW DEPTH       6

DEGREE DAYS
 HEATING
  YESTERDAY       39                        48     -9       56
  MONTH TO DATE  786                       764     22      736
  SINCE JUL 1   2921                      3608   -687     2771

 COOLING
  YESTERDAY        0                         0      0        0
  MONTH TO DATE    0                         0      0        0
  SINCE JAN 1      0                         0      0        0
..................................................................


WIND (MPH)
  HIGHEST WIND SPEED     7   HIGHEST WIND DIRECTION     E (80)
  HIGHEST GUST SPEED    MM   HIGHEST GUST DIRECTION    MM
  AVERAGE WIND SPEED     4.4


SKY COVER
  POSSIBLE SUNSHINE  MM
  AVERAGE SKY COVER 0.8


WEATHER CONDITIONS
 THE FOLLOWING WEATHER WAS RECORDED YESTERDAY.
  RAIN
  LIGHT RAIN
  FREEZING RAIN
  LT FREEZING RAIN
  FOG
  HAZE


RELATIVE HUMIDITY (PERCENT)
 HIGHEST    92          1100 PM
 LOWEST     66           100 PM
 AVERAGE    79

..........................................................


THE LA CROSSE WI CLIMATE NORMALS FOR TODAY
                         NORMAL    RECORD    YEAR
 MAXIMUM TEMPERATURE (F)   26        56      1894
 MINIMUM TEMPERATURE (F)    8       -30      1873


SUNRISE AND SUNSET
JANUARY 17 2017.......SUNRISE   735 AM CST   SUNSET   456 PM CST
JANUARY 18 2017.......SUNRISE   734 AM CST   SUNSET   457 PM CST


-  INDICATES NEGATIVE NUMBERS.
R  INDICATES RECORD WAS SET OR TIED.
MM INDICATES DATA IS MISSING.
T  INDICATES TRACE AMOUNT.




$$
