000
CDUS43 KARX 300700
CLILSE


CLIMATE REPORT
NATIONAL WEATHER SERVICE LA CROSSE WI
1259 AM CST FRI JAN 30 2015


...................................

...THE LA CROSSE WI CLIMATE SUMMARY FOR JANUARY 29 2015...

CLIMATE NORMAL PERIOD 1981 TO 2010
CLIMATE RECORD PERIOD 1873 TO 2015


WEATHER ITEM   OBSERVED TIME   RECORD YEAR NORMAL DEPARTURE LAST
                VALUE   (LST)  VALUE       VALUE  FROM      YEAR
                                                  NORMAL
..................................................................
TEMPERATURE (F)
 YESTERDAY
  MAXIMUM         39    128 PM  49    1914  27     12       29
  MINIMUM         20   1159 PM -36    1873   9     11      -11
  AVERAGE         30                        18     12        9

PRECIPITATION (IN)
  YESTERDAY        T             0.98 1891   0.04  -0.04     0.00
  MONTH TO DATE    0.61                      1.05  -0.44     0.88
  SINCE DEC 1      1.71                      2.41  -0.70     2.40
  SINCE JAN 1      0.61                      1.05  -0.44     0.88

SNOWFALL (IN)
  YESTERDAY        T             7.2  1909   0.3   -0.3      0.0
  MONTH TO DATE    8.6                       9.9   -1.3     14.0
  SINCE JUL 1     18.4                      25.5   -7.1     27.7
  SNOW DEPTH       2

DEGREE DAYS
 HEATING
  YESTERDAY       35                        47    -12       56
  MONTH TO DATE 1285                      1383    -98     1609
  SINCE JUL 1   4024                      4227   -203     4537

 COOLING
  YESTERDAY        0                         0      0        0
  MONTH TO DATE    0                         0      0        0
  SINCE JAN 1      0                         0      0        0
..................................................................


WIND (MPH)
  HIGHEST WIND SPEED    28   HIGHEST WIND DIRECTION     N (340)
  HIGHEST GUST SPEED    36   HIGHEST GUST DIRECTION     N (340)
  AVERAGE WIND SPEED    14.9


SKY COVER
  POSSIBLE SUNSHINE  MM
  AVERAGE SKY COVER 1.0


WEATHER CONDITIONS
 THE FOLLOWING WEATHER WAS RECORDED YESTERDAY.
  LIGHT SNOW
  FOG


RELATIVE HUMIDITY (PERCENT)
 HIGHEST    85           100 AM
 LOWEST     56           300 PM
 AVERAGE    71

..........................................................


THE LA CROSSE WI CLIMATE NORMALS FOR TODAY
                         NORMAL    RECORD    YEAR
 MAXIMUM TEMPERATURE (F)   27        48      1931
                                             1890
 MINIMUM TEMPERATURE (F)    9       -37      1951


SUNRISE AND SUNSET
JANUARY 30 2015.......SUNRISE   724 AM CST   SUNSET   513 PM CST
JANUARY 31 2015.......SUNRISE   723 AM CST   SUNSET   514 PM CST


-  INDICATES NEGATIVE NUMBERS.
R  INDICATES RECORD WAS SET OR TIED.
MM INDICATES DATA IS MISSING.
T  INDICATES TRACE AMOUNT.




$$
