000
CDUS43 KARX 232151
CLILSE


CLIMATE REPORT
NATIONAL WEATHER SERVICE LA CROSSE WI
451 PM CDT TUE MAY 23 2017


...................................

...THE LA CROSSE WI CLIMATE SUMMARY FOR MAY 23 2017...
VALID TODAY AS OF 0445 PM LOCAL TIME.

CLIMATE NORMAL PERIOD 1981 TO 2010
CLIMATE RECORD PERIOD 1873 TO 2017


WEATHER ITEM   OBSERVED TIME   RECORD YEAR NORMAL DEPARTURE LAST
                VALUE   (LST)  VALUE       VALUE  FROM      YEAR
                                                  NORMAL
..................................................................
TEMPERATURE (F)
 TODAY
  MAXIMUM         61    138 PM  92    1975  73    -12       88
                                      1972
  MINIMUM         52    138 AM  31    1931  51      1       55
  AVERAGE         57                        62     -5       72

PRECIPITATION (IN)
  TODAY            T             2.02 1901   0.11  -0.11     0.00
  MONTH TO DATE    6.85                      2.57   4.28     1.44
  SINCE MAR 1     13.48                      7.95   5.53     6.13
  SINCE JAN 1     17.34                     10.12   7.22     7.78

SNOWFALL (IN)
  TODAY            0.0           0.0  2002   0.0    0.0      0.0
                                      2001
  MONTH TO DATE    T                         0.1   -0.1      0.0
  SINCE JUL 1     42.2                      43.4   -1.2     40.3
  SNOW DEPTH       0

DEGREE DAYS
 HEATING
  TODAY            8                         5      3        0
  MONTH TO DATE  189                       172     17      192
  SINCE JUL 1   5743                      7124  -1381     5949

 COOLING
  TODAY            0                         2     -2        7
  MONTH TO DATE   27                        24      3       16
  SINCE JAN 1     33                        31      2       27
..................................................................


WIND (MPH)
  HIGHEST WIND SPEED    14   HIGHEST WIND DIRECTION     N (350)
  HIGHEST GUST SPEED    17   HIGHEST GUST DIRECTION     N (350)
  AVERAGE WIND SPEED     4.8


SKY COVER
  POSSIBLE SUNSHINE  MM
  AVERAGE SKY COVER 0.9


WEATHER CONDITIONS
 THE FOLLOWING WEATHER WAS RECORDED TODAY.
  LIGHT RAIN
  FOG


RELATIVE HUMIDITY (PERCENT)
 HIGHEST   100           100 AM
 LOWEST     72           300 PM
 AVERAGE    86

..........................................................


THE LA CROSSE WI CLIMATE NORMALS FOR TOMORROW
                         NORMAL    RECORD    YEAR
 MAXIMUM TEMPERATURE (F)   73        93      2010
                                             1928
 MINIMUM TEMPERATURE (F)   51        34      1925


SUNRISE AND SUNSET
MAY 23 2017...........SUNRISE   531 AM CDT   SUNSET   833 PM CDT
MAY 24 2017...........SUNRISE   531 AM CDT   SUNSET   834 PM CDT


-  INDICATES NEGATIVE NUMBERS.
R  INDICATES RECORD WAS SET OR TIED.
MM INDICATES DATA IS MISSING.
T  INDICATES TRACE AMOUNT.




$$
