423
CDUS43 KARX 230638
CLILSE


CLIMATE REPORT
NATIONAL WEATHER SERVICE LA CROSSE WI
1235 AM CST MON JAN 23 2017


...................................

...THE LA CROSSE WI CLIMATE SUMMARY FOR JANUARY 22 2017...

CLIMATE NORMAL PERIOD 1981 TO 2010
CLIMATE RECORD PERIOD 1873 TO 2017


WEATHER ITEM   OBSERVED TIME   RECORD YEAR NORMAL DEPARTURE LAST
                VALUE   (LST)  VALUE       VALUE  FROM      YEAR
                                                  NORMAL
..................................................................
TEMPERATURE (F)
 YESTERDAY
  MAXIMUM         42    118 AM  51    1964  26     16       26
  MINIMUM         37    848 AM -28    1936   9     28       21
  AVERAGE         40                        17     23       24

PRECIPITATION (IN)
  YESTERDAY        T             0.74 1933   0.03  -0.03      T
  MONTH TO DATE    2.02                      0.78   1.24     0.58
  SINCE DEC 1      4.21                      2.14   2.07     5.51
  SINCE JAN 1      2.02                      0.78   1.24     0.58

SNOWFALL (IN)
  YESTERDAY        0.0           4.1  1982   0.4   -0.4       T
  MONTH TO DATE    4.6                       7.2   -2.6      2.7
  SINCE JUL 1     25.4                      22.8    2.6     15.2
  SNOW DEPTH       3

DEGREE DAYS
 HEATING
  YESTERDAY       25                        48    -23       41
  MONTH TO DATE  948                      1052   -104     1072
  SINCE JUL 1   3083                      3896   -813     3107

 COOLING
  YESTERDAY        0                         0      0        0
  MONTH TO DATE    0                         0      0        0
  SINCE JAN 1      0                         0      0        0
..................................................................


WIND (MPH)
  HIGHEST WIND SPEED    10   HIGHEST WIND DIRECTION    NW (320)
  HIGHEST GUST SPEED    14   HIGHEST GUST DIRECTION    NW (320)
  AVERAGE WIND SPEED     3.5


SKY COVER
  POSSIBLE SUNSHINE  MM
  AVERAGE SKY COVER 1.0


WEATHER CONDITIONS
 THE FOLLOWING WEATHER WAS RECORDED YESTERDAY.
  LIGHT RAIN
  FOG
  FOG W/VISIBILITY <= 1/4 MILE
  HAZE


RELATIVE HUMIDITY (PERCENT)
 HIGHEST    92          1200 AM
 LOWEST     79           600 PM
 AVERAGE    86

..........................................................


THE LA CROSSE WI CLIMATE NORMALS FOR TODAY
                         NORMAL    RECORD    YEAR
 MAXIMUM TEMPERATURE (F)   26        50      1916
 MINIMUM TEMPERATURE (F)    9       -26      1963
                                             1936
                                             1935


SUNRISE AND SUNSET
JANUARY 23 2017.......SUNRISE   730 AM CST   SUNSET   504 PM CST
JANUARY 24 2017.......SUNRISE   730 AM CST   SUNSET   505 PM CST


-  INDICATES NEGATIVE NUMBERS.
R  INDICATES RECORD WAS SET OR TIED.
MM INDICATES DATA IS MISSING.
T  INDICATES TRACE AMOUNT.




$$
