000
CDUS43 KARX 230633
CLILSE


CLIMATE REPORT
NATIONAL WEATHER SERVICE LA CROSSE WI
133 AM CDT SUN APR 23 2017


...................................

...THE LA CROSSE WI CLIMATE SUMMARY FOR APRIL 22 2017...

CLIMATE NORMAL PERIOD 1981 TO 2010
CLIMATE RECORD PERIOD 1873 TO 2017


WEATHER ITEM   OBSERVED TIME   RECORD YEAR NORMAL DEPARTURE LAST
                VALUE   (LST)  VALUE       VALUE  FROM      YEAR
                                                  NORMAL
..................................................................
TEMPERATURE (F)
 YESTERDAY
  MAXIMUM         69    451 PM  93    1980  63      6       64
  MINIMUM         36    503 AM  23    1986  41     -5       46
  AVERAGE         53                        52      1       55

PRECIPITATION (IN)
  YESTERDAY        0.00          1.60 1999   0.12  -0.12     0.00
  MONTH TO DATE    3.97                      2.36   1.61     0.33
  SINCE MAR 1      5.73                      4.40   1.33     3.94
  SINCE JAN 1      9.59                      6.57   3.02     5.59

SNOWFALL (IN)
  YESTERDAY        0.0           0.7  1963   0.0    0.0      0.0
                                      2001
  MONTH TO DATE    0.0                       1.5   -1.5      0.6
  SINCE JUL 1     42.2                      43.1   -0.9     40.3
  SNOW DEPTH       0

DEGREE DAYS
 HEATING
  YESTERDAY       12                        14     -2       10
  MONTH TO DATE  258                       403   -145      356
  SINCE JUL 1   5440                      6856  -1416     5655

 COOLING
  YESTERDAY        0                         0      0        0
  MONTH TO DATE    6                         0      6       11
  SINCE JAN 1      6                         0      6       11
..................................................................


WIND (MPH)
  HIGHEST WIND SPEED    10   HIGHEST WIND DIRECTION    NW (300)
  HIGHEST GUST SPEED    13   HIGHEST GUST DIRECTION    NW (330)
  AVERAGE WIND SPEED     4.2


SKY COVER
  POSSIBLE SUNSHINE  MM
  AVERAGE SKY COVER 0.0


WEATHER CONDITIONS
 THE FOLLOWING WEATHER WAS RECORDED YESTERDAY.
  NO SIGNIFICANT WEATHER WAS OBSERVED.


RELATIVE HUMIDITY (PERCENT)
 HIGHEST    79           600 AM
 LOWEST     17           400 PM
 AVERAGE    48

..........................................................


THE LA CROSSE WI CLIMATE NORMALS FOR TODAY
                         NORMAL    RECORD    YEAR
 MAXIMUM TEMPERATURE (F)   63        86      1960
                                             1925
 MINIMUM TEMPERATURE (F)   41        20      1910


SUNRISE AND SUNSET
APRIL 23 2017.........SUNRISE   608 AM CDT   SUNSET   759 PM CDT
APRIL 24 2017.........SUNRISE   607 AM CDT   SUNSET   800 PM CDT


-  INDICATES NEGATIVE NUMBERS.
R  INDICATES RECORD WAS SET OR TIED.
MM INDICATES DATA IS MISSING.
T  INDICATES TRACE AMOUNT.




$$
