000
CDUS43 KARX 300643
CLILSE


CLIMATE REPORT
NATIONAL WEATHER SERVICE LA CROSSE WI
1242 AM CST WED NOV 30 2016


...................................

...THE LA CROSSE WI CLIMATE SUMMARY FOR NOVEMBER 29 2016...

CLIMATE NORMAL PERIOD 1981 TO 2010
CLIMATE RECORD PERIOD 1873 TO 2016


WEATHER ITEM   OBSERVED TIME   RECORD YEAR NORMAL DEPARTURE LAST
                VALUE   (LST)  VALUE       VALUE  FROM      YEAR
                                                  NORMAL
..................................................................
TEMPERATURE (F)
 YESTERDAY
  MAXIMUM         46   1215 AM  65    1998  36     10       34
  MINIMUM         40   1039 AM -21    1875  21     19       18
  AVERAGE         43                        28     15       26

PRECIPITATION (IN)
  YESTERDAY        0.00          0.52 1913   0.07  -0.07     0.00
  MONTH TO DATE    1.10                      1.95  -0.85     1.55
  SINCE SEP 1     13.79                      7.68   6.11     6.46
  SINCE JAN 1     42.51                     31.64  10.87    29.17

SNOWFALL (IN)
  YESTERDAY        0.0           6.0  1988   0.2   -0.2      0.0
  MONTH TO DATE    T                         3.8   -3.8      0.8
  SINCE JUL 1      T                         4.0   -4.0      0.8
  SNOW DEPTH       0

DEGREE DAYS
 HEATING
  YESTERDAY       22                        37    -15       39
  MONTH TO DATE  531                       835   -304      619
  SINCE JUL 1    834                      1463   -629     1057

 COOLING
  YESTERDAY        0                         0      0        0
  MONTH TO DATE    0                         0      0        0
  SINCE JAN 1   1033                       782    251      887
..................................................................


WIND (MPH)
  HIGHEST WIND SPEED    26   HIGHEST WIND DIRECTION    SW (230)
  HIGHEST GUST SPEED    32   HIGHEST GUST DIRECTION    SW (230)
  AVERAGE WIND SPEED    12.7


SKY COVER
  POSSIBLE SUNSHINE  MM
  AVERAGE SKY COVER 1.0


WEATHER CONDITIONS
 THE FOLLOWING WEATHER WAS RECORDED YESTERDAY.
  NO SIGNIFICANT WEATHER WAS OBSERVED.


RELATIVE HUMIDITY (PERCENT)
 HIGHEST    76          1200 AM
 LOWEST     57          1200 PM
 AVERAGE    67

..........................................................


THE LA CROSSE WI CLIMATE NORMALS FOR TODAY
                         NORMAL    RECORD    YEAR
 MAXIMUM TEMPERATURE (F)   35        63      1998
 MINIMUM TEMPERATURE (F)   21       -11      1872


SUNRISE AND SUNSET
NOVEMBER 30 2016......SUNRISE   719 AM CST   SUNSET   429 PM CST
DECEMBER  1 2016......SUNRISE   720 AM CST   SUNSET   428 PM CST


-  INDICATES NEGATIVE NUMBERS.
R  INDICATES RECORD WAS SET OR TIED.
MM INDICATES DATA IS MISSING.
T  INDICATES TRACE AMOUNT.




$$
