000
CDUS43 KARX 142138
CLILSE


CLIMATE REPORT
NATIONAL WEATHER SERVICE LA CROSSE WI
437 PM CDT WED JUN 14 2017


...................................

...THE LA CROSSE WI CLIMATE SUMMARY FOR JUNE 14 2017...
VALID TODAY AS OF 0430 PM LOCAL TIME.

CLIMATE NORMAL PERIOD 1981 TO 2010
CLIMATE RECORD PERIOD 1873 TO 2017


WEATHER ITEM   OBSERVED TIME   RECORD YEAR NORMAL DEPARTURE LAST
                VALUE   (LST)  VALUE       VALUE  FROM      YEAR
                                                  NORMAL
..................................................................
TEMPERATURE (F)
 TODAY
  MAXIMUM         86   1034 AM  98    1987  80      6       84
  MINIMUM         71    132 PM  42    1933  58     13       65
  AVERAGE         79                        69     10       75

PRECIPITATION (IN)
  TODAY            0.08          1.92 2016   0.15  -0.07     1.92
  MONTH TO DATE    0.98                      1.99  -1.01     5.30
  SINCE JUN 1      0.98                      1.99  -1.01     5.30
  SINCE JAN 1     18.67                     13.06   5.61    15.78

SNOWFALL (IN)
  TODAY            0.0           0.0  2002   0.0    0.0      0.0
                                      2001
  MONTH TO DATE    0.0                       0.0    0.0      0.0
  SINCE JUL 1     42.2                      43.3   -1.1     40.3
  SNOW DEPTH       0

DEGREE DAYS
 HEATING
  TODAY            0                         1     -1        0
  MONTH TO DATE    2                        28    -26        4
  SINCE JUL 1   5768                      7185  -1417     5953

 COOLING
  TODAY           14                         5      9       10
  MONTH TO DATE  146                        54     92       79
  SINCE JAN 1    183                       102     81      165
..................................................................


WIND (MPH)
  HIGHEST WIND SPEED    26   HIGHEST WIND DIRECTION    SW (230)
  HIGHEST GUST SPEED    35   HIGHEST GUST DIRECTION    SW (230)
  AVERAGE WIND SPEED     8.9


SKY COVER
  POSSIBLE SUNSHINE  MM
  AVERAGE SKY COVER 0.3


WEATHER CONDITIONS
 THE FOLLOWING WEATHER WAS RECORDED TODAY.
  LIGHT RAIN


RELATIVE HUMIDITY (PERCENT)
 HIGHEST    84           100 PM
 LOWEST     55          1000 AM
 AVERAGE    70

..........................................................


THE LA CROSSE WI CLIMATE NORMALS FOR TOMORROW
                         NORMAL    RECORD    YEAR
 MAXIMUM TEMPERATURE (F)   80        95      1913
 MINIMUM TEMPERATURE (F)   59        42      1927


SUNRISE AND SUNSET
JUNE 14 2017..........SUNRISE   522 AM CDT   SUNSET   849 PM CDT
JUNE 15 2017..........SUNRISE   522 AM CDT   SUNSET   849 PM CDT


-  INDICATES NEGATIVE NUMBERS.
R  INDICATES RECORD WAS SET OR TIED.
MM INDICATES DATA IS MISSING.
T  INDICATES TRACE AMOUNT.




$$
