240
CDUS43 KARX 210700
CLILSE


CLIMATE REPORT
NATIONAL WEATHER SERVICE LA CROSSE WI
158 AM CDT SUN AUG 21 2016

...THE LA CROSSE WI CLIMATE SUMMARY FOR AUGUST 20 2016...

CLIMATE NORMAL PERIOD 1981 TO 2010
CLIMATE RECORD PERIOD 1873 TO 2016

WEATHER ITEM   OBSERVED TIME   RECORD YEAR NORMAL DEPARTURE LAST
                VALUE   (LST)  VALUE       VALUE  FROM      YEAR
                                                  NORMAL
..................................................................
TEMPERATURE (F)
 YESTERDAY
  MAXIMUM         74    407 PM  97    2003  81     -7       76
                                      1955
  MINIMUM         62   1129 PM  42    1950  61      1       56
  AVERAGE         68                        71     -3       66

PRECIPITATION (IN)
  YESTERDAY        0.05          3.03 1939   0.14  -0.09     0.03
  MONTH TO DATE    5.39                      2.87   2.52     1.17
  SINCE JUN 1     17.27                     11.47   5.80     8.49
  SINCE JAN 1     27.75                     22.54   5.21    21.08

SNOWFALL (IN)
  YESTERDAY        0.0           0.0  2002   0.0    0.0      0.0
                                      2001
  MONTH TO DATE    0.0                       0.0    0.0      0.0
  SINCE JUL 1      0.0                       0.0    0.0      0.0
  SNOW DEPTH       0

DEGREE DAYS
 HEATING
  YESTERDAY        0                         0      0        0
  MONTH TO DATE    0                         0      0        2
  SINCE JUL 1      0                         5     -5        5

 COOLING
  YESTERDAY        3                         7     -4        1
  MONTH TO DATE  219                       151     68      180
  SINCE JAN 1    835                       638    197      662
..................................................................

WIND (MPH)
  HIGHEST WIND SPEED    24   HIGHEST WIND DIRECTION    NW (320)
  HIGHEST GUST SPEED    29   HIGHEST GUST DIRECTION    NW (330)
  AVERAGE WIND SPEED    13.1

SKY COVER
  POSSIBLE SUNSHINE  MM
  AVERAGE SKY COVER 0.7

WEATHER CONDITIONS
 THE FOLLOWING WEATHER WAS RECORDED YESTERDAY.
  RAIN
  LIGHT RAIN
  FOG

RELATIVE HUMIDITY (PERCENT)
 HIGHEST   100          1200 AM
 LOWEST     66           500 PM
 AVERAGE    83
..........................................................

THE LA CROSSE WI CLIMATE NORMALS FOR TODAY
                         NORMAL    RECORD    YEAR
 MAXIMUM TEMPERATURE (F)   81       103      1955
 MINIMUM TEMPERATURE (F)   61        40      2004

SUNRISE AND SUNSET
AUGUST 21 2016........SUNRISE   617 AM CDT   SUNSET   759 PM CDT
AUGUST 22 2016........SUNRISE   618 AM CDT   SUNSET   757 PM CDT

-  INDICATES NEGATIVE NUMBERS.
R  INDICATES RECORD WAS SET OR TIED.
MM INDICATES DATA IS MISSING.
T  INDICATES TRACE AMOUNT.

$$

BOYNE
