000
CDUS43 KARX 140637
CLILSE


CLIMATE REPORT
NATIONAL WEATHER SERVICE LA CROSSE WI
1237 AM CST SUN JAN 14 2018


...................................

...THE LA CROSSE WI CLIMATE SUMMARY FOR JANUARY 13 2018...

CLIMATE NORMAL PERIOD 1981 TO 2010
CLIMATE RECORD PERIOD 1873 TO 2018


WEATHER ITEM   OBSERVED TIME   RECORD YEAR NORMAL DEPARTURE LAST
                VALUE   (LST)  VALUE       VALUE  FROM      YEAR
                                                  NORMAL
..................................................................
TEMPERATURE (F)
 YESTERDAY
  MAXIMUM          5    414 PM  50    1894  25    -20       13
  MINIMUM         -8   1120 PM -28    1965   9    -17        0
  AVERAGE         -1                        17    -18        7

PRECIPITATION (IN)
  YESTERDAY        0.00          0.57 1910   0.04  -0.04     0.00
  MONTH TO DATE    0.25                      0.45  -0.20     1.15
  SINCE DEC 1      0.78                      1.81  -1.03     3.34
  SINCE JAN 1      0.25                      0.45  -0.20     1.15

SNOWFALL (IN)
  YESTERDAY        0.0           8.5  1910   0.4   -0.4      0.0
  MONTH TO DATE    1.3                       3.9   -2.6      4.6
  SINCE JUL 1      5.7                      19.5  -13.8     25.4
  SNOW DEPTH       1

DEGREE DAYS
 HEATING
  YESTERDAY       66                        48     18       58
  MONTH TO DATE  687                       620     67      652
  SINCE JUL 1   3251                      3464   -213     2787

 COOLING
  YESTERDAY        0                         0      0        0
  MONTH TO DATE    0                         0      0        0
  SINCE JAN 1      0                         0      0        0
..................................................................


WIND (MPH)
  HIGHEST WIND SPEED    12   HIGHEST WIND DIRECTION     N (350)
  HIGHEST GUST SPEED    15   HIGHEST GUST DIRECTION     N (350)
  AVERAGE WIND SPEED     5.1


SKY COVER
  POSSIBLE SUNSHINE  MM
  AVERAGE SKY COVER 0.0


WEATHER CONDITIONS
 THE FOLLOWING WEATHER WAS RECORDED YESTERDAY.
  NO SIGNIFICANT WEATHER WAS OBSERVED.


RELATIVE HUMIDITY (PERCENT)
 HIGHEST    83          1100 PM
 LOWEST     51           100 PM
 AVERAGE    67

..........................................................


THE LA CROSSE WI CLIMATE NORMALS FOR TODAY
                         NORMAL    RECORD    YEAR
 MAXIMUM TEMPERATURE (F)   26        47      1914
 MINIMUM TEMPERATURE (F)    9       -27      1965
                                             1881


SUNRISE AND SUNSET
JANUARY 14 2018.......SUNRISE   737 AM CST   SUNSET   452 PM CST
JANUARY 15 2018.......SUNRISE   736 AM CST   SUNSET   453 PM CST


-  INDICATES NEGATIVE NUMBERS.
R  INDICATES RECORD WAS SET OR TIED.
MM INDICATES DATA IS MISSING.
T  INDICATES TRACE AMOUNT.




$$
