000
CDUS43 KARX 130658
CLILSE


CLIMATE REPORT
NATIONAL WEATHER SERVICE LA CROSSE WI
1258 AM CST SAT DEC 13 2014


...................................

...THE LA CROSSE WI CLIMATE SUMMARY FOR DECEMBER 12 2014...

CLIMATE NORMAL PERIOD 1981 TO 2010
CLIMATE RECORD PERIOD 1873 TO 2014


WEATHER ITEM   OBSERVED TIME   RECORD YEAR NORMAL DEPARTURE LAST
                VALUE   (LST)  VALUE       VALUE  FROM      YEAR
                                                  NORMAL
..................................................................
TEMPERATURE (F)
 YESTERDAY
  MAXIMUM         38    244 PM  57    1968  30      8       22
  MINIMUM         29    106 AM -13    1958  15     14        0
  AVERAGE         34                        22     12       11

PRECIPITATION (IN)
  YESTERDAY        T             1.01 1991   0.05  -0.05     0.00
  MONTH TO DATE    0.14                      0.63  -0.49     0.71
  SINCE DEC 1      0.14                      0.63  -0.49     0.71
  SINCE JAN 1     36.73                     32.33   4.40    35.08

SNOWFALL (IN)
  YESTERDAY        0.0           8.5  1972   0.5   -0.5      0.0
  MONTH TO DATE    0.1                       4.7   -4.6      3.0
  SINCE JUL 1      7.9                       9.0   -1.1      4.0
  SNOW DEPTH       T

DEGREE DAYS
 HEATING
  YESTERDAY       31                        43    -12       54
  MONTH TO DATE  457                       484    -27      573
  SINCE JUL 1   2057                      1984     73     1977

 COOLING
  YESTERDAY        0                         0      0        0
  MONTH TO DATE    0                         0      0        0
  SINCE JAN 1    822                       782     40      917
..................................................................


WIND (MPH)
  HIGHEST WIND SPEED    14   HIGHEST WIND DIRECTION    SW (210)
  HIGHEST GUST SPEED    17   HIGHEST GUST DIRECTION    SW (220)
  AVERAGE WIND SPEED     6.8


SKY COVER
  POSSIBLE SUNSHINE  MM
  AVERAGE SKY COVER 1.0


WEATHER CONDITIONS
 THE FOLLOWING WEATHER WAS RECORDED YESTERDAY.
  LT FREEZING RAIN
  FOG


RELATIVE HUMIDITY (PERCENT)
 HIGHEST    96          1000 AM
 LOWEST     82           400 PM
 AVERAGE    89

..........................................................


THE LA CROSSE WI CLIMATE NORMALS FOR TODAY
                         NORMAL    RECORD    YEAR
 MAXIMUM TEMPERATURE (F)   29        56      1891
 MINIMUM TEMPERATURE (F)   15       -21      1903


SUNRISE AND SUNSET
DECEMBER 13 2014......SUNRISE   731 AM CST   SUNSET   428 PM CST
DECEMBER 14 2014......SUNRISE   732 AM CST   SUNSET   428 PM CST


-  INDICATES NEGATIVE NUMBERS.
R  INDICATES RECORD WAS SET OR TIED.
MM INDICATES DATA IS MISSING.
T  INDICATES TRACE AMOUNT.




$$
