000
CDUS43 KARX 220700
CLILSE


CLIMATE REPORT
NATIONAL WEATHER SERVICE LA CROSSE WI
100 AM CST SAT NOV 22 2014


...................................

...THE LA CROSSE WI CLIMATE SUMMARY FOR NOVEMBER 21 2014...

CLIMATE NORMAL PERIOD 1981 TO 2010
CLIMATE RECORD PERIOD 1873 TO 2014


WEATHER ITEM   OBSERVED TIME   RECORD YEAR NORMAL DEPARTURE LAST
                VALUE   (LST)  VALUE       VALUE  FROM      YEAR
                                                  NORMAL
..................................................................
TEMPERATURE (F)
 YESTERDAY
  MAXIMUM         35   1159 PM  72    1990  40     -5       42
  MINIMUM          4    639 AM  -9    1880  25    -21       30
  AVERAGE         20                        33    -13       36

PRECIPITATION (IN)
  YESTERDAY        0.00          1.16 1920   0.07  -0.07     0.02
  MONTH TO DATE    0.39                      1.42  -1.03     1.68
  SINCE SEP 1      6.54                      7.15  -0.61     7.13
  SINCE JAN 1     36.02                     31.11   4.91    34.28

SNOWFALL (IN)
  YESTERDAY        0.0           2.2  1961   0.2   -0.2      0.2
  MONTH TO DATE    4.6                       2.0    2.6      0.3
  SINCE JUL 1      4.6                       2.2    2.4      0.3
  SNOW DEPTH       2

DEGREE DAYS
 HEATING
  YESTERDAY       45                        32     13       29
  MONTH TO DATE  715                       557    158      539
  SINCE JUL 1   1275                      1185     90     1053

 COOLING
  YESTERDAY        0                         0      0        0
  MONTH TO DATE    0                         0      0        0
  SINCE JAN 1    822                       782     40      917
..................................................................


WIND (MPH)
  HIGHEST WIND SPEED    20   HIGHEST WIND DIRECTION     S (170)
  HIGHEST GUST SPEED    26   HIGHEST GUST DIRECTION     S (180)
  AVERAGE WIND SPEED    10.6


SKY COVER
  POSSIBLE SUNSHINE  MM
  AVERAGE SKY COVER 0.2


WEATHER CONDITIONS
 THE FOLLOWING WEATHER WAS RECORDED YESTERDAY.
  NO SIGNIFICANT WEATHER WAS OBSERVED.


RELATIVE HUMIDITY (PERCENT)
 HIGHEST    87           500 AM
 LOWEST     42           100 PM
 AVERAGE    65

..........................................................


THE LA CROSSE WI CLIMATE NORMALS FOR TODAY
                         NORMAL    RECORD    YEAR
 MAXIMUM TEMPERATURE (F)   40        64      2012
 MINIMUM TEMPERATURE (F)   25        -3      1880


SUNRISE AND SUNSET
NOVEMBER 22 2014......SUNRISE   709 AM CST   SUNSET   433 PM CST
NOVEMBER 23 2014......SUNRISE   710 AM CST   SUNSET   433 PM CST


-  INDICATES NEGATIVE NUMBERS.
R  INDICATES RECORD WAS SET OR TIED.
MM INDICATES DATA IS MISSING.
T  INDICATES TRACE AMOUNT.




$$
