125
CDUS43 KARX 210651
CLILSE


CLIMATE REPORT
NATIONAL WEATHER SERVICE LA CROSSE WI
148 AM CDT THU JUL 21 2016


...................................

...THE LA CROSSE WI CLIMATE SUMMARY FOR JULY 20 2016...

CLIMATE NORMAL PERIOD 1981 TO 2010
CLIMATE RECORD PERIOD 1873 TO 2016


WEATHER ITEM   OBSERVED TIME   RECORD YEAR NORMAL DEPARTURE LAST
                VALUE   (LST)  VALUE       VALUE  FROM      YEAR
                                                  NORMAL
..................................................................
TEMPERATURE (F)
 YESTERDAY
  MAXIMUM         89    414 PM 103    1901  84      5       85
  MINIMUM         71    142 AM  49    1970  63      8       63
                                      1966
  AVERAGE         80                        74      6       74

PRECIPITATION (IN)
  YESTERDAY        0.00          2.60 1883   0.14  -0.14     0.03
  MONTH TO DATE    2.85                      2.76   0.09     2.57
  SINCE JUN 1      9.58                      7.10   2.48     6.27
  SINCE JAN 1     20.06                     18.17   1.89    18.86

SNOWFALL (IN)
  YESTERDAY        0.0           0.0  2002   0.0    0.0      0.0
                                      2001
  MONTH TO DATE    0.0                       0.0    0.0      0.0
  SINCE JUL 1      0.0                       0.0    0.0      0.0
  SNOW DEPTH       0

DEGREE DAYS
 HEATING
  YESTERDAY        0                         0      0        0
  MONTH TO DATE    0                         0      0        3
  SINCE JUL 1      0                         0      0        3

 COOLING
  YESTERDAY       15                         9      6        9
  MONTH TO DATE  189                       179     10      135
  SINCE JAN 1    487                       393     94      367
..................................................................


WIND (MPH)
  HIGHEST WIND SPEED    23   HIGHEST WIND DIRECTION     S (170)
  HIGHEST GUST SPEED    28   HIGHEST GUST DIRECTION     S (190)
  AVERAGE WIND SPEED    12.5


SKY COVER
  POSSIBLE SUNSHINE  MM
  AVERAGE SKY COVER 0.2


WEATHER CONDITIONS
 THE FOLLOWING WEATHER WAS RECORDED YESTERDAY.
  NO SIGNIFICANT WEATHER WAS OBSERVED.


RELATIVE HUMIDITY (PERCENT)
 HIGHEST    87          1200 AM
 LOWEST     59           200 PM
 AVERAGE    73

..........................................................


THE LA CROSSE WI CLIMATE NORMALS FOR TODAY
                         NORMAL    RECORD    YEAR
 MAXIMUM TEMPERATURE (F)   84       104      1901
 MINIMUM TEMPERATURE (F)   63        47      1992


SUNRISE AND SUNSET
JULY 21 2016..........SUNRISE   543 AM CDT   SUNSET   840 PM CDT
JULY 22 2016..........SUNRISE   544 AM CDT   SUNSET   839 PM CDT


-  INDICATES NEGATIVE NUMBERS.
R  INDICATES RECORD WAS SET OR TIED.
MM INDICATES DATA IS MISSING.
T  INDICATES TRACE AMOUNT.




$$
