000
CDUS43 KARX 170733
CLILSE


CLIMATE REPORT
NATIONAL WEATHER SERVICE LA CROSSE WI
230 AM CDT FRI OCT 17 2014

...THE LA CROSSE WI CLIMATE SUMMARY FOR OCTOBER 16 2014...

CLIMATE NORMAL PERIOD 1981 TO 2010
CLIMATE RECORD PERIOD 1873 TO 2014

WEATHER ITEM   OBSERVED TIME   RECORD YEAR NORMAL DEPARTURE LAST
                VALUE   (LST)  VALUE       VALUE  FROM      YEAR
                                                  NORMAL
..................................................................
TEMPERATURE (F)
 YESTERDAY
  MAXIMUM         70    347 PM  85    1910  60     10       52
  MINIMUM         41    307 AM  25    2002  40      1       39
  AVERAGE         56                        50      6       46

PRECIPITATION (IN)
  YESTERDAY        0.00          1.27 1878   0.06  -0.06      T
  MONTH TO DATE    3.28                      1.21   2.07     3.59
  SINCE SEP 1      5.90                      4.77   1.13     5.20
  SINCE JAN 1     35.38                     28.73   6.65    32.35

SNOWFALL (IN)
  YESTERDAY        0.0           0.2  1952   0.0    0.0      0.0
  MONTH TO DATE    0.0                       0.0    0.0      0.0
  SINCE JUL 1      0.0                       0.0    0.0       T
  SNOW DEPTH       0

DEGREE DAYS
 HEATING
  YESTERDAY        9                        15     -6       19
  MONTH TO DATE  212                       199     13      106
  SINCE JUL 1    334                       359    -25      186

 COOLING
  YESTERDAY        0                         0      0        0
  MONTH TO DATE    0                         7     -7        1
  SINCE JAN 1    822                       781     41      917
..................................................................

WIND (MPH)
  HIGHEST WIND SPEED    15   HIGHEST WIND DIRECTION     S (170)
  HIGHEST GUST SPEED    18   HIGHEST GUST DIRECTION     S (160)
  AVERAGE WIND SPEED     6.9

SKY COVER
  POSSIBLE SUNSHINE  MM
  AVERAGE SKY COVER 0.3

WEATHER CONDITIONS
 THE FOLLOWING WEATHER WAS RECORDED YESTERDAY.
  FOG
  FOG W/VISIBILITY <= 1/4 MILE

RELATIVE HUMIDITY (PERCENT)
 HIGHEST   100           500 AM
 LOWEST     40           400 PM
 AVERAGE    70
..........................................................

THE LA CROSSE WI CLIMATE NORMALS FOR TODAY
                         NORMAL    RECORD    YEAR
 MAXIMUM TEMPERATURE (F)   60        84      1910
 MINIMUM TEMPERATURE (F)   40        23      1952

SUNRISE AND SUNSET
OCTOBER 17 2014.......SUNRISE   722 AM CDT   SUNSET   618 PM CDT
OCTOBER 18 2014.......SUNRISE   723 AM CDT   SUNSET   616 PM CDT

-  INDICATES NEGATIVE NUMBERS.
R  INDICATES RECORD WAS SET OR TIED.
MM INDICATES DATA IS MISSING.
T  INDICATES TRACE AMOUNT.

$$

BOYNE
