572
CDUS43 KARX 250646
CLILSE


CLIMATE REPORT
NATIONAL WEATHER SERVICE LA CROSSE WI
146 AM CDT SUN SEP 25 2016


...................................

...THE LA CROSSE WI CLIMATE SUMMARY FOR SEPTEMBER 24 2016...

CLIMATE NORMAL PERIOD 1981 TO 2010
CLIMATE RECORD PERIOD 1873 TO 2016


WEATHER ITEM   OBSERVED TIME   RECORD YEAR NORMAL DEPARTURE LAST
                VALUE   (LST)  VALUE       VALUE  FROM      YEAR
                                                  NORMAL
..................................................................
TEMPERATURE (F)
 YESTERDAY
  MAXIMUM         72    122 PM  92    1891  70      2       80
  MINIMUM         65    803 AM  31    1942  49     16       63
  AVERAGE         69                        59     10       72

PRECIPITATION (IN)
  YESTERDAY        0.00          1.49 1986   0.11  -0.11     0.00
  MONTH TO DATE   10.32                      2.93   7.39     2.57
  SINCE SEP 1     10.32                      2.93   7.39     2.57
  SINCE JAN 1     39.04                     26.89  12.15    25.28

SNOWFALL (IN)
  YESTERDAY        0.0           0.0  2002   0.0    0.0      0.0
                                      2001
  MONTH TO DATE    0.0                       0.0    0.0      0.0
  SINCE JUL 1      0.0                       0.0    0.0      0.0
  SNOW DEPTH       0

DEGREE DAYS
 HEATING
  YESTERDAY        0                         7     -7        0
  MONTH TO DATE    1                        89    -88       26
  SINCE JUL 1      1                       109   -108       40

 COOLING
  YESTERDAY        4                         1      3        7
  MONTH TO DATE  108                        68     40      167
  SINCE JAN 1   1017                       768    249      858
..................................................................


WIND (MPH)
  HIGHEST WIND SPEED    15   HIGHEST WIND DIRECTION    SE (150)
  HIGHEST GUST SPEED    21   HIGHEST GUST DIRECTION    SE (150)
  AVERAGE WIND SPEED     7.9


SKY COVER
  POSSIBLE SUNSHINE  MM
  AVERAGE SKY COVER 0.9


WEATHER CONDITIONS
 THE FOLLOWING WEATHER WAS RECORDED YESTERDAY.
  NO SIGNIFICANT WEATHER WAS OBSERVED.


RELATIVE HUMIDITY (PERCENT)
 HIGHEST    93           800 AM
 LOWEST     73          1200 AM
 AVERAGE    83

..........................................................


THE LA CROSSE WI CLIMATE NORMALS FOR TODAY
                         NORMAL    RECORD    YEAR
 MAXIMUM TEMPERATURE (F)   69        89      1920
 MINIMUM TEMPERATURE (F)   48        30      1942
                                             1926


SUNRISE AND SUNSET
SEPTEMBER 25 2016.....SUNRISE   656 AM CDT   SUNSET   656 PM CDT
SEPTEMBER 26 2016.....SUNRISE   657 AM CDT   SUNSET   654 PM CDT


-  INDICATES NEGATIVE NUMBERS.
R  INDICATES RECORD WAS SET OR TIED.
MM INDICATES DATA IS MISSING.
T  INDICATES TRACE AMOUNT.




$$
