438
CDUS43 KARX 162131
CLILSE


CLIMATE REPORT
NATIONAL WEATHER SERVICE LA CROSSE WI
431 PM CDT SAT SEP 16 2017


...................................

...THE LA CROSSE WI CLIMATE SUMMARY FOR SEPTEMBER 16 2017...
VALID TODAY AS OF 0430 PM LOCAL TIME.

CLIMATE NORMAL PERIOD 1981 TO 2010
CLIMATE RECORD PERIOD 1873 TO 2017


WEATHER ITEM   OBSERVED TIME   RECORD YEAR NORMAL DEPARTURE LAST
                VALUE   (LST)  VALUE       VALUE  FROM      YEAR
                                                  NORMAL
..................................................................
TEMPERATURE (F)
 TODAY
  MAXIMUM         86    249 PM  94    1931  73     13       76
  MINIMUM         70    819 AM  34    1916  52     18       66
  AVERAGE         78                        63     15       71

PRECIPITATION (IN)
  TODAY            T             2.85 1992   0.11  -0.11     0.25
  MONTH TO DATE    0.19                      1.96  -1.77     5.62
  SINCE SEP 1      0.19                      1.96  -1.77     5.62
  SINCE JAN 1     31.95                     25.92   6.03    34.34

SNOWFALL (IN)
  TODAY            0.0           0.0  2002   0.0    0.0      0.0
                                      2001
  MONTH TO DATE    0.0                       0.0    0.0      0.0
  SINCE JUL 1      0.0                       0.0    0.0      0.0
  SNOW DEPTH       0

DEGREE DAYS
 HEATING
  TODAY            0                         4     -4        0
  MONTH TO DATE   21                        42    -21        1
  SINCE JUL 1     21                        62    -41        1

 COOLING
  TODAY           13                         2     11        6
  MONTH TO DATE   80                        56     24       69
  SINCE JAN 1    895                       756    139      978
..................................................................


WIND (MPH)
  HIGHEST WIND SPEED    22   HIGHEST WIND DIRECTION     S (170)
  HIGHEST GUST SPEED    28   HIGHEST GUST DIRECTION     S (160)
  AVERAGE WIND SPEED    12.3


SKY COVER
  POSSIBLE SUNSHINE  MM
  AVERAGE SKY COVER 0.1


WEATHER CONDITIONS
 THE FOLLOWING WEATHER WAS RECORDED TODAY.
  LIGHT RAIN


RELATIVE HUMIDITY (PERCENT)
 HIGHEST    79           800 AM
 LOWEST     55           300 PM
 AVERAGE    67

..........................................................


THE LA CROSSE WI CLIMATE NORMALS FOR TOMORROW
                         NORMAL    RECORD    YEAR
 MAXIMUM TEMPERATURE (F)   73        93      1988
                                             1955
 MINIMUM TEMPERATURE (F)   52        33      1916


SUNRISE AND SUNSET
SEPTEMBER 16 2017.....SUNRISE   646 AM CDT   SUNSET   713 PM CDT
SEPTEMBER 17 2017.....SUNRISE   647 AM CDT   SUNSET   711 PM CDT


-  INDICATES NEGATIVE NUMBERS.
R  INDICATES RECORD WAS SET OR TIED.
MM INDICATES DATA IS MISSING.
T  INDICATES TRACE AMOUNT.




$$
