000
CDUS43 KARX 010704
CLILSE


CLIMATE REPORT
NATIONAL WEATHER SERVICE LA CROSSE WI
200 AM CDT WED JUL 1 2015


...................................

...THE LA CROSSE WI CLIMATE SUMMARY FOR JUNE 30 2015...

CLIMATE NORMAL PERIOD 1981 TO 2010
CLIMATE RECORD PERIOD 1873 TO 2015


WEATHER ITEM   OBSERVED TIME   RECORD YEAR NORMAL DEPARTURE LAST
                VALUE   (LST)  VALUE       VALUE  FROM      YEAR
                                                  NORMAL
..................................................................
TEMPERATURE (F)
 YESTERDAY
  MAXIMUM         77    342 PM 100    1933  84     -7       80
                                      1931
                                      1910
  MINIMUM         60   1159 PM  48    1943  63     -3       66
  AVERAGE         69                        73     -4       73

PRECIPITATION (IN)
  YESTERDAY        0.00          1.93 1978   0.15  -0.15     0.17
  MONTH TO DATE    3.70                      4.34  -0.64     6.70
  SINCE JUN 1      3.70                      4.34  -0.64     6.70
  SINCE JAN 1     16.29                     15.41   0.88    19.86

SNOWFALL (IN)
  YESTERDAY        0.0           0.0  2002   0.0    0.0      0.0
                                      2001
  MONTH TO DATE    0.0                       0.0    0.0      0.0
  SINCE JUL 1     38.8                      43.3   -4.5     48.9
  SNOW DEPTH       0

DEGREE DAYS
 HEATING
  YESTERDAY        0                         0      0        0
  MONTH TO DATE   12                        38    -26        1
  SINCE JUL 1   7066                      7195   -129     8136

 COOLING
  YESTERDAY        4                         8     -4        8
  MONTH TO DATE  167                       166      1      222
  SINCE JAN 1    232                       214     18      281
..................................................................


WIND (MPH)
  HIGHEST WIND SPEED    16   HIGHEST WIND DIRECTION     N (340)
  HIGHEST GUST SPEED    21   HIGHEST GUST DIRECTION    NW (330)
  AVERAGE WIND SPEED     7.2


SKY COVER
  POSSIBLE SUNSHINE  MM
  AVERAGE SKY COVER 0.5


WEATHER CONDITIONS
 THE FOLLOWING WEATHER WAS RECORDED YESTERDAY.
  FOG
  FOG W/VISIBILITY <= 1/4 MILE


RELATIVE HUMIDITY (PERCENT)
 HIGHEST   100           200 AM
 LOWEST     43           500 PM
 AVERAGE    72

..........................................................


THE LA CROSSE WI CLIMATE NORMALS FOR TODAY
                         NORMAL    RECORD    YEAR
 MAXIMUM TEMPERATURE (F)   84       100      1931
 MINIMUM TEMPERATURE (F)   63        47      1976


SUNRISE AND SUNSET
JULY  1 2015..........SUNRISE   526 AM CDT   SUNSET   851 PM CDT
JULY  2 2015..........SUNRISE   527 AM CDT   SUNSET   851 PM CDT


-  INDICATES NEGATIVE NUMBERS.
R  INDICATES RECORD WAS SET OR TIED.
MM INDICATES DATA IS MISSING.
T  INDICATES TRACE AMOUNT.




$$
