000
CDUS43 KARX 180640
CLILSE


CLIMATE REPORT
NATIONAL WEATHER SERVICE LA CROSSE WI
1239 AM CST WED JAN 18 2017


...................................

...THE LA CROSSE WI CLIMATE SUMMARY FOR JANUARY 17 2017...

CLIMATE NORMAL PERIOD 1981 TO 2010
CLIMATE RECORD PERIOD 1873 TO 2017


WEATHER ITEM   OBSERVED TIME   RECORD YEAR NORMAL DEPARTURE LAST
                VALUE   (LST)  VALUE       VALUE  FROM      YEAR
                                                  NORMAL
..................................................................
TEMPERATURE (F)
 YESTERDAY
  MAXIMUM         36   1131 PM  56    1894  26     10       -1
  MINIMUM         34    848 PM -30    1873   8     26      -10
  AVERAGE         35                        17     18       -5

PRECIPITATION (IN)
  YESTERDAY        0.13          0.42 1897   0.04   0.09      T
  MONTH TO DATE    1.76                      0.60   1.16     0.58
  SINCE DEC 1      3.95                      1.96   1.99     5.51
  SINCE JAN 1      1.76                      0.60   1.16     0.58

SNOWFALL (IN)
  YESTERDAY        T             4.4  2008   0.4   -0.4       T
  MONTH TO DATE    4.6                       5.3   -0.7      2.7
  SINCE JUL 1     25.4                      20.9    4.5     15.2
  SNOW DEPTH       6

DEGREE DAYS
 HEATING
  YESTERDAY       30                        48    -18       70
  MONTH TO DATE  816                       812      4      806
  SINCE JUL 1   2951                      3656   -705     2841

 COOLING
  YESTERDAY        0                         0      0        0
  MONTH TO DATE    0                         0      0        0
  SINCE JAN 1      0                         0      0        0
..................................................................


WIND (MPH)
  HIGHEST WIND SPEED    10   HIGHEST WIND DIRECTION    NW (320)
  HIGHEST GUST SPEED    12   HIGHEST GUST DIRECTION    NW (330)
  AVERAGE WIND SPEED     5.9


SKY COVER
  POSSIBLE SUNSHINE  MM
  AVERAGE SKY COVER 1.0


WEATHER CONDITIONS
 THE FOLLOWING WEATHER WAS RECORDED YESTERDAY.
  LIGHT RAIN
  LIGHT SNOW
  FOG


RELATIVE HUMIDITY (PERCENT)
 HIGHEST    92           100 AM
 LOWEST     89           200 AM
 AVERAGE    91

..........................................................


THE LA CROSSE WI CLIMATE NORMALS FOR TODAY
                         NORMAL    RECORD    YEAR
 MAXIMUM TEMPERATURE (F)   26        53      1880
 MINIMUM TEMPERATURE (F)    8       -43      1873


SUNRISE AND SUNSET
JANUARY 18 2017.......SUNRISE   734 AM CST   SUNSET   457 PM CST
JANUARY 19 2017.......SUNRISE   733 AM CST   SUNSET   459 PM CST


-  INDICATES NEGATIVE NUMBERS.
R  INDICATES RECORD WAS SET OR TIED.
MM INDICATES DATA IS MISSING.
T  INDICATES TRACE AMOUNT.




$$
