000
CDUS43 KARX 052132
CLILSE


CLIMATE REPORT
NATIONAL WEATHER SERVICE LA CROSSE WI
431 PM CDT SAT APR 5 2014


...................................

...THE LA CROSSE WI CLIMATE SUMMARY FOR APRIL 5 2014...
VALID TODAY AS OF 0430 PM LOCAL TIME.

CLIMATE NORMAL PERIOD 1981 TO 2010
CLIMATE RECORD PERIOD 1873 TO 2014


WEATHER ITEM   OBSERVED TIME   RECORD YEAR NORMAL DEPARTURE LAST
                VALUE   (LST)  VALUE       VALUE  FROM      YEAR
                                                  NORMAL
..................................................................
TEMPERATURE (F)
 TODAY
  MAXIMUM         52    259 PM  85    1991  54     -2       50
  MINIMUM         25    402 AM  12    1887  34     -9       26
  AVERAGE         39                        44     -5       38

PRECIPITATION (IN)
  TODAY            0.00          1.57 1958   0.09  -0.09     0.02
  MONTH TO DATE    0.56                      0.45   0.11     0.03
  SINCE MAR 1      1.87                      2.49  -0.62     2.15
  SINCE JAN 1      4.23                      4.66  -0.43     4.55

SNOWFALL (IN)
  TODAY            0.0           2.4  1982   0.1   -0.1      0.0
  MONTH TO DATE    0.6                       0.5    0.1      0.0
  SINCE JUL 1     47.2                      42.1    5.1     55.6
  SNOW DEPTH       0

DEGREE DAYS
 HEATING
  TODAY           26                        21      5       27
  MONTH TO DATE  144                       111     33      152
  SINCE JUL 1   7489                      6564    925     6676

 COOLING
  TODAY            0                         0      0        0
  MONTH TO DATE    0                         0      0        0
  SINCE JAN 1      0                         0      0        0
..................................................................


WIND (MPH)
  HIGHEST WIND SPEED    20   HIGHEST WIND DIRECTION    SW (210)
  HIGHEST GUST SPEED    23   HIGHEST GUST DIRECTION    SW (210)
  AVERAGE WIND SPEED     5.9


SKY COVER
  POSSIBLE SUNSHINE  MM
  AVERAGE SKY COVER 0.0


WEATHER CONDITIONS
 THE FOLLOWING WEATHER WAS RECORDED TODAY.
  FOG


RELATIVE HUMIDITY (PERCENT)
 HIGHEST    92           700 AM
 LOWEST     38           300 PM
 AVERAGE    65

..........................................................


THE LA CROSSE WI CLIMATE NORMALS FOR TOMORROW
                         NORMAL    RECORD    YEAR
 MAXIMUM TEMPERATURE (F)   55        91      1991
 MINIMUM TEMPERATURE (F)   34         7      1982


SUNRISE AND SUNSET
APRIL  5 2014.........SUNRISE   639 AM CDT   SUNSET   737 PM CDT
APRIL  6 2014.........SUNRISE   638 AM CDT   SUNSET   738 PM CDT


-  INDICATES NEGATIVE NUMBERS.
R  INDICATES RECORD WAS SET OR TIED.
MM INDICATES DATA IS MISSING.
T  INDICATES TRACE AMOUNT.




$$
