000
CDUS43 KARX 260651
CLILSE


CLIMATE REPORT
NATIONAL WEATHER SERVICE LA CROSSE WI
151 AM CDT TUE AUG 26 2014


...................................

...THE LA CROSSE WI CLIMATE SUMMARY FOR AUGUST 25 2014...

CLIMATE NORMAL PERIOD 1981 TO 2010
CLIMATE RECORD PERIOD 1873 TO 2014


WEATHER ITEM   OBSERVED TIME   RECORD YEAR NORMAL DEPARTURE LAST
                VALUE   (LST)  VALUE       VALUE  FROM      YEAR
                                                  NORMAL
..................................................................
TEMPERATURE (F)
 YESTERDAY
  MAXIMUM         90    359 PM  97    1948  80     10       95
  MINIMUM         70    615 AM  43    1958  60     10       75
  AVERAGE         80                        70     10       85

PRECIPITATION (IN)
  YESTERDAY        0.58          1.87 1972   0.13   0.45     0.00
                                      1881
  MONTH TO DATE    2.97                      3.51  -0.54     1.04
  SINCE JUN 1     14.67                     12.11   2.56     8.22
  SINCE JAN 1     27.83                     23.18   4.65    27.15

SNOWFALL (IN)
  YESTERDAY        0.0           0.0  2002   0.0    0.0      0.0
                                      2000
                                      2001
  MONTH TO DATE    0.0                       0.0    0.0      0.0
  SINCE JUL 1      0.0                       0.0    0.0       T
  SNOW DEPTH       0

DEGREE DAYS
 HEATING
  YESTERDAY        0                         1     -1        0
  MONTH TO DATE    0                         5     -5        2
  SINCE JUL 1      3                        10     -7       14

 COOLING
  YESTERDAY       15                         6      9       20
  MONTH TO DATE  228                       182     46      150
  SINCE JAN 1    707                       669     38      675
..................................................................


WIND (MPH)
  HIGHEST WIND SPEED    36   HIGHEST WIND DIRECTION     W (250)
  HIGHEST GUST SPEED    47   HIGHEST GUST DIRECTION    SW (240)
  AVERAGE WIND SPEED     8.3


SKY COVER
  POSSIBLE SUNSHINE  MM
  AVERAGE SKY COVER 0.1


WEATHER CONDITIONS
 THE FOLLOWING WEATHER WAS RECORDED YESTERDAY.
  THUNDERSTORM
  HEAVY RAIN
  LIGHT RAIN
  HAZE


RELATIVE HUMIDITY (PERCENT)
 HIGHEST    84           500 AM
 LOWEST     52           400 PM
 AVERAGE    68

..........................................................


THE LA CROSSE WI CLIMATE NORMALS FOR TODAY
                         NORMAL    RECORD    YEAR
 MAXIMUM TEMPERATURE (F)   80        97      2013
 MINIMUM TEMPERATURE (F)   60        41      1934


SUNRISE AND SUNSET
AUGUST 26 2014........SUNRISE   622 AM CDT   SUNSET   751 PM CDT
AUGUST 27 2014........SUNRISE   623 AM CDT   SUNSET   749 PM CDT


-  INDICATES NEGATIVE NUMBERS.
R  INDICATES RECORD WAS SET OR TIED.
MM INDICATES DATA IS MISSING.
T  INDICATES TRACE AMOUNT.




$$
