000
CDUS43 KARX 020735
CLILSE


CLIMATE REPORT
NATIONAL WEATHER SERVICE LA CROSSE WI
134 AM CST FRI DEC 2 2016


...................................

...THE LA CROSSE WI CLIMATE SUMMARY FOR DECEMBER 1 2016...

CLIMATE NORMAL PERIOD 1981 TO 2010
CLIMATE RECORD PERIOD 1873 TO 2016


WEATHER ITEM   OBSERVED TIME   RECORD YEAR NORMAL DEPARTURE LAST
                VALUE   (LST)  VALUE       VALUE  FROM      YEAR
                                                  NORMAL
..................................................................
TEMPERATURE (F)
 YESTERDAY
  MAXIMUM         42   1244 PM  61    1998  35      7       39
  MINIMUM         37    909 PM -12    1893  20     17       29
  AVERAGE         40                        27     13       34

PRECIPITATION (IN)
  YESTERDAY        T             1.21 2007   0.06  -0.06     0.07
  MONTH TO DATE    T                         0.06  -0.06     0.07
  SINCE DEC 1      T                         0.06  -0.06     0.07
  SINCE JAN 1     42.57                     31.76  10.81    29.62

SNOWFALL (IN)
  YESTERDAY        0.0           4.9  1929   0.3   -0.3      0.5
  MONTH TO DATE    0.0                       0.3   -0.3      0.5
  SINCE JUL 1      T                         4.6   -4.6      1.4
  SNOW DEPTH       0

DEGREE DAYS
 HEATING
  YESTERDAY       25                        38    -13       31
  MONTH TO DATE   25                        38    -13       31
  SINCE JUL 1    884                      1538   -654     1117

 COOLING
  YESTERDAY        0                         0      0        0
  MONTH TO DATE    0                         0      0        0
  SINCE JAN 1   1033                       782    251      887
..................................................................


WIND (MPH)
  HIGHEST WIND SPEED    15   HIGHEST WIND DIRECTION     W (270)
  HIGHEST GUST SPEED    19   HIGHEST GUST DIRECTION     W (270)
  AVERAGE WIND SPEED    10.2


SKY COVER
  POSSIBLE SUNSHINE  MM
  AVERAGE SKY COVER 1.0


WEATHER CONDITIONS
 THE FOLLOWING WEATHER WAS RECORDED YESTERDAY.
  LIGHT RAIN
  FOG


RELATIVE HUMIDITY (PERCENT)
 HIGHEST    85          1200 AM
 LOWEST     70           100 PM
 AVERAGE    78

..........................................................


THE LA CROSSE WI CLIMATE NORMALS FOR TODAY
                         NORMAL    RECORD    YEAR
 MAXIMUM TEMPERATURE (F)   34        64      1982
 MINIMUM TEMPERATURE (F)   19       -10      1940
                                             1886


SUNRISE AND SUNSET
DECEMBER  2 2016......SUNRISE   721 AM CST   SUNSET   428 PM CST
DECEMBER  3 2016......SUNRISE   722 AM CST   SUNSET   428 PM CST


-  INDICATES NEGATIVE NUMBERS.
R  INDICATES RECORD WAS SET OR TIED.
MM INDICATES DATA IS MISSING.
T  INDICATES TRACE AMOUNT.




$$
