000
CDUS43 KARX 210651
CLILSE


CLIMATE REPORT
NATIONAL WEATHER SERVICE LA CROSSE WI
1251 AM CST TUE FEB 21 2017


...................................

...THE LA CROSSE WI CLIMATE SUMMARY FOR FEBRUARY 20 2017...

CLIMATE NORMAL PERIOD 1981 TO 2010
CLIMATE RECORD PERIOD 1873 TO 2017


WEATHER ITEM   OBSERVED TIME   RECORD YEAR NORMAL DEPARTURE LAST
                VALUE   (LST)  VALUE       VALUE  FROM      YEAR
                                                  NORMAL
..................................................................
TEMPERATURE (F)
 YESTERDAY
  MAXIMUM         58   1115 PM  61    1930  33     25       47
  MINIMUM         45   1200 AM -27    1929  15     30       34
  AVERAGE         52                        24     28       41

PRECIPITATION (IN)
  YESTERDAY        0.55          0.91 1937   0.04   0.51     0.00
  MONTH TO DATE    0.58                      0.71  -0.13     0.78
  SINCE DEC 1      5.46                      3.19   2.27     6.58
  SINCE JAN 1      3.27                      1.83   1.44     1.65

SNOWFALL (IN)
  YESTERDAY        0.0           5.2  1937   0.3   -0.3      0.0
  MONTH TO DATE    0.5                       6.0   -5.5     10.8
  SINCE JUL 1     30.8                      32.3   -1.5     27.4
  SNOW DEPTH       0

DEGREE DAYS
 HEATING
  YESTERDAY       13                        41    -28       24
  MONTH TO DATE  668                       879   -211      881
  SINCE JUL 1   4065                      5198  -1133     4320

 COOLING
  YESTERDAY        0                         0      0        0
  MONTH TO DATE    0                         0      0        0
  SINCE JAN 1      0                         0      0        0
..................................................................


WIND (MPH)
  HIGHEST WIND SPEED    22   HIGHEST WIND DIRECTION    SW (220)
  HIGHEST GUST SPEED    31   HIGHEST GUST DIRECTION    SW (220)
  AVERAGE WIND SPEED    10.1


SKY COVER
  POSSIBLE SUNSHINE  MM
  AVERAGE SKY COVER 0.5


WEATHER CONDITIONS
 THE FOLLOWING WEATHER WAS RECORDED YESTERDAY.
  HEAVY RAIN
  RAIN
  LIGHT RAIN
  FOG
  HAZE


RELATIVE HUMIDITY (PERCENT)
 HIGHEST    93           400 PM
 LOWEST     59           100 AM
 AVERAGE    76

..........................................................


THE LA CROSSE WI CLIMATE NORMALS FOR TODAY
                         NORMAL    RECORD    YEAR
 MAXIMUM TEMPERATURE (F)   33        64      1930
 MINIMUM TEMPERATURE (F)   16       -25      1873


SUNRISE AND SUNSET
FEBRUARY 21 2017......SUNRISE   654 AM CST   SUNSET   543 PM CST
FEBRUARY 22 2017......SUNRISE   653 AM CST   SUNSET   545 PM CST


-  INDICATES NEGATIVE NUMBERS.
R  INDICATES RECORD WAS SET OR TIED.
MM INDICATES DATA IS MISSING.
T  INDICATES TRACE AMOUNT.




$$
