000
CDUS43 KARX 060649
CLILSE


CLIMATE REPORT
NATIONAL WEATHER SERVICE LA CROSSE WI
1249 AM CST TUE FEB 6 2018


...................................

...THE LA CROSSE WI CLIMATE SUMMARY FOR FEBRUARY 5 2018...

CLIMATE NORMAL PERIOD 1981 TO 2010
CLIMATE RECORD PERIOD 1873 TO 2018


WEATHER ITEM   OBSERVED TIME   RECORD YEAR NORMAL DEPARTURE LAST
                VALUE   (LST)  VALUE       VALUE  FROM      YEAR
                                                  NORMAL
..................................................................
TEMPERATURE (F)
 YESTERDAY
  MAXIMUM         13   1004 PM  54    1946  28    -15       34
                                      1878
  MINIMUM         -8    447 AM -24    1895  10    -18       19
  AVERAGE          3                        19    -16       27

PRECIPITATION (IN)
  YESTERDAY        0.06          0.52 1908   0.04   0.02      T
  MONTH TO DATE    0.30                      0.18   0.12     0.03
  SINCE DEC 1      2.21                      2.66  -0.45     4.91
  SINCE JAN 1      1.68                      1.30   0.38     2.72

SNOWFALL (IN)
  YESTERDAY        1.2           5.2  1971   0.3    0.9       T
  MONTH TO DATE    5.0                       1.7    3.3      0.5
  SINCE JUL 1     20.2                      28.0   -7.8     30.8
  SNOW DEPTH       4

DEGREE DAYS
 HEATING
  YESTERDAY       62                        46     16       38
  MONTH TO DATE  271                       230     41      222
  SINCE JUL 1   4256                      4549   -293     3619

 COOLING
  YESTERDAY        0                         0      0        0
  MONTH TO DATE    0                         0      0        0
  SINCE JAN 1      0                         0      0        0
..................................................................


WIND (MPH)
  HIGHEST WIND SPEED    14   HIGHEST WIND DIRECTION     S (170)
  HIGHEST GUST SPEED    17   HIGHEST GUST DIRECTION     S (180)
  AVERAGE WIND SPEED     6.8


SKY COVER
  POSSIBLE SUNSHINE  MM
  AVERAGE SKY COVER 0.5


WEATHER CONDITIONS
 THE FOLLOWING WEATHER WAS RECORDED YESTERDAY.
  LIGHT SNOW
  FOG
  HAZE


RELATIVE HUMIDITY (PERCENT)
 HIGHEST    84           600 PM
 LOWEST     69          1100 AM
 AVERAGE    77

..........................................................


THE LA CROSSE WI CLIMATE NORMALS FOR TODAY
                         NORMAL    RECORD    YEAR
 MAXIMUM TEMPERATURE (F)   29        59      1878
 MINIMUM TEMPERATURE (F)   11       -22      1982


SUNRISE AND SUNSET
FEBRUARY  6 2018......SUNRISE   716 AM CST   SUNSET   523 PM CST
FEBRUARY  7 2018......SUNRISE   715 AM CST   SUNSET   524 PM CST


-  INDICATES NEGATIVE NUMBERS.
R  INDICATES RECORD WAS SET OR TIED.
MM INDICATES DATA IS MISSING.
T  INDICATES TRACE AMOUNT.




$$
