809
CDUS43 KARX 180806
CLILSE


CLIMATE REPORT
NATIONAL WEATHER SERVICE LA CROSSE WI
306 AM CDT SUN JUN 18 2017


...................................

...THE LA CROSSE WI CLIMATE SUMMARY FOR JUNE 17 2017...

CLIMATE NORMAL PERIOD 1981 TO 2010
CLIMATE RECORD PERIOD 1873 TO 2017


WEATHER ITEM   OBSERVED TIME   RECORD YEAR NORMAL DEPARTURE LAST
                VALUE   (LST)  VALUE       VALUE  FROM      YEAR
                                                  NORMAL
..................................................................
TEMPERATURE (F)
 YESTERDAY
  MAXIMUM         85   1244 PM  95    1995  81      4       87
                                      1994
  MINIMUM         64    320 AM  43    1915  59      5       60
                                      1876
  AVERAGE         75                        70      5       74

PRECIPITATION (IN)
  YESTERDAY        0.01          2.83 1993   0.14  -0.13     0.00
  MONTH TO DATE    2.23                      2.43  -0.20     5.30
  SINCE JUN 1      2.23                      2.43  -0.20     5.30
  SINCE JAN 1     19.92                     13.50   6.42    15.78

SNOWFALL (IN)
  YESTERDAY        0.0           0.0  2002   0.0    0.0      0.0
                                      2001
  MONTH TO DATE    0.0                       0.0    0.0      0.0
  SINCE JUL 1     42.2                      43.3   -1.1     40.3
  SNOW DEPTH       0

DEGREE DAYS
 HEATING
  YESTERDAY        0                         1     -1        0
  MONTH TO DATE    2                        31    -29        4
  SINCE JUL 1   5768                      7188  -1420     5953

 COOLING
  YESTERDAY       10                         6      4        9
  MONTH TO DATE  181                        71    110      107
  SINCE JAN 1    218                       119     99      193
..................................................................


WIND (MPH)
  HIGHEST WIND SPEED    29   HIGHEST WIND DIRECTION     W (270)
  HIGHEST GUST SPEED    35   HIGHEST GUST DIRECTION     W (280)
  AVERAGE WIND SPEED     6.0


SKY COVER
  POSSIBLE SUNSHINE  MM
  AVERAGE SKY COVER 0.4


WEATHER CONDITIONS
 THE FOLLOWING WEATHER WAS RECORDED YESTERDAY.
  NO SIGNIFICANT WEATHER WAS OBSERVED.


RELATIVE HUMIDITY (PERCENT)
 HIGHEST    93           200 AM
 LOWEST     40           100 PM
 AVERAGE    67

..........................................................


THE LA CROSSE WI CLIMATE NORMALS FOR TODAY
                         NORMAL    RECORD    YEAR
 MAXIMUM TEMPERATURE (F)   81        96      1995
                                             1988
 MINIMUM TEMPERATURE (F)   60        40      1876


SUNRISE AND SUNSET
JUNE 18 2017..........SUNRISE   522 AM CDT   SUNSET   850 PM CDT
JUNE 19 2017..........SUNRISE   522 AM CDT   SUNSET   851 PM CDT


-  INDICATES NEGATIVE NUMBERS.
R  INDICATES RECORD WAS SET OR TIED.
MM INDICATES DATA IS MISSING.
T  INDICATES TRACE AMOUNT.




$$
