000
CDUS43 KARX 110716
CLILSE


CLIMATE REPORT
NATIONAL WEATHER SERVICE LA CROSSE WI
216 AM CDT TUE APR 11 2017


...................................

...THE LA CROSSE WI CLIMATE SUMMARY FOR APRIL 10 2017...

CLIMATE NORMAL PERIOD 1981 TO 2010
CLIMATE RECORD PERIOD 1873 TO 2017


WEATHER ITEM   OBSERVED TIME   RECORD YEAR NORMAL DEPARTURE LAST
                VALUE   (LST)  VALUE       VALUE  FROM      YEAR
                                                  NORMAL
..................................................................
TEMPERATURE (F)
 YESTERDAY
  MAXIMUM         65   1205 AM  91    1930  57      8       62
  MINIMUM         38   1159 PM  19    1909  36      2       37
  AVERAGE         52                        46      6       50

PRECIPITATION (IN)
  YESTERDAY        0.23          1.42 2011   0.11   0.12     0.00
  MONTH TO DATE    1.67                      0.97   0.70     0.18
  SINCE MAR 1      3.43                      3.01   0.42     3.79
  SINCE JAN 1      7.29                      5.18   2.11     5.44

SNOWFALL (IN)
  YESTERDAY        0.0           1.0  1914   0.0    0.0      0.0
                                      1995
  MONTH TO DATE    0.0                       0.8   -0.8      0.6
  SINCE JUL 1     42.2                      42.4   -0.2     40.3
  SNOW DEPTH       0

DEGREE DAYS
 HEATING
  YESTERDAY       13                        19     -6       15
  MONTH TO DATE  130                       210    -80      254
  SINCE JUL 1   5312                      6663  -1351     5553

 COOLING
  YESTERDAY        0                         0      0        0
  MONTH TO DATE    3                         0      3        0
  SINCE JAN 1      3                         0      3        0
..................................................................


WIND (MPH)
  HIGHEST WIND SPEED    21   HIGHEST WIND DIRECTION     N (340)
  HIGHEST GUST SPEED    26   HIGHEST GUST DIRECTION     N (340)
  AVERAGE WIND SPEED    12.4


SKY COVER
  POSSIBLE SUNSHINE  MM
  AVERAGE SKY COVER 1.0


WEATHER CONDITIONS
 THE FOLLOWING WEATHER WAS RECORDED YESTERDAY.
  THUNDERSTORM
  LIGHT RAIN
  FOG
  HAZE


RELATIVE HUMIDITY (PERCENT)
 HIGHEST    96           700 PM
 LOWEST     68          1200 AM
 AVERAGE    82

..........................................................


THE LA CROSSE WI CLIMATE NORMALS FOR TODAY
                         NORMAL    RECORD    YEAR
 MAXIMUM TEMPERATURE (F)   57        85      1977
 MINIMUM TEMPERATURE (F)   36        20      1940


SUNRISE AND SUNSET
APRIL 11 2017.........SUNRISE   628 AM CDT   SUNSET   744 PM CDT
APRIL 12 2017.........SUNRISE   627 AM CDT   SUNSET   746 PM CDT


-  INDICATES NEGATIVE NUMBERS.
R  INDICATES RECORD WAS SET OR TIED.
MM INDICATES DATA IS MISSING.
T  INDICATES TRACE AMOUNT.




$$
