000
CDUS43 KARX 072141
CLILSE


CLIMATE REPORT
NATIONAL WEATHER SERVICE LA CROSSE WI
440 PM CDT SAT OCT 7 2017


...................................

...THE LA CROSSE WI CLIMATE SUMMARY FOR OCTOBER 7 2017...
VALID TODAY AS OF 0435 PM LOCAL TIME.

CLIMATE NORMAL PERIOD 1981 TO 2010
CLIMATE RECORD PERIOD 1873 TO 2017


WEATHER ITEM   OBSERVED TIME   RECORD YEAR NORMAL DEPARTURE LAST
                VALUE   (LST)  VALUE       VALUE  FROM      YEAR
                                                  NORMAL
..................................................................
TEMPERATURE (F)
 TODAY
  MAXIMUM         72    150 PM  86    2007  64      8       69
                                      1997
                                      1993
  MINIMUM         60    122 AM  26    2001  43     17       41
                                      1889
  AVERAGE         66                        54     12       55

PRECIPITATION (IN)
  TODAY            1.06          1.60 1931   0.07   0.99     0.15
  MONTH TO DATE    3.35                      0.59   2.76     0.16
  SINCE SEP 1      4.30                      4.15   0.15    10.62
  SINCE JAN 1     36.06                     28.11   7.95    39.34

SNOWFALL (IN)
  TODAY            0.0           0.0  2002   0.0    0.0      0.0
                                      2001
  MONTH TO DATE    0.0                       0.0    0.0      0.0
  SINCE JUL 1      0.0                       0.0    0.0      0.0
  SNOW DEPTH       0

DEGREE DAYS
 HEATING
  TODAY            0                        12    -12       10
  MONTH TO DATE   22                        76    -54       20
  SINCE JUL 1     70                       236   -166       40

 COOLING
  TODAY            1                         1      0        0
  MONTH TO DATE   11                         7      4        4
  SINCE JAN 1    998                       781    217     1024
..................................................................


WIND (MPH)
  HIGHEST WIND SPEED    23   HIGHEST WIND DIRECTION     S (180)
  HIGHEST GUST SPEED    30   HIGHEST GUST DIRECTION     S (170)
  AVERAGE WIND SPEED    12.0


SKY COVER
  POSSIBLE SUNSHINE  MM
  AVERAGE SKY COVER 0.9


WEATHER CONDITIONS
 THE FOLLOWING WEATHER WAS RECORDED TODAY.
  THUNDERSTORM
  HEAVY RAIN
  RAIN
  LIGHT RAIN
  FOG


RELATIVE HUMIDITY (PERCENT)
 HIGHEST   100           100 AM
 LOWEST     79           200 PM
 AVERAGE    90

..........................................................


THE LA CROSSE WI CLIMATE NORMALS FOR TOMORROW
                         NORMAL    RECORD    YEAR
 MAXIMUM TEMPERATURE (F)   64        83      2011
                                             2010
 MINIMUM TEMPERATURE (F)   43        26      1976


SUNRISE AND SUNSET
OCTOBER  7 2017.......SUNRISE   710 AM CDT   SUNSET   635 PM CDT
OCTOBER  8 2017.......SUNRISE   711 AM CDT   SUNSET   633 PM CDT


-  INDICATES NEGATIVE NUMBERS.
R  INDICATES RECORD WAS SET OR TIED.
MM INDICATES DATA IS MISSING.
T  INDICATES TRACE AMOUNT.




$$
