000
CDUS43 KARX 180648
CLILSE


CLIMATE REPORT
NATIONAL WEATHER SERVICE LA CROSSE WI
146 AM CDT SUN SEP 18 2016

...THE LA CROSSE WI CLIMATE SUMMARY FOR SEPTEMBER 17 2016...

CLIMATE NORMAL PERIOD 1981 TO 2010
CLIMATE RECORD PERIOD 1873 TO 2016

WEATHER ITEM   OBSERVED TIME   RECORD YEAR NORMAL DEPARTURE LAST
                VALUE   (LST)  VALUE       VALUE  FROM      YEAR
                                                  NORMAL
..................................................................
TEMPERATURE (F)
 YESTERDAY
  MAXIMUM         74   1110 AM  93    1988  73      1       79
                                      1955
  MINIMUM         59   1159 PM  33    1916  52      7       66
  AVERAGE         67                        62      5       73

PRECIPITATION (IN)
  YESTERDAY        0.00          1.74 1942   0.12  -0.12     0.78
  MONTH TO DATE    5.62                      2.08   3.54     2.44
  SINCE SEP 1      5.62                      2.08   3.54     2.44
  SINCE JAN 1     34.34                     26.04   8.30    25.15

SNOWFALL (IN)
  YESTERDAY        0.0           0.0  2002   0.0    0.0      0.0
                                      2001
  MONTH TO DATE    0.0                       0.0    0.0      0.0
  SINCE JUL 1      0.0                       0.0    0.0      0.0
  SNOW DEPTH       0

DEGREE DAYS
 HEATING
  YESTERDAY        0                         5     -5        0
  MONTH TO DATE    1                        47    -46       18
  SINCE JUL 1      1                        67    -66       32

 COOLING
  YESTERDAY        2                         2      0        8
  MONTH TO DATE   71                        58     13      151
  SINCE JAN 1    980                       758    222      842
..................................................................

WIND (MPH)
  HIGHEST WIND SPEED    20   HIGHEST WIND DIRECTION     W (290)
  HIGHEST GUST SPEED    24   HIGHEST GUST DIRECTION     W (290)
  AVERAGE WIND SPEED     7.0

SKY COVER
  POSSIBLE SUNSHINE  MM
  AVERAGE SKY COVER 0.4

WEATHER CONDITIONS
 THE FOLLOWING WEATHER WAS RECORDED YESTERDAY.
  NO SIGNIFICANT WEATHER WAS OBSERVED.

RELATIVE HUMIDITY (PERCENT)
 HIGHEST   100           500 AM
 LOWEST     66          1100 AM
 AVERAGE    83
..........................................................

THE LA CROSSE WI CLIMATE NORMALS FOR TODAY
                         NORMAL    RECORD    YEAR
 MAXIMUM TEMPERATURE (F)   72        95      1955
 MINIMUM TEMPERATURE (F)   51        32      1929

SUNRISE AND SUNSET
SEPTEMBER 18 2016.....SUNRISE   648 AM CDT   SUNSET   709 PM CDT
SEPTEMBER 19 2016.....SUNRISE   649 AM CDT   SUNSET   707 PM CDT

-  INDICATES NEGATIVE NUMBERS.
R  INDICATES RECORD WAS SET OR TIED.
MM INDICATES DATA IS MISSING.
T  INDICATES TRACE AMOUNT.

$$

BOYNE
