000
CDUS43 KARX 230651
CLILSE


CLIMATE REPORT
NATIONAL WEATHER SERVICE LA CROSSE WI
150 AM CDT TUE AUG 23 2016


...................................

...THE LA CROSSE WI CLIMATE SUMMARY FOR AUGUST 22 2016...

CLIMATE NORMAL PERIOD 1981 TO 2010
CLIMATE RECORD PERIOD 1873 TO 2016


WEATHER ITEM   OBSERVED TIME   RECORD YEAR NORMAL DEPARTURE LAST
                VALUE   (LST)  VALUE       VALUE  FROM      YEAR
                                                  NORMAL
..................................................................
TEMPERATURE (F)
 YESTERDAY
  MAXIMUM         83    204 PM  96    1968  81      2       83
  MINIMUM         56    541 AM  43    1923  61     -5       67
  AVERAGE         70                        71     -1       75

PRECIPITATION (IN)
  YESTERDAY        0.00          2.84 1973   0.13  -0.13     0.00
  MONTH TO DATE    5.39                      3.13   2.26     1.17
  SINCE JUN 1     17.27                     11.73   5.54     8.49
  SINCE JAN 1     27.75                     22.80   4.95    21.08

SNOWFALL (IN)
  YESTERDAY        0.0           0.0  2002   0.0    0.0      0.0
                                      2001
  MONTH TO DATE    0.0                       0.0    0.0      0.0
  SINCE JUL 1      0.0                       0.0    0.0      0.0
  SNOW DEPTH       0

DEGREE DAYS
 HEATING
  YESTERDAY        0                         1     -1        0
  MONTH TO DATE    0                         2     -2        2
  SINCE JUL 1      0                         7     -7        5

 COOLING
  YESTERDAY        5                         6     -1       10
  MONTH TO DATE  226                       164     62      195
  SINCE JAN 1    842                       651    191      677
..................................................................


WIND (MPH)
  HIGHEST WIND SPEED    23   HIGHEST WIND DIRECTION     S (180)
  HIGHEST GUST SPEED    29   HIGHEST GUST DIRECTION     S (180)
  AVERAGE WIND SPEED    11.5


SKY COVER
  POSSIBLE SUNSHINE  MM
  AVERAGE SKY COVER 0.0


WEATHER CONDITIONS
 THE FOLLOWING WEATHER WAS RECORDED YESTERDAY.
  NO SIGNIFICANT WEATHER WAS OBSERVED.


RELATIVE HUMIDITY (PERCENT)
 HIGHEST   100          1200 AM
 LOWEST     55           200 PM
 AVERAGE    78

..........................................................


THE LA CROSSE WI CLIMATE NORMALS FOR TODAY
                         NORMAL    RECORD    YEAR
 MAXIMUM TEMPERATURE (F)   81       101      1948
 MINIMUM TEMPERATURE (F)   61        43      1891
                                             1890


SUNRISE AND SUNSET
AUGUST 23 2016........SUNRISE   619 AM CDT   SUNSET   755 PM CDT
AUGUST 24 2016........SUNRISE   620 AM CDT   SUNSET   754 PM CDT


-  INDICATES NEGATIVE NUMBERS.
R  INDICATES RECORD WAS SET OR TIED.
MM INDICATES DATA IS MISSING.
T  INDICATES TRACE AMOUNT.




$$
