000
CDUS43 KARX 022132
CLILSE


CLIMATE REPORT
NATIONAL WEATHER SERVICE LA CROSSE WI
431 PM CDT TUE JUN 2 2015


...................................

...THE LA CROSSE WI CLIMATE SUMMARY FOR JUNE 2 2015...
VALID TODAY AS OF 0430 PM LOCAL TIME.

CLIMATE NORMAL PERIOD 1981 TO 2010
CLIMATE RECORD PERIOD 1873 TO 2015


WEATHER ITEM   OBSERVED TIME   RECORD YEAR NORMAL DEPARTURE LAST
                VALUE   (LST)  VALUE       VALUE  FROM      YEAR
                                                  NORMAL
..................................................................
TEMPERATURE (F)
 TODAY
  MAXIMUM         75    245 PM  93    1934  76     -1       83
  MINIMUM         50    422 AM  39    1985  54     -4       66
  AVERAGE         63                        65     -2       75

PRECIPITATION (IN)
  TODAY            0.00          2.28 1885   0.13  -0.13     0.28
  MONTH TO DATE    0.00                      0.26  -0.26     1.16
  SINCE JUN 1      0.00                      0.26  -0.26     1.16
  SINCE JAN 1     12.59                     11.33   1.26    14.32

SNOWFALL (IN)
  TODAY            0.0           0.0  2002   0.0    0.0      0.0
                                      2001
  MONTH TO DATE    0.0                       0.0    0.0      0.0
  SINCE JUL 1     38.8                      43.3   -4.5     48.9
  SNOW DEPTH       0

DEGREE DAYS
 HEATING
  TODAY            2                         3     -1        0
  MONTH TO DATE   10                         6      4        0
  SINCE JUL 1   7064                      7163    -99     8135

 COOLING
  TODAY            0                         3     -3       10
  MONTH TO DATE    0                         6     -6       21
  SINCE JAN 1     65                        54     11       80
..................................................................


WIND (MPH)
  HIGHEST WIND SPEED    15   HIGHEST WIND DIRECTION     S (160)
  HIGHEST GUST SPEED    20   HIGHEST GUST DIRECTION     S (170)
  AVERAGE WIND SPEED     9.0


SKY COVER
  POSSIBLE SUNSHINE  MM
  AVERAGE SKY COVER 0.0


WEATHER CONDITIONS
 THE FOLLOWING WEATHER WAS RECORDED TODAY.
  NO SIGNIFICANT WEATHER WAS OBSERVED.


RELATIVE HUMIDITY (PERCENT)
 HIGHEST    63           500 AM
 LOWEST     41           300 PM
 AVERAGE    52

..........................................................


THE LA CROSSE WI CLIMATE NORMALS FOR TOMORROW
                         NORMAL    RECORD    YEAR
 MAXIMUM TEMPERATURE (F)   76        93      2011
 MINIMUM TEMPERATURE (F)   54        38      1945


SUNRISE AND SUNSET
JUNE  2 2015..........SUNRISE   525 AM CDT   SUNSET   841 PM CDT
JUNE  3 2015..........SUNRISE   525 AM CDT   SUNSET   842 PM CDT


-  INDICATES NEGATIVE NUMBERS.
R  INDICATES RECORD WAS SET OR TIED.
MM INDICATES DATA IS MISSING.
T  INDICATES TRACE AMOUNT.




$$
