000
CDUS43 KARX 041012
CLILSE

CLIMATE REPORT...CORRECTED SNOW
NATIONAL WEATHER SERVICE LA CROSSE WI
146 AM CDT WED MAY 4 2016

...THE LA CROSSE WI CLIMATE SUMMARY FOR MAY 3 2016...

CLIMATE NORMAL PERIOD 1981 TO 2010
CLIMATE RECORD PERIOD 1873 TO 2016

WEATHER ITEM   OBSERVED TIME   RECORD YEAR NORMAL DEPARTURE LAST
                VALUE   (LST)  VALUE       VALUE  FROM      YEAR
                                                  NORMAL
..................................................................
TEMPERATURE (F)
 YESTERDAY
  MAXIMUM         72    345 PM  91    1918  67      5       85
  MINIMUM         43    451 AM  26    1971  45     -2       59
  AVERAGE         58                        56      2       72

PRECIPITATION (IN)
  YESTERDAY        0.19          1.76 1888   0.12   0.07     0.82
  MONTH TO DATE    0.19                      0.35  -0.16     0.82
  SINCE MAR 1      4.88                      5.73  -0.85     5.79
  SINCE JAN 1      6.53                      7.90  -1.37     7.00

SNOWFALL (IN)
  YESTERDAY        0.0           0.0  2002   0.0    0.0      0.0
                                      2001
  MONTH TO DATE    0.0                       0.0    0.0      0.0
  SINCE JUL 1     40.3                      43.3   -3.0     38.8
  SNOW DEPTH       0

DEGREE DAYS
 HEATING
  YESTERDAY        7                        10     -3        0
  MONTH TO DATE   33                        30      3       11
  SINCE JUL 1   5790                      6982  -1192     6918

 COOLING
  YESTERDAY        0                         1     -1        7
  MONTH TO DATE    0                         1     -1       10
  SINCE JAN 1     11                         8      3       11
..................................................................

WIND (MPH)
  HIGHEST WIND SPEED    26   HIGHEST WIND DIRECTION     N (20)
  HIGHEST GUST SPEED    38   HIGHEST GUST DIRECTION     N (360)
  AVERAGE WIND SPEED     9.4

SKY COVER
  POSSIBLE SUNSHINE  MM
  AVERAGE SKY COVER 0.4

WEATHER CONDITIONS
 THE FOLLOWING WEATHER WAS RECORDED YESTERDAY.
  THUNDERSTORM
  HEAVY RAIN
  LIGHT RAIN
  FOG

RELATIVE HUMIDITY (PERCENT)
 HIGHEST    89          1000 PM
 LOWEST     28           200 PM
 AVERAGE    59
..........................................................

THE LA CROSSE WI CLIMATE NORMALS FOR TODAY
                         NORMAL    RECORD    YEAR
 MAXIMUM TEMPERATURE (F)   67        91      1952
 MINIMUM TEMPERATURE (F)   45        27      1907

SUNRISE AND SUNSET
MAY  4 2016...........SUNRISE   552 AM CDT   SUNSET   812 PM CDT
MAY  5 2016...........SUNRISE   551 AM CDT   SUNSET   813 PM CDT

-  INDICATES NEGATIVE NUMBERS.
R  INDICATES RECORD WAS SET OR TIED.
MM INDICATES DATA IS MISSING.
T  INDICATES TRACE AMOUNT.

$$

BOYNE
