000
CDUS43 KARX 090640
CLILSE


CLIMATE REPORT
NATIONAL WEATHER SERVICE LA CROSSE WI
1238 AM CST TUE JAN 9 2018


...................................

...THE LA CROSSE WI CLIMATE SUMMARY FOR JANUARY 8 2018...

CLIMATE NORMAL PERIOD 1981 TO 2010
CLIMATE RECORD PERIOD 1873 TO 2018


WEATHER ITEM   OBSERVED TIME   RECORD YEAR NORMAL DEPARTURE LAST
                VALUE   (LST)  VALUE       VALUE  FROM      YEAR
                                                  NORMAL
..................................................................
TEMPERATURE (F)
 YESTERDAY
  MAXIMUM         42    216 PM  55    2003  25     17       21
  MINIMUM         22    845 PM -25    1881   9     13       -2
                                      1875
  AVERAGE         32                        17     15       10

PRECIPITATION (IN)
  YESTERDAY        0.00          0.39 1937   0.03  -0.03      T
  MONTH TO DATE    0.02                      0.27  -0.25     0.23
  SINCE DEC 1      0.55                      1.63  -1.08     2.42
  SINCE JAN 1      0.02                      0.27  -0.25     0.23

SNOWFALL (IN)
  YESTERDAY        0.0           4.2  1952   0.3   -0.3       T
  MONTH TO DATE    0.5                       2.3   -1.8      0.3
  SINCE JUL 1      4.9                      17.9  -13.0     21.1
  SNOW DEPTH       1

DEGREE DAYS
 HEATING
  YESTERDAY       33                        48    -15       55
  MONTH TO DATE  464                       380     84      410
  SINCE JUL 1   3028                      3224   -196     2545

 COOLING
  YESTERDAY        0                         0      0        0
  MONTH TO DATE    0                         0      0        0
  SINCE JAN 1      0                         0      0        0
..................................................................


WIND (MPH)
  HIGHEST WIND SPEED    17   HIGHEST WIND DIRECTION    NW (300)
  HIGHEST GUST SPEED    24   HIGHEST GUST DIRECTION     W (290)
  AVERAGE WIND SPEED     6.0


SKY COVER
  POSSIBLE SUNSHINE  MM
  AVERAGE SKY COVER 0.2


WEATHER CONDITIONS
 THE FOLLOWING WEATHER WAS RECORDED YESTERDAY.
  FOG


RELATIVE HUMIDITY (PERCENT)
 HIGHEST    88           800 AM
 LOWEST     45           200 PM
 AVERAGE    67

..........................................................


THE LA CROSSE WI CLIMATE NORMALS FOR TODAY
                         NORMAL    RECORD    YEAR
 MAXIMUM TEMPERATURE (F)   25        53      2002
 MINIMUM TEMPERATURE (F)    9       -31      1875


SUNRISE AND SUNSET
JANUARY  9 2018.......SUNRISE   738 AM CST   SUNSET   446 PM CST
JANUARY 10 2018.......SUNRISE   738 AM CST   SUNSET   447 PM CST


-  INDICATES NEGATIVE NUMBERS.
R  INDICATES RECORD WAS SET OR TIED.
MM INDICATES DATA IS MISSING.
T  INDICATES TRACE AMOUNT.




$$
