000
CDUS43 KARX 190644
CLILSE


CLIMATE REPORT
NATIONAL WEATHER SERVICE LA CROSSE WI
1243 AM CST WED NOV 19 2014


...................................

...THE LA CROSSE WI CLIMATE SUMMARY FOR NOVEMBER 18 2014...

CLIMATE NORMAL PERIOD 1981 TO 2010
CLIMATE RECORD PERIOD 1873 TO 2014


WEATHER ITEM   OBSERVED TIME   RECORD YEAR NORMAL DEPARTURE LAST
                VALUE   (LST)  VALUE       VALUE  FROM      YEAR
                                                  NORMAL
..................................................................
TEMPERATURE (F)
 YESTERDAY
  MAXIMUM         20   1159 PM  68    1999  42    -22       38
                                      1953
                                      1941
  MINIMUM         11    222 AM   0    1891  27    -16       21
                                      1872
  AVERAGE         16                        35    -19       30

PRECIPITATION (IN)
  YESTERDAY        T             1.12 1957   0.06  -0.06     0.00
  MONTH TO DATE    0.37                      1.21  -0.84     1.63
  SINCE SEP 1      6.52                      6.94  -0.42     7.08
  SINCE JAN 1     36.00                     30.90   5.10    34.23

SNOWFALL (IN)
  YESTERDAY        T            11.0  1957   0.2   -0.2      0.0
  MONTH TO DATE    4.2                       1.5    2.7      0.1
  SINCE JUL 1      4.2                       1.7    2.5      0.1
  SNOW DEPTH       2

DEGREE DAYS
 HEATING
  YESTERDAY       49                        30     19       35
  MONTH TO DATE  578                       462    116      452
  SINCE JUL 1   1138                      1090     48      966

 COOLING
  YESTERDAY        0                         0      0        0
  MONTH TO DATE    0                         0      0        0
  SINCE JAN 1    822                       782     40      917
..................................................................


WIND (MPH)
  HIGHEST WIND SPEED    21   HIGHEST WIND DIRECTION     W (270)
  HIGHEST GUST SPEED    27   HIGHEST GUST DIRECTION     W (270)
  AVERAGE WIND SPEED    12.3


SKY COVER
  POSSIBLE SUNSHINE  MM
  AVERAGE SKY COVER 0.9


WEATHER CONDITIONS
 THE FOLLOWING WEATHER WAS RECORDED YESTERDAY.
  LIGHT SNOW
  HAZE


RELATIVE HUMIDITY (PERCENT)
 HIGHEST    70           700 AM
 LOWEST     49           600 PM
 AVERAGE    60

..........................................................


THE LA CROSSE WI CLIMATE NORMALS FOR TODAY
                         NORMAL    RECORD    YEAR
 MAXIMUM TEMPERATURE (F)   42        73      1930
 MINIMUM TEMPERATURE (F)   26         2      1914


SUNRISE AND SUNSET
NOVEMBER 19 2014......SUNRISE   705 AM CST   SUNSET   436 PM CST
NOVEMBER 20 2014......SUNRISE   706 AM CST   SUNSET   435 PM CST


-  INDICATES NEGATIVE NUMBERS.
R  INDICATES RECORD WAS SET OR TIED.
MM INDICATES DATA IS MISSING.
T  INDICATES TRACE AMOUNT.




$$
