000
CDUS43 KARX 190721
CLILSE


CLIMATE REPORT
NATIONAL WEATHER SERVICE LA CROSSE WI
219 AM CDT TUE MAY 19 2015

...THE LA CROSSE WI CLIMATE SUMMARY FOR MAY 18 2015...

CLIMATE NORMAL PERIOD 1981 TO 2010
CLIMATE RECORD PERIOD 1873 TO 2015

WEATHER ITEM   OBSERVED TIME   RECORD YEAR NORMAL DEPARTURE LAST
                VALUE   (LST)  VALUE       VALUE  FROM      YEAR
                                                  NORMAL
..................................................................
TEMPERATURE (F)
 YESTERDAY
  MAXIMUM         63   1203 AM  92    1998  71     -8       75
                                      1934
  MINIMUM         46   1159 PM  35    2002  49     -3       48
                                      1915
  AVERAGE         55                        60     -5       62

PRECIPITATION (IN)
  YESTERDAY        T             1.55 1971   0.11  -0.11     0.00
  MONTH TO DATE    1.82                      2.00  -0.18     1.60
  SINCE MAR 1      6.79                      7.38  -0.59     9.94
  SINCE JAN 1      8.00                      9.55  -1.55    12.30

SNOWFALL (IN)
  YESTERDAY        0.0           0.0  2002   0.0    0.0      0.0
                                      2001
  MONTH TO DATE    0.0                       0.1   -0.1      0.0
  SINCE JUL 1     38.8                      43.4   -4.6     48.9
  SNOW DEPTH       0

DEGREE DAYS
 HEATING
  YESTERDAY       10                         6      4        3
  MONTH TO DATE   87                       145    -58      179
  SINCE JUL 1   6994                      7097   -103     8119

 COOLING
  YESTERDAY        0                         1     -1        0
  MONTH TO DATE   35                        16     19        2
  SINCE JAN 1     36                        23     13        2
..................................................................

WIND (MPH)
  HIGHEST WIND SPEED    25   HIGHEST WIND DIRECTION     W (270)
  HIGHEST GUST SPEED    33   HIGHEST GUST DIRECTION    SW (240)
  AVERAGE WIND SPEED    16.4

SKY COVER
  POSSIBLE SUNSHINE  MM
  AVERAGE SKY COVER 0.9

WEATHER CONDITIONS
 THE FOLLOWING WEATHER WAS RECORDED YESTERDAY.
  LIGHT RAIN

RELATIVE HUMIDITY (PERCENT)
 HIGHEST    71           500 AM
 LOWEST     54          1000 AM
 AVERAGE    63
..........................................................

THE LA CROSSE WI CLIMATE NORMALS FOR TODAY
                         NORMAL    RECORD    YEAR
 MAXIMUM TEMPERATURE (F)   72        96      1934
 MINIMUM TEMPERATURE (F)   50        32      1929

SUNRISE AND SUNSET
MAY 19 2015...........SUNRISE   535 AM CDT   SUNSET   828 PM CDT
MAY 20 2015...........SUNRISE   535 AM CDT   SUNSET   829 PM CDT

-  INDICATES NEGATIVE NUMBERS.
R  INDICATES RECORD WAS SET OR TIED.
MM INDICATES DATA IS MISSING.
T  INDICATES TRACE AMOUNT.

$$

BOYNE
