000
CDUS43 KARX 262236
CLILSE


CLIMATE REPORT
NATIONAL WEATHER SERVICE LA CROSSE WI
435 PM CST SAT NOV 26 2016


...................................

...THE LA CROSSE WI CLIMATE SUMMARY FOR NOVEMBER 26 2016...
VALID TODAY AS OF 0430 PM LOCAL TIME.

CLIMATE NORMAL PERIOD 1981 TO 2010
CLIMATE RECORD PERIOD 1873 TO 2016


WEATHER ITEM   OBSERVED TIME   RECORD YEAR NORMAL DEPARTURE LAST
                VALUE   (LST)  VALUE       VALUE  FROM      YEAR
                                                  NORMAL
..................................................................
TEMPERATURE (F)
 TODAY
  MAXIMUM         53    314 PM  65    1914  37     16       48
  MINIMUM         31    703 AM  -9    1977  23      8       33
  AVERAGE         42                        30     12       41

PRECIPITATION (IN)
  TODAY            0.00          1.10 1896   0.06  -0.06     0.50
  MONTH TO DATE    0.33                      1.75  -1.42     1.54
  SINCE SEP 1     13.02                      7.48   5.54     6.45
  SINCE JAN 1     41.74                     31.44  10.30    29.16

SNOWFALL (IN)
  TODAY            0.0           2.0  1945   0.3   -0.3      0.1
  MONTH TO DATE    T                         3.1   -3.1      0.8
  SINCE JUL 1      T                         3.3   -3.3      0.8
  SNOW DEPTH       0

DEGREE DAYS
 HEATING
  TODAY           23                        35    -12       24
  MONTH TO DATE  464                       726   -262      505
  SINCE JUL 1    767                      1354   -587      943

 COOLING
  TODAY            0                         0      0        0
  MONTH TO DATE    0                         0      0        0
  SINCE JAN 1   1033                       782    251      887
..................................................................


WIND (MPH)
  HIGHEST WIND SPEED    16   HIGHEST WIND DIRECTION     S (170)
  HIGHEST GUST SPEED    20   HIGHEST GUST DIRECTION     S (170)
  AVERAGE WIND SPEED     8.4


SKY COVER
  POSSIBLE SUNSHINE  MM
  AVERAGE SKY COVER 0.2


WEATHER CONDITIONS
 THE FOLLOWING WEATHER WAS RECORDED TODAY.
  NO SIGNIFICANT WEATHER WAS OBSERVED.


RELATIVE HUMIDITY (PERCENT)
 HIGHEST    89           500 AM
 LOWEST     50           300 PM
 AVERAGE    70

..........................................................


THE LA CROSSE WI CLIMATE NORMALS FOR TOMORROW
                         NORMAL    RECORD    YEAR
 MAXIMUM TEMPERATURE (F)   37        63      1998
                                             1909
 MINIMUM TEMPERATURE (F)   22       -13      1872


SUNRISE AND SUNSET
NOVEMBER 26 2016......SUNRISE   714 AM CST   SUNSET   431 PM CST
NOVEMBER 27 2016......SUNRISE   715 AM CST   SUNSET   430 PM CST


-  INDICATES NEGATIVE NUMBERS.
R  INDICATES RECORD WAS SET OR TIED.
MM INDICATES DATA IS MISSING.
T  INDICATES TRACE AMOUNT.




$$
