000
CDUS43 KARX 282250
CLILSE


CLIMATE REPORT
NATIONAL WEATHER SERVICE LA CROSSE WI
444 PM CST THU JAN 28 2016


...................................

...THE LA CROSSE WI CLIMATE SUMMARY FOR JANUARY 28 2016...
VALID TODAY AS OF 0400 PM LOCAL TIME.

CLIMATE NORMAL PERIOD 1981 TO 2010
CLIMATE RECORD PERIOD 1873 TO 2016


WEATHER ITEM   OBSERVED TIME   RECORD YEAR NORMAL DEPARTURE LAST
                VALUE   (LST)  VALUE       VALUE  FROM      YEAR
                                                  NORMAL
..................................................................
TEMPERATURE (F)
 TODAY
  MAXIMUM         39    112 AM  49    1914  27     12       36
  MINIMUM         31    359 PM -28    1915   9     22       27
                                      1873
  AVERAGE         35                        18     17       32

PRECIPITATION (IN)
  TODAY            T             0.78 1914   0.04  -0.04     0.00
  MONTH TO DATE    0.66                      1.01  -0.35     0.61
  SINCE DEC 1      5.59                      2.37   3.22     1.71
  SINCE JAN 1      0.66                      1.01  -0.35     0.61

SNOWFALL (IN)
  TODAY            T             8.0  1947   0.4   -0.4      0.0
  MONTH TO DATE    4.1                       9.6   -5.5      8.6
  SINCE JUL 1     16.6                      25.2   -8.6     18.4
  SNOW DEPTH       5

DEGREE DAYS
 HEATING
  TODAY           30                        47    -17       33
  MONTH TO DATE 1297                      1336    -39     1250
  SINCE JUL 1   3332                      4180   -848     3989

 COOLING
  TODAY            0                         0      0        0
  MONTH TO DATE    0                         0      0        0
  SINCE JAN 1      0                         0      0        0
..................................................................


WIND (MPH)
  HIGHEST WIND SPEED    25   HIGHEST WIND DIRECTION    NW (310)
  HIGHEST GUST SPEED    32   HIGHEST GUST DIRECTION     N (360)
  AVERAGE WIND SPEED    16.1


SKY COVER
  POSSIBLE SUNSHINE  MM
  AVERAGE SKY COVER 1.0


WEATHER CONDITIONS
 THE FOLLOWING WEATHER WAS RECORDED TODAY.
  NO SIGNIFICANT WEATHER WAS OBSERVED.


RELATIVE HUMIDITY (PERCENT)
 HIGHEST    82           900 AM
 LOWEST     59           300 PM
 AVERAGE    71

..........................................................


THE LA CROSSE WI CLIMATE NORMALS FOR TOMORROW
                         NORMAL    RECORD    YEAR
 MAXIMUM TEMPERATURE (F)   27        49      1914
 MINIMUM TEMPERATURE (F)    9       -36      1873


SUNRISE AND SUNSET
JANUARY 28 2016.......SUNRISE   727 AM CST   SUNSET   510 PM CST
JANUARY 29 2016.......SUNRISE   726 AM CST   SUNSET   511 PM CST


-  INDICATES NEGATIVE NUMBERS.
R  INDICATES RECORD WAS SET OR TIED.
MM INDICATES DATA IS MISSING.
T  INDICATES TRACE AMOUNT.




$$
