000
CDUS43 KARX 040637
CLILSE


CLIMATE REPORT
NATIONAL WEATHER SERVICE LA CROSSE WI
136 AM CDT SAT NOV 4 2017


...................................

...THE LA CROSSE WI CLIMATE SUMMARY FOR NOVEMBER 3 2017...

CLIMATE NORMAL PERIOD 1981 TO 2010
CLIMATE RECORD PERIOD 1873 TO 2017


WEATHER ITEM   OBSERVED TIME   RECORD YEAR NORMAL DEPARTURE LAST
                VALUE   (LST)  VALUE       VALUE  FROM      YEAR
                                                  NORMAL
..................................................................
TEMPERATURE (F)
 YESTERDAY
  MAXIMUM         41   1159 PM  75    2008  51    -10       66
                                      1978
  MINIMUM         29    701 AM  11    1991  34     -5       41
  AVERAGE         35                        43     -8       54

PRECIPITATION (IN)
  YESTERDAY        T             1.25 1934   0.07  -0.07     0.00
  MONTH TO DATE    0.15                      0.20  -0.05     0.00
  SINCE SEP 1      7.11                      5.93   1.18    12.69
  SINCE JAN 1     38.87                     29.89   8.98    41.41

SNOWFALL (IN)
  YESTERDAY        T             4.8  1951   0.0    0.0      0.0
  MONTH TO DATE    T                         0.1   -0.1      0.0
  SINCE JUL 1      T                         0.3   -0.3      0.0
  SNOW DEPTH       0

DEGREE DAYS
 HEATING
  YESTERDAY       30                        22      8       11
  MONTH TO DATE   82                        65     17       25
  SINCE JUL 1    474                       693   -219      328

 COOLING
  YESTERDAY        0                         0      0        0
  MONTH TO DATE    0                         0      0        0
  SINCE JAN 1   1001                       782    219     1033
..................................................................


WIND (MPH)
  HIGHEST WIND SPEED    17   HIGHEST WIND DIRECTION     N (360)
  HIGHEST GUST SPEED    22   HIGHEST GUST DIRECTION     N (360)
  AVERAGE WIND SPEED     4.8


SKY COVER
  POSSIBLE SUNSHINE  MM
  AVERAGE SKY COVER 0.5


WEATHER CONDITIONS
 THE FOLLOWING WEATHER WAS RECORDED YESTERDAY.
  LIGHT RAIN


RELATIVE HUMIDITY (PERCENT)
 HIGHEST    78           400 AM
 LOWEST     59          1200 AM
 AVERAGE    69

..........................................................


THE LA CROSSE WI CLIMATE NORMALS FOR TODAY
                         NORMAL    RECORD    YEAR
 MAXIMUM TEMPERATURE (F)   51        75      2008
 MINIMUM TEMPERATURE (F)   34         4      1991


SUNRISE AND SUNSET
NOVEMBER  4 2017......SUNRISE   746 AM CDT   SUNSET   551 PM CDT
NOVEMBER  5 2017......SUNRISE   647 AM CST   SUNSET   450 PM CST


-  INDICATES NEGATIVE NUMBERS.
R  INDICATES RECORD WAS SET OR TIED.
MM INDICATES DATA IS MISSING.
T  INDICATES TRACE AMOUNT.




$$
