000
CDUS43 KARX 162129
CLILSE


CLIMATE REPORT
NATIONAL WEATHER SERVICE LA CROSSE WI
429 PM CDT MON MAY 16 2016


...................................

...THE LA CROSSE WI CLIMATE SUMMARY FOR MAY 16 2016...
VALID TODAY AS OF 0400 PM LOCAL TIME.

CLIMATE NORMAL PERIOD 1981 TO 2010
CLIMATE RECORD PERIOD 1873 TO 2016


WEATHER ITEM   OBSERVED TIME   RECORD YEAR NORMAL DEPARTURE LAST
                VALUE   (LST)  VALUE       VALUE  FROM      YEAR
                                                  NORMAL
..................................................................
TEMPERATURE (F)
 TODAY
  MAXIMUM         72    246 PM  90    1936  71      1       81
  MINIMUM         48    209 AM  31    1921  49     -1       56
  AVERAGE         60                        60      0       69

PRECIPITATION (IN)
  TODAY            0.00          2.71 1960   0.12  -0.12      T
  MONTH TO DATE    1.43                      1.78  -0.35     1.70
  SINCE MAR 1      6.12                      7.16  -1.04     6.67
  SINCE JAN 1      7.77                      9.33  -1.56     7.88

SNOWFALL (IN)
  TODAY            0.0           0.0  2002   0.0    0.0      0.0
                                      2001
  MONTH TO DATE    0.0                       0.1   -0.1      0.0
  SINCE JUL 1     40.3                      43.4   -3.1     38.8
  SNOW DEPTH       0

DEGREE DAYS
 HEATING
  TODAY            5                         7     -2        0
  MONTH TO DATE  162                       133     29       77
  SINCE JUL 1   5919                      7085  -1166     6984

 COOLING
  TODAY            0                         1     -1        4
  MONTH TO DATE    7                        14     -7       28
  SINCE JAN 1     18                        21     -3       29
..................................................................


WIND (MPH)
  HIGHEST WIND SPEED    15   HIGHEST WIND DIRECTION    NW (330)
  HIGHEST GUST SPEED    17   HIGHEST GUST DIRECTION    NW (320)
  AVERAGE WIND SPEED     7.8


SKY COVER
  POSSIBLE SUNSHINE  MM
  AVERAGE SKY COVER 0.2


WEATHER CONDITIONS
 THE FOLLOWING WEATHER WAS RECORDED TODAY.
  NO SIGNIFICANT WEATHER WAS OBSERVED.


RELATIVE HUMIDITY (PERCENT)
 HIGHEST    71          1200 AM
 LOWEST     31           100 PM
 AVERAGE    51

..........................................................


THE LA CROSSE WI CLIMATE NORMALS FOR TOMORROW
                         NORMAL    RECORD    YEAR
 MAXIMUM TEMPERATURE (F)   71        92      1998
 MINIMUM TEMPERATURE (F)   49        29      1925


SUNRISE AND SUNSET
MAY 16 2016...........SUNRISE   538 AM CDT   SUNSET   826 PM CDT
MAY 17 2016...........SUNRISE   537 AM CDT   SUNSET   827 PM CDT


-  INDICATES NEGATIVE NUMBERS.
R  INDICATES RECORD WAS SET OR TIED.
MM INDICATES DATA IS MISSING.
T  INDICATES TRACE AMOUNT.




$$
