000
CDUS43 KARX 150648
CLILSE


CLIMATE REPORT
NATIONAL WEATHER SERVICE LA CROSSE WI
147 AM CDT FRI APR 15 2016


...................................

...THE LA CROSSE WI CLIMATE SUMMARY FOR APRIL 14 2016...

CLIMATE NORMAL PERIOD 1981 TO 2010
CLIMATE RECORD PERIOD 1873 TO 2016


WEATHER ITEM   OBSERVED TIME   RECORD YEAR NORMAL DEPARTURE LAST
                VALUE   (LST)  VALUE       VALUE  FROM      YEAR
                                                  NORMAL
..................................................................
TEMPERATURE (F)
 YESTERDAY
  MAXIMUM         71    307 PM  90    2003  59     12       72
  MINIMUM         45    527 AM  20    1928  37      8       36
  AVERAGE         58                        48     10       54

PRECIPITATION (IN)
  YESTERDAY        0.00          1.35 2013   0.12  -0.12     0.00
  MONTH TO DATE    0.21                      1.43  -1.22     3.23
  SINCE MAR 1      3.82                      3.47   0.35     4.04
  SINCE JAN 1      5.47                      5.64  -0.17     5.25

SNOWFALL (IN)
  YESTERDAY        0.0           3.7  1928   0.1   -0.1      0.0
  MONTH TO DATE    0.6                       1.1   -0.5      0.4
  SINCE JUL 1     40.3                      42.7   -2.4     38.7
  SNOW DEPTH       0

DEGREE DAYS
 HEATING
  YESTERDAY        7                        17    -10       11
  MONTH TO DATE  324                       281     43      214
  SINCE JUL 1   5623                      6734  -1111     6706

 COOLING
  YESTERDAY        0                         0      0        0
  MONTH TO DATE    0                         0      0        0
  SINCE JAN 1      0                         0      0        0
..................................................................


WIND (MPH)
  HIGHEST WIND SPEED    21   HIGHEST WIND DIRECTION     S (180)
  HIGHEST GUST SPEED    27   HIGHEST GUST DIRECTION     S (180)
  AVERAGE WIND SPEED    12.4


SKY COVER
  POSSIBLE SUNSHINE  MM
  AVERAGE SKY COVER 0.1


WEATHER CONDITIONS
 THE FOLLOWING WEATHER WAS RECORDED YESTERDAY.
  NO SIGNIFICANT WEATHER WAS OBSERVED.


RELATIVE HUMIDITY (PERCENT)
 HIGHEST    58          1200 AM
 LOWEST     22           500 PM
 AVERAGE    40

..........................................................


THE LA CROSSE WI CLIMATE NORMALS FOR TODAY
                         NORMAL    RECORD    YEAR
 MAXIMUM TEMPERATURE (F)   59        90      2002
 MINIMUM TEMPERATURE (F)   38        17      1928


SUNRISE AND SUNSET
APRIL 15 2016.........SUNRISE   621 AM CDT   SUNSET   749 PM CDT
APRIL 16 2016.........SUNRISE   619 AM CDT   SUNSET   751 PM CDT


-  INDICATES NEGATIVE NUMBERS.
R  INDICATES RECORD WAS SET OR TIED.
MM INDICATES DATA IS MISSING.
T  INDICATES TRACE AMOUNT.




$$
