000
CDUS43 KARX 080651 CCA
CLILSE

CLIMATE REPORT...CORRECTED
NATIONAL WEATHER SERVICE LA CROSSE WI
438 PM CST SUN JAN 7 2018


...................................

...THE LA CROSSE WI CLIMATE SUMMARY FOR JANUARY 7 2018...
VALID TODAY AS OF 0430 PM LOCAL TIME.

CLIMATE NORMAL PERIOD 1981 TO 2010
CLIMATE RECORD PERIOD 1873 TO 2018


WEATHER ITEM   OBSERVED TIME   RECORD YEAR NORMAL DEPARTURE LAST
                VALUE   (LST)  VALUE       VALUE  FROM      YEAR
                                                  NORMAL
..................................................................
TEMPERATURE (F)
 TODAY
  MAXIMUM         35    209 PM  56    2003  25     10       13
  MINIMUM         11   1222 AM -34    1912   9      2       -3
  AVERAGE         23                        17      6        5

PRECIPITATION (IN)
  TODAY            T             0.53 1907   0.04  -0.04     0.00
  MONTH TO DATE    0.02                      0.24  -0.22     0.23
  SINCE DEC 1      0.55                      1.60  -1.05     2.42
  SINCE JAN 1      0.02                      0.24  -0.22     0.23

SNOWFALL (IN)
  TODAY            T             6.0  1913   0.3   -0.3      0.0
  MONTH TO DATE    0.5                       2.0   -1.5      0.3
  SINCE JUL 1      4.9                      17.6  -12.7     21.1
  SNOW DEPTH       1

DEGREE DAYS
 HEATING
  TODAY           42                        48     -6       60
  MONTH TO DATE  431                       332     99      355
  SINCE JUL 1   2995                      3176   -181     2490

 COOLING
  TODAY            0                         0      0        0
  MONTH TO DATE    0                         0      0        0
  SINCE JAN 1      0                         0      0        0
..................................................................


WIND (MPH)
  HIGHEST WIND SPEED    22   HIGHEST WIND DIRECTION    SW (210)
  HIGHEST GUST SPEED    29   HIGHEST GUST DIRECTION    SW (210)
  AVERAGE WIND SPEED    13.7


SKY COVER
  POSSIBLE SUNSHINE  MM
  AVERAGE SKY COVER 0.7


WEATHER CONDITIONS
 THE FOLLOWING WEATHER WAS RECORDED TODAY.
  NO SIGNIFICANT WEATHER WAS OBSERVED.


RELATIVE HUMIDITY (PERCENT)
 HIGHEST    67           700 AM
 LOWEST     52           200 PM
 AVERAGE    60

..........................................................


THE LA CROSSE WI CLIMATE NORMALS FOR TOMORROW
                         NORMAL    RECORD    YEAR
 MAXIMUM TEMPERATURE (F)   25        55      2003
 MINIMUM TEMPERATURE (F)    9       -25      1881
                                             1875


SUNRISE AND SUNSET
JANUARY  7 2018.......SUNRISE   739 AM CST   SUNSET   444 PM CST
JANUARY  8 2018.......SUNRISE   739 AM CST   SUNSET   445 PM CST


-  INDICATES NEGATIVE NUMBERS.
R  INDICATES RECORD WAS SET OR TIED.
MM INDICATES DATA IS MISSING.
T  INDICATES TRACE AMOUNT.




$$
