724
CDUS43 KARX 220635
CLILSE


CLIMATE REPORT
NATIONAL WEATHER SERVICE LA CROSSE WI
134 AM CDT SAT APR 22 2017


...................................

...THE LA CROSSE WI CLIMATE SUMMARY FOR APRIL 21 2017...

CLIMATE NORMAL PERIOD 1981 TO 2010
CLIMATE RECORD PERIOD 1873 TO 2017


WEATHER ITEM   OBSERVED TIME   RECORD YEAR NORMAL DEPARTURE LAST
                VALUE   (LST)  VALUE       VALUE  FROM      YEAR
                                                  NORMAL
..................................................................
TEMPERATURE (F)
 YESTERDAY
  MAXIMUM         65    236 PM  91    1980  62      3       73
  MINIMUM         36    432 AM  26    1988  40     -4       49
                                      1978
  AVERAGE         51                        51      0       61

PRECIPITATION (IN)
  YESTERDAY        0.00          2.08 1977   0.11  -0.11     0.01
  MONTH TO DATE    3.97                      2.24   1.73     0.33
  SINCE MAR 1      5.73                      4.28   1.45     3.94
  SINCE JAN 1      9.59                      6.45   3.14     5.59

SNOWFALL (IN)
  YESTERDAY        0.0           4.5  2002   0.1   -0.1      0.0
  MONTH TO DATE    0.0                       1.5   -1.5      0.6
  SINCE JUL 1     42.2                      43.1   -0.9     40.3
  SNOW DEPTH       0

DEGREE DAYS
 HEATING
  YESTERDAY       14                        14      0        4
  MONTH TO DATE  246                       389   -143      346
  SINCE JUL 1   5428                      6842  -1414     5645

 COOLING
  YESTERDAY        0                         0      0        0
  MONTH TO DATE    6                         0      6       11
  SINCE JAN 1      6                         0      6       11
..................................................................


WIND (MPH)
  HIGHEST WIND SPEED    20   HIGHEST WIND DIRECTION    NW (330)
  HIGHEST GUST SPEED    23   HIGHEST GUST DIRECTION    NW (330)
  AVERAGE WIND SPEED     7.3


SKY COVER
  POSSIBLE SUNSHINE  MM
  AVERAGE SKY COVER 0.2


WEATHER CONDITIONS
 THE FOLLOWING WEATHER WAS RECORDED YESTERDAY.
  NO SIGNIFICANT WEATHER WAS OBSERVED.


RELATIVE HUMIDITY (PERCENT)
 HIGHEST    85           300 AM
 LOWEST     34           300 PM
 AVERAGE    60

..........................................................


THE LA CROSSE WI CLIMATE NORMALS FOR TODAY
                         NORMAL    RECORD    YEAR
 MAXIMUM TEMPERATURE (F)   63        93      1980
 MINIMUM TEMPERATURE (F)   41        23      1986


SUNRISE AND SUNSET
APRIL 22 2017.........SUNRISE   610 AM CDT   SUNSET   758 PM CDT
APRIL 23 2017.........SUNRISE   608 AM CDT   SUNSET   759 PM CDT


-  INDICATES NEGATIVE NUMBERS.
R  INDICATES RECORD WAS SET OR TIED.
MM INDICATES DATA IS MISSING.
T  INDICATES TRACE AMOUNT.




$$
