000
CDUS43 KARX 072132
CLILSE


CLIMATE REPORT
NATIONAL WEATHER SERVICE LA CROSSE WI
432 PM CDT THU SEP 7 2017


...................................

...THE LA CROSSE WI CLIMATE SUMMARY FOR SEPTEMBER 7 2017...
VALID TODAY AS OF 0430 PM LOCAL TIME.

CLIMATE NORMAL PERIOD 1981 TO 2010
CLIMATE RECORD PERIOD 1873 TO 2017


WEATHER ITEM   OBSERVED TIME   RECORD YEAR NORMAL DEPARTURE LAST
                VALUE   (LST)  VALUE       VALUE  FROM      YEAR
                                                  NORMAL
..................................................................
TEMPERATURE (F)
 TODAY
  MAXIMUM         70    245 PM 100    1978  77     -7       77
  MINIMUM         48    550 AM  40    1986  56     -8       69
                                      1956
  AVERAGE         59                        66     -7       73

PRECIPITATION (IN)
  TODAY            0.00          2.16 1941   0.13  -0.13     0.79
  MONTH TO DATE    0.18                      0.86  -0.68     2.71
  SINCE SEP 1      0.18                      0.86  -0.68     2.71
  SINCE JAN 1     31.94                     24.82   7.12    31.43

SNOWFALL (IN)
  TODAY            0.0           0.0  2002   0.0    0.0      0.0
                                      2001
  MONTH TO DATE    0.0                       0.0    0.0      0.0
  SINCE JUL 1      0.0                       0.0    0.0      0.0
  SNOW DEPTH       0

DEGREE DAYS
 HEATING
  TODAY            6                         2      4        0
  MONTH TO DATE   19                        12      7        0
  SINCE JUL 1     19                        32    -13        0

 COOLING
  TODAY            0                         4     -4        8
  MONTH TO DATE   15                        30    -15       45
  SINCE JAN 1    830                       730    100      954
..................................................................


WIND (MPH)
  HIGHEST WIND SPEED     9   HIGHEST WIND DIRECTION    SW (210)
  HIGHEST GUST SPEED    12   HIGHEST GUST DIRECTION    SW (220)
  AVERAGE WIND SPEED     4.1


SKY COVER
  POSSIBLE SUNSHINE  MM
  AVERAGE SKY COVER 0.5


WEATHER CONDITIONS
 THE FOLLOWING WEATHER WAS RECORDED TODAY.
  FOG
  FOG W/VISIBILITY <= 1/4 MILE


RELATIVE HUMIDITY (PERCENT)
 HIGHEST   100           300 AM
 LOWEST     40           300 PM
 AVERAGE    70

..........................................................


THE LA CROSSE WI CLIMATE NORMALS FOR TOMORROW
                         NORMAL    RECORD    YEAR
 MAXIMUM TEMPERATURE (F)   76        99      1978
 MINIMUM TEMPERATURE (F)   56        35      1883


SUNRISE AND SUNSET
SEPTEMBER  7 2017.....SUNRISE   635 AM CDT   SUNSET   729 PM CDT
SEPTEMBER  8 2017.....SUNRISE   637 AM CDT   SUNSET   728 PM CDT


-  INDICATES NEGATIVE NUMBERS.
R  INDICATES RECORD WAS SET OR TIED.
MM INDICATES DATA IS MISSING.
T  INDICATES TRACE AMOUNT.




$$
