000
CDUS43 KARX 072132
CLILSE


CLIMATE REPORT
NATIONAL WEATHER SERVICE LA CROSSE WI
431 PM CDT WED SEP 7 2016


...................................

...THE LA CROSSE WI CLIMATE SUMMARY FOR SEPTEMBER 7 2016...
VALID TODAY AS OF 0430 PM LOCAL TIME.

CLIMATE NORMAL PERIOD 1981 TO 2010
CLIMATE RECORD PERIOD 1873 TO 2016


WEATHER ITEM   OBSERVED TIME   RECORD YEAR NORMAL DEPARTURE LAST
                VALUE   (LST)  VALUE       VALUE  FROM      YEAR
                                                  NORMAL
..................................................................
TEMPERATURE (F)
 TODAY
  MAXIMUM         77    312 PM 100    1978  77      0       82
  MINIMUM         70    812 AM  40    1986  56     14       69
                                      1956
  AVERAGE         74                        66      8       76

PRECIPITATION (IN)
  TODAY            0.76          2.16 1941   0.13   0.63     0.23
  MONTH TO DATE    2.68                      0.86   1.82     0.36
  SINCE SEP 1      2.68                      0.86   1.82     0.36
  SINCE JAN 1     31.40                     24.82   6.58    23.07

SNOWFALL (IN)
  TODAY            0.0           0.0  2002   0.0    0.0      0.0
                                      2001
  MONTH TO DATE    0.0                       0.0    0.0      0.0
  SINCE JUL 1      0.0                       0.0    0.0      0.0
  SNOW DEPTH       0

DEGREE DAYS
 HEATING
  TODAY            0                         2     -2        0
  MONTH TO DATE    0                        12    -12        0
  SINCE JUL 1      0                        32    -32       14

 COOLING
  TODAY            9                         4      5       11
  MONTH TO DATE   46                        30     16      104
  SINCE JAN 1    955                       730    225      795
..................................................................


WIND (MPH)
  HIGHEST WIND SPEED    18   HIGHEST WIND DIRECTION    SW (220)
  HIGHEST GUST SPEED    22   HIGHEST GUST DIRECTION    SW (230)
  AVERAGE WIND SPEED     5.8


SKY COVER
  POSSIBLE SUNSHINE  MM
  AVERAGE SKY COVER 0.7


WEATHER CONDITIONS
 THE FOLLOWING WEATHER WAS RECORDED TODAY.
  THUNDERSTORM
  HEAVY RAIN
  RAIN
  LIGHT RAIN
  FOG


RELATIVE HUMIDITY (PERCENT)
 HIGHEST   100           400 AM
 LOWEST     76           100 PM
 AVERAGE    88

..........................................................


THE LA CROSSE WI CLIMATE NORMALS FOR TOMORROW
                         NORMAL    RECORD    YEAR
 MAXIMUM TEMPERATURE (F)   76        99      1978
 MINIMUM TEMPERATURE (F)   56        35      1883


SUNRISE AND SUNSET
SEPTEMBER  7 2016.....SUNRISE   636 AM CDT   SUNSET   729 PM CDT
SEPTEMBER  8 2016.....SUNRISE   637 AM CDT   SUNSET   727 PM CDT


-  INDICATES NEGATIVE NUMBERS.
R  INDICATES RECORD WAS SET OR TIED.
MM INDICATES DATA IS MISSING.
T  INDICATES TRACE AMOUNT.




$$
