000
CDUS43 KARX 070654
CLILSE


CLIMATE REPORT
NATIONAL WEATHER SERVICE LA CROSSE WI
1254 AM CST TUE FEB 7 2017


...................................

...THE LA CROSSE WI CLIMATE SUMMARY FOR FEBRUARY 6 2017...

CLIMATE NORMAL PERIOD 1981 TO 2010
CLIMATE RECORD PERIOD 1873 TO 2017


WEATHER ITEM   OBSERVED TIME   RECORD YEAR NORMAL DEPARTURE LAST
                VALUE   (LST)  VALUE       VALUE  FROM      YEAR
                                                  NORMAL
..................................................................
TEMPERATURE (F)
 YESTERDAY
  MAXIMUM         43    800 PM  59    1878  29     14       33
  MINIMUM         17    722 AM -22    1982  11      6       25
  AVERAGE         30                        20     10       29

PRECIPITATION (IN)
  YESTERDAY        0.00          0.37 1928   0.03  -0.03      T
  MONTH TO DATE    0.03                      0.21  -0.18     0.63
  SINCE DEC 1      4.91                      2.69   2.22     6.43
  SINCE JAN 1      2.72                      1.33   1.39     1.50

SNOWFALL (IN)
  YESTERDAY        0.0           4.1  1914   0.3   -0.3       T
  MONTH TO DATE    0.5                       2.0   -1.5      8.4
  SINCE JUL 1     30.8                      28.3    2.5     25.0
  SNOW DEPTH       3

DEGREE DAYS
 HEATING
  YESTERDAY       35                        45    -10       36
  MONTH TO DATE  257                       275    -18      256
  SINCE JUL 1   3654                      4594   -940     3695

 COOLING
  YESTERDAY        0                         0      0        0
  MONTH TO DATE    0                         0      0        0
  SINCE JAN 1      0                         0      0        0
..................................................................


WIND (MPH)
  HIGHEST WIND SPEED    13   HIGHEST WIND DIRECTION    SE (120)
  HIGHEST GUST SPEED    16   HIGHEST GUST DIRECTION     E (110)
  AVERAGE WIND SPEED     5.3


SKY COVER
  POSSIBLE SUNSHINE  MM
  AVERAGE SKY COVER 0.3


WEATHER CONDITIONS
 THE FOLLOWING WEATHER WAS RECORDED YESTERDAY.
  NO SIGNIFICANT WEATHER WAS OBSERVED.


RELATIVE HUMIDITY (PERCENT)
 HIGHEST    80           600 AM
 LOWEST     54           100 PM
 AVERAGE    67

..........................................................


THE LA CROSSE WI CLIMATE NORMALS FOR TODAY
                         NORMAL    RECORD    YEAR
 MAXIMUM TEMPERATURE (F)   29        54      1878
 MINIMUM TEMPERATURE (F)   11       -34      1875


SUNRISE AND SUNSET
FEBRUARY  7 2017......SUNRISE   714 AM CST   SUNSET   524 PM CST
FEBRUARY  8 2017......SUNRISE   713 AM CST   SUNSET   526 PM CST


-  INDICATES NEGATIVE NUMBERS.
R  INDICATES RECORD WAS SET OR TIED.
MM INDICATES DATA IS MISSING.
T  INDICATES TRACE AMOUNT.




$$
