191
CDUS43 KARX 120648
CLILSE


CLIMATE REPORT
NATIONAL WEATHER SERVICE LA CROSSE WI
148 AM CDT THU OCT 12 2017


...................................

...THE LA CROSSE WI CLIMATE SUMMARY FOR OCTOBER 11 2017...

CLIMATE NORMAL PERIOD 1981 TO 2010
CLIMATE RECORD PERIOD 1873 TO 2017


WEATHER ITEM   OBSERVED TIME   RECORD YEAR NORMAL DEPARTURE LAST
                VALUE   (LST)  VALUE       VALUE  FROM      YEAR
                                                  NORMAL
..................................................................
TEMPERATURE (F)
 YESTERDAY
  MAXIMUM         59    409 PM  86    1928  62     -3       77
  MINIMUM         47    104 AM  22    1987  42      5       58
  AVERAGE         53                        52      1       68

PRECIPITATION (IN)
  YESTERDAY        0.02          1.45 1983   0.07  -0.05     0.11
  MONTH TO DATE    4.05                      0.88   3.17     0.27
  SINCE SEP 1      5.00                      4.44   0.56    10.73
  SINCE JAN 1     36.76                     28.40   8.36    39.45

SNOWFALL (IN)
  YESTERDAY        0.0           0.5  1909   0.0    0.0      0.0
  MONTH TO DATE    0.0                       0.0    0.0      0.0
  SINCE JUL 1      0.0                       0.0    0.0      0.0
  SNOW DEPTH       0

DEGREE DAYS
 HEATING
  YESTERDAY       12                        13     -1        0
  MONTH TO DATE   55                       127    -72       52
  SINCE JUL 1    103                       287   -184       72

 COOLING
  YESTERDAY        0                         0      0        3
  MONTH TO DATE   11                         7      4        7
  SINCE JAN 1    998                       781    217     1027
..................................................................


WIND (MPH)
  HIGHEST WIND SPEED    13   HIGHEST WIND DIRECTION    SE (120)
  HIGHEST GUST SPEED    16   HIGHEST GUST DIRECTION     N (350)
  AVERAGE WIND SPEED     5.7


SKY COVER
  POSSIBLE SUNSHINE  MM
  AVERAGE SKY COVER 1.0


WEATHER CONDITIONS
 THE FOLLOWING WEATHER WAS RECORDED YESTERDAY.
  LIGHT RAIN


RELATIVE HUMIDITY (PERCENT)
 HIGHEST   100           100 AM
 LOWEST     71           900 AM
 AVERAGE    86

..........................................................


THE LA CROSSE WI CLIMATE NORMALS FOR TODAY
                         NORMAL    RECORD    YEAR
 MAXIMUM TEMPERATURE (F)   62        87      1995
 MINIMUM TEMPERATURE (F)   42        21      1988


SUNRISE AND SUNSET
OCTOBER 12 2017.......SUNRISE   716 AM CDT   SUNSET   626 PM CDT
OCTOBER 13 2017.......SUNRISE   717 AM CDT   SUNSET   624 PM CDT


-  INDICATES NEGATIVE NUMBERS.
R  INDICATES RECORD WAS SET OR TIED.
MM INDICATES DATA IS MISSING.
T  INDICATES TRACE AMOUNT.




$$
