000
CDUS43 KARX 180639
CLILSE


CLIMATE REPORT
NATIONAL WEATHER SERVICE LA CROSSE WI
1238 AM CST SUN JAN 18 2015


...................................

...THE LA CROSSE WI CLIMATE SUMMARY FOR JANUARY 17 2015...

CLIMATE NORMAL PERIOD 1981 TO 2010
CLIMATE RECORD PERIOD 1873 TO 2015


WEATHER ITEM   OBSERVED TIME   RECORD YEAR NORMAL DEPARTURE LAST
                VALUE   (LST)  VALUE       VALUE  FROM      YEAR
                                                  NORMAL
..................................................................
TEMPERATURE (F)
 YESTERDAY
  MAXIMUM         42    101 PM  56    1894  26     16       16
  MINIMUM         26    332 AM -30    1873   8     18       -1
  AVERAGE         34                        17     17        8

PRECIPITATION (IN)
  YESTERDAY        0.00          0.42 1897   0.04  -0.04     0.03
  MONTH TO DATE    0.42                      0.60  -0.18     0.48
  SINCE DEC 1      1.52                      1.96  -0.44     2.00
  SINCE JAN 1      0.42                      0.60  -0.18     0.48

SNOWFALL (IN)
  YESTERDAY        0.0           4.4  2008   0.4   -0.4      0.5
  MONTH TO DATE    5.8                       5.3    0.5      8.0
  SINCE JUL 1     15.6                      20.9   -5.3     21.7
  SNOW DEPTH       4

DEGREE DAYS
 HEATING
  YESTERDAY       31                        48    -17       57
  MONTH TO DATE  875                       812     63      914
  SINCE JUL 1   3614                      3656    -42     3842

 COOLING
  YESTERDAY        0                         0      0        0
  MONTH TO DATE    0                         0      0        0
  SINCE JAN 1      0                         0      0        0
..................................................................


WIND (MPH)
  HIGHEST WIND SPEED    26   HIGHEST WIND DIRECTION    NW (310)
  HIGHEST GUST SPEED    34   HIGHEST GUST DIRECTION    NW (300)
  AVERAGE WIND SPEED    10.2


SKY COVER
  POSSIBLE SUNSHINE  MM
  AVERAGE SKY COVER 0.5


WEATHER CONDITIONS
 THE FOLLOWING WEATHER WAS RECORDED YESTERDAY.
  FOG
  HAZE


RELATIVE HUMIDITY (PERCENT)
 HIGHEST    92           400 AM
 LOWEST     62           100 PM
 AVERAGE    77

..........................................................


THE LA CROSSE WI CLIMATE NORMALS FOR TODAY
                         NORMAL    RECORD    YEAR
 MAXIMUM TEMPERATURE (F)   26        53      1880
 MINIMUM TEMPERATURE (F)    8       -43      1873


SUNRISE AND SUNSET
JANUARY 18 2015.......SUNRISE   734 AM CST   SUNSET   457 PM CST
JANUARY 19 2015.......SUNRISE   734 AM CST   SUNSET   458 PM CST


-  INDICATES NEGATIVE NUMBERS.
R  INDICATES RECORD WAS SET OR TIED.
MM INDICATES DATA IS MISSING.
T  INDICATES TRACE AMOUNT.




$$
