000
CDUS43 KARX 120638
CLILSE


CLIMATE REPORT
NATIONAL WEATHER SERVICE LA CROSSE WI
1238 AM CST SUN MAR 12 2017


...................................

...THE LA CROSSE WI CLIMATE SUMMARY FOR MARCH 11 2017...

CLIMATE NORMAL PERIOD 1981 TO 2010
CLIMATE RECORD PERIOD 1873 TO 2017


WEATHER ITEM   OBSERVED TIME   RECORD YEAR NORMAL DEPARTURE LAST
                VALUE   (LST)  VALUE       VALUE  FROM      YEAR
                                                  NORMAL
..................................................................
TEMPERATURE (F)
 YESTERDAY
  MAXIMUM         26    138 PM  67    2012  41    -15       63
  MINIMUM         13    657 AM -11    1948  23    -10       26
  AVERAGE         20                        32    -12       45

PRECIPITATION (IN)
  YESTERDAY        0.00          0.89 1962   0.06  -0.06     0.00
  MONTH TO DATE    0.59                      0.62  -0.03     0.28
  SINCE MAR 1      0.59                      0.62  -0.03     0.28
  SINCE JAN 1      4.45                      2.79   1.66     1.93

SNOWFALL (IN)
  YESTERDAY        0.0           7.4  1962   0.2   -0.2      0.0
  MONTH TO DATE    4.0                       3.3    0.7      4.8
  SINCE JUL 1     38.2                      37.8    0.4     32.2
  SNOW DEPTH       0

DEGREE DAYS
 HEATING
  YESTERDAY       45                        33     12       20
  MONTH TO DATE  344                       385    -41      304
  SINCE JUL 1   4624                      5894  -1270     4879

 COOLING
  YESTERDAY        0                         0      0        0
  MONTH TO DATE    0                         0      0        0
  SINCE JAN 1      0                         0      0        0
..................................................................


WIND (MPH)
  HIGHEST WIND SPEED    15   HIGHEST WIND DIRECTION     N (10)
  HIGHEST GUST SPEED    19   HIGHEST GUST DIRECTION     N (340)
  AVERAGE WIND SPEED     9.5


SKY COVER
  POSSIBLE SUNSHINE  MM
  AVERAGE SKY COVER 0.3


WEATHER CONDITIONS
 THE FOLLOWING WEATHER WAS RECORDED YESTERDAY.
  NO SIGNIFICANT WEATHER WAS OBSERVED.


RELATIVE HUMIDITY (PERCENT)
 HIGHEST    43          1100 PM
 LOWEST     22           200 PM
 AVERAGE    33

..........................................................


THE LA CROSSE WI CLIMATE NORMALS FOR TODAY
                         NORMAL    RECORD    YEAR
 MAXIMUM TEMPERATURE (F)   42        74      1990
 MINIMUM TEMPERATURE (F)   24        -7      1956


SUNRISE AND SUNSET
MARCH 12 2017.........SUNRISE   722 AM CDT   SUNSET   708 PM CDT
MARCH 13 2017.........SUNRISE   720 AM CDT   SUNSET   709 PM CDT


-  INDICATES NEGATIVE NUMBERS.
R  INDICATES RECORD WAS SET OR TIED.
MM INDICATES DATA IS MISSING.
T  INDICATES TRACE AMOUNT.




$$
