000
CDUS43 KARX 062140
CLILSE


CLIMATE REPORT
NATIONAL WEATHER SERVICE LA CROSSE WI
440 PM CDT SAT MAY 6 2017


...................................

...THE LA CROSSE WI CLIMATE SUMMARY FOR MAY 6 2017...
VALID TODAY AS OF 0400 PM LOCAL TIME.

CLIMATE NORMAL PERIOD 1981 TO 2010
CLIMATE RECORD PERIOD 1873 TO 2017


WEATHER ITEM   OBSERVED TIME   RECORD YEAR NORMAL DEPARTURE LAST
                VALUE   (LST)  VALUE       VALUE  FROM      YEAR
                                                  NORMAL
..................................................................
TEMPERATURE (F)
 TODAY
  MAXIMUM         68    257 PM  98    1934  68      0       91
  MINIMUM         45    235 AM  26    1989  46     -1       52
  AVERAGE         57                        57      0       72

PRECIPITATION (IN)
  TODAY            0.00          1.56 1960   0.11  -0.11     0.00
  MONTH TO DATE    0.77                      0.69   0.08     0.19
  SINCE MAR 1      7.40                      6.07   1.33     4.88
  SINCE JAN 1     11.26                      8.24   3.02     6.53

SNOWFALL (IN)
  TODAY            0.0           0.0  2000   0.0    0.0      0.0
                                      2002
                                      2001
  MONTH TO DATE    T                         0.1   -0.1      0.0
  SINCE JUL 1     42.2                      43.4   -1.2     40.3
  SNOW DEPTH       0

DEGREE DAYS
 HEATING
  TODAY            8                         9     -1        0
  MONTH TO DATE   79                        57     22       54
  SINCE JUL 1   5633                      7009  -1376     5811

 COOLING
  TODAY            0                         1     -1        7
  MONTH TO DATE    0                         4     -4        7
  SINCE JAN 1      6                        11     -5       18
..................................................................


WIND (MPH)
  HIGHEST WIND SPEED    18   HIGHEST WIND DIRECTION    NW (320)
  HIGHEST GUST SPEED    25   HIGHEST GUST DIRECTION     N (340)
  AVERAGE WIND SPEED     9.4


SKY COVER
  POSSIBLE SUNSHINE  MM
  AVERAGE SKY COVER 0.2


WEATHER CONDITIONS
 THE FOLLOWING WEATHER WAS RECORDED TODAY.
  NO SIGNIFICANT WEATHER WAS OBSERVED.


RELATIVE HUMIDITY (PERCENT)
 HIGHEST    93           500 AM
 LOWEST     34           100 PM
 AVERAGE    64

..........................................................


THE LA CROSSE WI CLIMATE NORMALS FOR TOMORROW
                         NORMAL    RECORD    YEAR
 MAXIMUM TEMPERATURE (F)   68        88      1970
 MINIMUM TEMPERATURE (F)   46        29      1890


SUNRISE AND SUNSET
MAY  6 2017...........SUNRISE   550 AM CDT   SUNSET   814 PM CDT
MAY  7 2017...........SUNRISE   548 AM CDT   SUNSET   815 PM CDT


-  INDICATES NEGATIVE NUMBERS.
R  INDICATES RECORD WAS SET OR TIED.
MM INDICATES DATA IS MISSING.
T  INDICATES TRACE AMOUNT.




$$
