000
CDUS43 KARX 070641
CLILSE


CLIMATE REPORT
NATIONAL WEATHER SERVICE LA CROSSE WI
141 AM CDT SUN SEP 7 2014


...................................

...THE LA CROSSE WI CLIMATE SUMMARY FOR SEPTEMBER 6 2014...

CLIMATE NORMAL PERIOD 1981 TO 2010
CLIMATE RECORD PERIOD 1873 TO 2014


WEATHER ITEM   OBSERVED TIME   RECORD YEAR NORMAL DEPARTURE LAST
                VALUE   (LST)  VALUE       VALUE  FROM      YEAR
                                                  NORMAL
..................................................................
TEMPERATURE (F)
 YESTERDAY
  MAXIMUM         77    420 PM 101    1922  77      0       90
  MINIMUM         50    545 AM  41    1988  57     -7       64
                                      1892
  AVERAGE         64                        67     -3       77

PRECIPITATION (IN)
  YESTERDAY        0.00          5.55 1884   0.12  -0.12     0.00
  MONTH TO DATE    0.46                      0.73  -0.27      T
  SINCE SEP 1      0.46                      0.73  -0.27      T
  SINCE JAN 1     29.94                     24.69   5.25    27.15

SNOWFALL (IN)
  YESTERDAY        0.0           0.0  2002   0.0    0.0      0.0
                                      2001
  MONTH TO DATE    0.0                       0.0    0.0      0.0
  SINCE JUL 1      0.0                       0.0    0.0       T
  SNOW DEPTH       0

DEGREE DAYS
 HEATING
  YESTERDAY        1                         2     -1        0
  MONTH TO DATE    1                        10     -9        6
  SINCE JUL 1      4                        30    -26       20

 COOLING
  YESTERDAY        0                         4     -4       12
  MONTH TO DATE   36                        26     10       34
  SINCE JAN 1    784                       726     58      819
..................................................................


WIND (MPH)
  HIGHEST WIND SPEED    14   HIGHEST WIND DIRECTION    NW (300)
  HIGHEST GUST SPEED    17   HIGHEST GUST DIRECTION     W (290)
  AVERAGE WIND SPEED     5.4


SKY COVER
  POSSIBLE SUNSHINE  MM
  AVERAGE SKY COVER 0.0


WEATHER CONDITIONS
 THE FOLLOWING WEATHER WAS RECORDED YESTERDAY.
  FOG


RELATIVE HUMIDITY (PERCENT)
 HIGHEST    93           100 AM
 LOWEST     38           400 PM
 AVERAGE    66

..........................................................


THE LA CROSSE WI CLIMATE NORMALS FOR TODAY
                         NORMAL    RECORD    YEAR
 MAXIMUM TEMPERATURE (F)   77       100      1978
 MINIMUM TEMPERATURE (F)   56        40      1986
                                             1956


SUNRISE AND SUNSET
SEPTEMBER  7 2014.....SUNRISE   635 AM CDT   SUNSET   730 PM CDT
SEPTEMBER  8 2014.....SUNRISE   636 AM CDT   SUNSET   728 PM CDT


-  INDICATES NEGATIVE NUMBERS.
R  INDICATES RECORD WAS SET OR TIED.
MM INDICATES DATA IS MISSING.
T  INDICATES TRACE AMOUNT.




$$
