000
CDUS43 KARX 240647
CLILSE


CLIMATE REPORT
NATIONAL WEATHER SERVICE LA CROSSE WI
1247 AM CST TUE FEB 24 2015


...................................

...THE LA CROSSE WI CLIMATE SUMMARY FOR FEBRUARY 23 2015...

CLIMATE NORMAL PERIOD 1981 TO 2010
CLIMATE RECORD PERIOD 1873 TO 2015


WEATHER ITEM   OBSERVED TIME   RECORD YEAR NORMAL DEPARTURE LAST
                VALUE   (LST)  VALUE       VALUE  FROM      YEAR
                                                  NORMAL
..................................................................
TEMPERATURE (F)
 YESTERDAY
  MAXIMUM         15   1159 PM  62    2000  34    -19       18
  MINIMUM        -15    416 AM -29    1873  17    -32        3
  AVERAGE          0                        25    -25       11

PRECIPITATION (IN)
  YESTERDAY        0.00          1.09 1915   0.05  -0.05     0.00
  MONTH TO DATE    0.48                      0.83  -0.35     1.27
  SINCE DEC 1      2.25                      3.31  -1.06     3.77
  SINCE JAN 1      1.15                      1.95  -0.80     2.25

SNOWFALL (IN)
  YESTERDAY        0.0           8.1  1959   0.3   -0.3      0.0
  MONTH TO DATE    8.2                       6.8    1.4      9.5
  SINCE JUL 1     27.4                      33.1   -5.7     38.9
  SNOW DEPTH       5

DEGREE DAYS
 HEATING
  YESTERDAY       65                        40     25       54
  MONTH TO DATE 1221                       999    222     1239
  SINCE JUL 1   5328                      5318     10     5886

 COOLING
  YESTERDAY        0                         0      0        0
  MONTH TO DATE    0                         0      0        0
  SINCE JAN 1      0                         0      0        0
..................................................................


WIND (MPH)
  HIGHEST WIND SPEED    21   HIGHEST WIND DIRECTION    SW (210)
  HIGHEST GUST SPEED    26   HIGHEST GUST DIRECTION    SW (210)
  AVERAGE WIND SPEED     7.5


SKY COVER
  POSSIBLE SUNSHINE  MM
  AVERAGE SKY COVER 0.0


WEATHER CONDITIONS
 THE FOLLOWING WEATHER WAS RECORDED YESTERDAY.
  NO SIGNIFICANT WEATHER WAS OBSERVED.


RELATIVE HUMIDITY (PERCENT)
 HIGHEST    72           100 AM
 LOWEST     46          1200 PM
 AVERAGE    59

..........................................................


THE LA CROSSE WI CLIMATE NORMALS FOR TODAY
                         NORMAL    RECORD    YEAR
 MAXIMUM TEMPERATURE (F)   35        59      1931
 MINIMUM TEMPERATURE (F)   17       -17      1889


SUNRISE AND SUNSET
FEBRUARY 24 2015......SUNRISE   650 AM CST   SUNSET   547 PM CST
FEBRUARY 25 2015......SUNRISE   649 AM CST   SUNSET   548 PM CST


-  INDICATES NEGATIVE NUMBERS.
R  INDICATES RECORD WAS SET OR TIED.
MM INDICATES DATA IS MISSING.
T  INDICATES TRACE AMOUNT.




$$
