000
CDUS43 KARX 072242
CLILSE


CLIMATE REPORT
NATIONAL WEATHER SERVICE LA CROSSE WI
441 PM CST THU DEC 7 2017


...................................

...THE LA CROSSE WI CLIMATE SUMMARY FOR DECEMBER 7 2017...
VALID TODAY AS OF 0400 PM LOCAL TIME.

CLIMATE NORMAL PERIOD 1981 TO 2010
CLIMATE RECORD PERIOD 1873 TO 2017


WEATHER ITEM   OBSERVED TIME   RECORD YEAR NORMAL DEPARTURE LAST
                VALUE   (LST)  VALUE       VALUE  FROM      YEAR
                                                  NORMAL
..................................................................
TEMPERATURE (F)
 TODAY
  MAXIMUM         25    318 PM  57    1916  32     -7       24
  MINIMUM         15    841 AM -20    1882  17     -2       19
  AVERAGE         20                        24     -4       22

PRECIPITATION (IN)
  TODAY            T             1.58 1927   0.05  -0.05      T
  MONTH TO DATE    0.24                      0.38  -0.14     0.36
  SINCE DEC 1      0.24                      0.38  -0.14     0.36
  SINCE JAN 1     39.31                     32.08   7.23    42.93

SNOWFALL (IN)
  TODAY            T            16.7  1927   0.4   -0.4       T
  MONTH TO DATE    0.1                       2.6   -2.5      2.9
  SINCE JUL 1      0.1                       6.9   -6.8      2.9
  SNOW DEPTH       T

DEGREE DAYS
 HEATING
  TODAY           45                        41      4       43
  MONTH TO DATE  215                       275    -60      222
  SINCE JUL 1   1452                      1775   -323     1081

 COOLING
  TODAY            0                         0      0        0
  MONTH TO DATE    0                         0      0        0
  SINCE JAN 1   1001                       782    219     1033
..................................................................


WIND (MPH)
  HIGHEST WIND SPEED    20   HIGHEST WIND DIRECTION    NW (320)
  HIGHEST GUST SPEED    27   HIGHEST GUST DIRECTION    NW (310)
  AVERAGE WIND SPEED    12.8


SKY COVER
  POSSIBLE SUNSHINE  MM
  AVERAGE SKY COVER 0.1


WEATHER CONDITIONS
 THE FOLLOWING WEATHER WAS RECORDED TODAY.
  LIGHT SNOW


RELATIVE HUMIDITY (PERCENT)
 HIGHEST    73           200 AM
 LOWEST     36           300 PM
 AVERAGE    55

..........................................................


THE LA CROSSE WI CLIMATE NORMALS FOR TOMORROW
                         NORMAL    RECORD    YEAR
 MAXIMUM TEMPERATURE (F)   31        60      1946
 MINIMUM TEMPERATURE (F)   17       -16      1876


SUNRISE AND SUNSET
DECEMBER  7 2017......SUNRISE   726 AM CST   SUNSET   427 PM CST
DECEMBER  8 2017......SUNRISE   727 AM CST   SUNSET   427 PM CST


-  INDICATES NEGATIVE NUMBERS.
R  INDICATES RECORD WAS SET OR TIED.
MM INDICATES DATA IS MISSING.
T  INDICATES TRACE AMOUNT.




$$
