000
CDUS43 KARX 052134
CLILSE


CLIMATE REPORT
NATIONAL WEATHER SERVICE LA CROSSE WI
433 PM CDT SAT AUG 5 2017


...................................

...THE LA CROSSE WI CLIMATE SUMMARY FOR AUGUST 5 2017...
VALID TODAY AS OF 040 PM LOCAL TIME.

CLIMATE NORMAL PERIOD 1981 TO 2010
CLIMATE RECORD PERIOD 1873 TO 2017


WEATHER ITEM   OBSERVED TIME   RECORD YEAR NORMAL DEPARTURE LAST
                VALUE   (LST)  VALUE       VALUE  FROM      YEAR
                                                  NORMAL
..................................................................
TEMPERATURE (F)
 TODAY
  MAXIMUM         82    321 PM  96    2001  83     -1       82
  MINIMUM         58    523 AM  46    1994  62     -4       64
                                      1889
  AVERAGE         70                        73     -3       73

PRECIPITATION (IN)
  TODAY            0.00          2.61 1935   0.15  -0.15     0.00
  MONTH TO DATE    0.26                      0.72  -0.46     1.34
  SINCE JUN 1     13.27                      9.32   3.95    13.22
  SINCE JAN 1     30.96                     20.39  10.57    23.70

SNOWFALL (IN)
  TODAY            0.0           0.0  2002   0.0    0.0      0.0
                                      2001
  MONTH TO DATE    0.0                       0.0    0.0      0.0
  SINCE JUL 1      0.0                       0.0    0.0      0.0
  SNOW DEPTH       0

DEGREE DAYS
 HEATING
  TODAY            0                         0      0        0
  MONTH TO DATE    0                         0      0        0
  SINCE JUL 1      0                         5     -5        0

 COOLING
  TODAY            5                         8     -3        8
  MONTH TO DATE   35                        40     -5       67
  SINCE JAN 1    658                       527    131      683
..................................................................


WIND (MPH)
  HIGHEST WIND SPEED    13   HIGHEST WIND DIRECTION     W (260)
  HIGHEST GUST SPEED    16   HIGHEST GUST DIRECTION     W (260)
  AVERAGE WIND SPEED     5.7


SKY COVER
  POSSIBLE SUNSHINE  MM
  AVERAGE SKY COVER 0.0


WEATHER CONDITIONS
 THE FOLLOWING WEATHER WAS RECORDED TODAY.
  NO SIGNIFICANT WEATHER WAS OBSERVED.


RELATIVE HUMIDITY (PERCENT)
 HIGHEST    93           300 AM
 LOWEST     39           200 PM
 AVERAGE    66

..........................................................


THE LA CROSSE WI CLIMATE NORMALS FOR TOMORROW
                         NORMAL    RECORD    YEAR
 MAXIMUM TEMPERATURE (F)   83       100      2001
 MINIMUM TEMPERATURE (F)   62        48      1910


SUNRISE AND SUNSET
AUGUST  5 2017........SUNRISE   558 AM CDT   SUNSET   823 PM CDT
AUGUST  6 2017........SUNRISE   559 AM CDT   SUNSET   822 PM CDT


-  INDICATES NEGATIVE NUMBERS.
R  INDICATES RECORD WAS SET OR TIED.
MM INDICATES DATA IS MISSING.
T  INDICATES TRACE AMOUNT.




$$
