000
CDUS43 KARX 212237
CLILSE


CLIMATE REPORT
NATIONAL WEATHER SERVICE LA CROSSE WI
436 PM CST MON NOV 21 2016


...................................

...THE LA CROSSE WI CLIMATE SUMMARY FOR NOVEMBER 21 2016...
VALID TODAY AS OF 0400 PM LOCAL TIME.

CLIMATE NORMAL PERIOD 1981 TO 2010
CLIMATE RECORD PERIOD 1873 TO 2016


WEATHER ITEM   OBSERVED TIME   RECORD YEAR NORMAL DEPARTURE LAST
                VALUE   (LST)  VALUE       VALUE  FROM      YEAR
                                                  NORMAL
..................................................................
TEMPERATURE (F)
 TODAY
  MAXIMUM         42    339 PM  72    1990  40      2       31
  MINIMUM         19    706 AM  -9    1880  25     -6       18
  AVERAGE         31                        33     -2       25

PRECIPITATION (IN)
  TODAY            0.00          1.16 1920   0.07  -0.07      T
  MONTH TO DATE    0.03                      1.42  -1.39     1.04
  SINCE SEP 1     12.72                      7.15   5.57     5.95
  SINCE JAN 1     41.44                     31.11  10.33    28.66

SNOWFALL (IN)
  TODAY            0.0           2.2  1961   0.2   -0.2       T
  MONTH TO DATE    T                         2.0   -2.0      0.7
  SINCE JUL 1      T                         2.2   -2.2      0.7
  SNOW DEPTH       0

DEGREE DAYS
 HEATING
  TODAY           34                        32      2       40
  MONTH TO DATE  336                       557   -221      361
  SINCE JUL 1    639                      1185   -546      799

 COOLING
  TODAY            0                         0      0        0
  MONTH TO DATE    0                         0      0        0
  SINCE JAN 1   1033                       782    251      887
..................................................................


WIND (MPH)
  HIGHEST WIND SPEED     8   HIGHEST WIND DIRECTION     E (100)
  HIGHEST GUST SPEED    10   HIGHEST GUST DIRECTION     E (100)
  AVERAGE WIND SPEED     3.4


SKY COVER
  POSSIBLE SUNSHINE  MM
  AVERAGE SKY COVER 0.1


WEATHER CONDITIONS
 THE FOLLOWING WEATHER WAS RECORDED TODAY.
  NO SIGNIFICANT WEATHER WAS OBSERVED.


RELATIVE HUMIDITY (PERCENT)
 HIGHEST    84           200 AM
 LOWEST     39           200 PM
 AVERAGE    62

..........................................................


THE LA CROSSE WI CLIMATE NORMALS FOR TOMORROW
                         NORMAL    RECORD    YEAR
 MAXIMUM TEMPERATURE (F)   40        64      2012
 MINIMUM TEMPERATURE (F)   25        -3      1880


SUNRISE AND SUNSET
NOVEMBER 21 2016......SUNRISE   708 AM CST   SUNSET   434 PM CST
NOVEMBER 22 2016......SUNRISE   709 AM CST   SUNSET   433 PM CST


-  INDICATES NEGATIVE NUMBERS.
R  INDICATES RECORD WAS SET OR TIED.
MM INDICATES DATA IS MISSING.
T  INDICATES TRACE AMOUNT.




$$
