000
CDUS43 KARX 160640
CLILSE


CLIMATE REPORT
NATIONAL WEATHER SERVICE LA CROSSE WI
140 AM CDT THU MAR 16 2017


...................................

...THE LA CROSSE WI CLIMATE SUMMARY FOR MARCH 15 2017...

CLIMATE NORMAL PERIOD 1981 TO 2010
CLIMATE RECORD PERIOD 1873 TO 2017


WEATHER ITEM   OBSERVED TIME   RECORD YEAR NORMAL DEPARTURE LAST
                VALUE   (LST)  VALUE       VALUE  FROM      YEAR
                                                  NORMAL
..................................................................
TEMPERATURE (F)
 YESTERDAY
  MAXIMUM         35    334 PM  71    2012  43     -8       54
  MINIMUM         11    655 AM  -3    1956  25    -14       45
  AVERAGE         23                        34    -11       50

PRECIPITATION (IN)
  YESTERDAY        0.00          1.77 1919   0.06  -0.06     1.19
  MONTH TO DATE    0.91                      0.86   0.05     1.59
  SINCE MAR 1      0.91                      0.86   0.05     1.59
  SINCE JAN 1      4.77                      3.03   1.74     3.24

SNOWFALL (IN)
  YESTERDAY        0.0           6.0  1923   0.3   -0.3      0.0
  MONTH TO DATE    8.0                       4.3    3.7      4.8
  SINCE JUL 1     42.2                      38.8    3.4     32.2
  SNOW DEPTH       3

DEGREE DAYS
 HEATING
  YESTERDAY       42                        31     11       15
  MONTH TO DATE  517                       511      6      355
  SINCE JUL 1   4797                      6020  -1223     4930

 COOLING
  YESTERDAY        0                         0      0        0
  MONTH TO DATE    0                         0      0        0
  SINCE JAN 1      0                         0      0        0
..................................................................


WIND (MPH)
  HIGHEST WIND SPEED    12   HIGHEST WIND DIRECTION     W (280)
  HIGHEST GUST SPEED    14   HIGHEST GUST DIRECTION     W (280)
  AVERAGE WIND SPEED     3.6


SKY COVER
  POSSIBLE SUNSHINE  MM
  AVERAGE SKY COVER 0.0


WEATHER CONDITIONS
 THE FOLLOWING WEATHER WAS RECORDED YESTERDAY.
  NO SIGNIFICANT WEATHER WAS OBSERVED.


RELATIVE HUMIDITY (PERCENT)
 HIGHEST    76           700 AM
 LOWEST     29           300 PM
 AVERAGE    53

..........................................................


THE LA CROSSE WI CLIMATE NORMALS FOR TODAY
                         NORMAL    RECORD    YEAR
 MAXIMUM TEMPERATURE (F)   44        79      2012
 MINIMUM TEMPERATURE (F)   25        -8      1956
                                             1900


SUNRISE AND SUNSET
MARCH 16 2017.........SUNRISE   715 AM CDT   SUNSET   713 PM CDT
MARCH 17 2017.........SUNRISE   713 AM CDT   SUNSET   714 PM CDT


-  INDICATES NEGATIVE NUMBERS.
R  INDICATES RECORD WAS SET OR TIED.
MM INDICATES DATA IS MISSING.
T  INDICATES TRACE AMOUNT.




$$
