000
CDUS43 KARX 110708
CLILSE


CLIMATE REPORT
NATIONAL WEATHER SERVICE LA CROSSE WI
108 AM CST THU DEC 11 2014


...................................

...THE LA CROSSE WI CLIMATE SUMMARY FOR DECEMBER 10 2014...

CLIMATE NORMAL PERIOD 1981 TO 2010
CLIMATE RECORD PERIOD 1873 TO 2014


WEATHER ITEM   OBSERVED TIME   RECORD YEAR NORMAL DEPARTURE LAST
                VALUE   (LST)  VALUE       VALUE  FROM      YEAR
                                                  NORMAL
..................................................................
TEMPERATURE (F)
 YESTERDAY
  MAXIMUM         30    407 PM  56    1979  31     -1       14
  MINIMUM         26    612 AM -18    1919  16     10        0
  AVERAGE         28                        23      5        7

PRECIPITATION (IN)
  YESTERDAY        0.00          1.02 1911   0.05  -0.05     0.03
  MONTH TO DATE    0.14                      0.53  -0.39     0.69
  SINCE DEC 1      0.14                      0.53  -0.39     0.69
  SINCE JAN 1     36.73                     32.23   4.50    35.06

SNOWFALL (IN)
  YESTERDAY        0.0           7.0  1970   0.4   -0.4      0.7
  MONTH TO DATE    0.1                       3.8   -3.7      2.8
  SINCE JUL 1      7.9                       8.1   -0.2      3.8
  SNOW DEPTH       T

DEGREE DAYS
 HEATING
  YESTERDAY       37                        42     -5       58
  MONTH TO DATE  390                       399     -9      461
  SINCE JUL 1   1990                      1899     91     1865

 COOLING
  YESTERDAY        0                         0      0        0
  MONTH TO DATE    0                         0      0        0
  SINCE JAN 1    822                       782     40      917
..................................................................


WIND (MPH)
  HIGHEST WIND SPEED     9   HIGHEST WIND DIRECTION     E (100)
  HIGHEST GUST SPEED    12   HIGHEST GUST DIRECTION     E (90)
  AVERAGE WIND SPEED     1.9


SKY COVER
  POSSIBLE SUNSHINE  MM
  AVERAGE SKY COVER 1.0


WEATHER CONDITIONS
 THE FOLLOWING WEATHER WAS RECORDED YESTERDAY.
  NO SIGNIFICANT WEATHER WAS OBSERVED.


RELATIVE HUMIDITY (PERCENT)
 HIGHEST    85          1200 AM
 LOWEST     69           200 PM
 AVERAGE    77

..........................................................


THE LA CROSSE WI CLIMATE NORMALS FOR TODAY
                         NORMAL    RECORD    YEAR
 MAXIMUM TEMPERATURE (F)   30        57      1949
 MINIMUM TEMPERATURE (F)   16       -11      1936


SUNRISE AND SUNSET
DECEMBER 11 2014......SUNRISE   729 AM CST   SUNSET   427 PM CST
DECEMBER 12 2014......SUNRISE   730 AM CST   SUNSET   427 PM CST


-  INDICATES NEGATIVE NUMBERS.
R  INDICATES RECORD WAS SET OR TIED.
MM INDICATES DATA IS MISSING.
T  INDICATES TRACE AMOUNT.




$$
