000
CDUS43 KARX 192232
CLILSE


CLIMATE REPORT
NATIONAL WEATHER SERVICE LA CROSSE WI
430 PM CST MON JAN 19 2015


...................................

...THE LA CROSSE WI CLIMATE SUMMARY FOR JANUARY 19 2015...
VALID TODAY AS OF 0400 PM LOCAL TIME.

CLIMATE NORMAL PERIOD 1981 TO 2010
CLIMATE RECORD PERIOD 1873 TO 2015


WEATHER ITEM   OBSERVED TIME   RECORD YEAR NORMAL DEPARTURE LAST
                VALUE   (LST)  VALUE       VALUE  FROM      YEAR
                                                  NORMAL
..................................................................
TEMPERATURE (F)
 TODAY
  MAXIMUM         36    344 PM  50    1947  26     10       38
  MINIMUM         22    527 AM -32    1970   8     14       12
  AVERAGE         29                        17     12       25

PRECIPITATION (IN)
  TODAY            T             0.65 1935   0.04  -0.04     0.00
  MONTH TO DATE    0.42                      0.67  -0.25     0.63
  SINCE DEC 1      1.52                      2.03  -0.51     2.15
  SINCE JAN 1      0.42                      0.67  -0.25     0.63

SNOWFALL (IN)
  TODAY            T             5.8  1979   0.4   -0.4      0.0
  MONTH TO DATE    5.8                       6.1   -0.3     10.4
  SINCE JUL 1     15.6                      21.7   -6.1     24.1
  SNOW DEPTH       3

DEGREE DAYS
 HEATING
  TODAY           36                        48    -12       40
  MONTH TO DATE  942                       908     34     1008
  SINCE JUL 1   3681                      3752    -71     3936

 COOLING
  TODAY            0                         0      0        0
  MONTH TO DATE    0                         0      0        0
  SINCE JAN 1      0                         0      0        0
..................................................................


WIND (MPH)
  HIGHEST WIND SPEED     8   HIGHEST WIND DIRECTION    SE (150)
  HIGHEST GUST SPEED     9   HIGHEST GUST DIRECTION    SE (150)
  AVERAGE WIND SPEED     3.9


SKY COVER
  POSSIBLE SUNSHINE  MM
  AVERAGE SKY COVER 0.5


WEATHER CONDITIONS
 THE FOLLOWING WEATHER WAS RECORDED TODAY.
  LIGHT SNOW
  FOG


RELATIVE HUMIDITY (PERCENT)
 HIGHEST    96           500 AM
 LOWEST     75           400 PM
 AVERAGE    86

..........................................................


THE LA CROSSE WI CLIMATE NORMALS FOR TOMORROW
                         NORMAL    RECORD    YEAR
 MAXIMUM TEMPERATURE (F)   26        50      1968
                                             1921
 MINIMUM TEMPERATURE (F)    8       -33      1994


SUNRISE AND SUNSET
JANUARY 19 2015.......SUNRISE   734 AM CST   SUNSET   458 PM CST
JANUARY 20 2015.......SUNRISE   733 AM CST   SUNSET   459 PM CST


-  INDICATES NEGATIVE NUMBERS.
R  INDICATES RECORD WAS SET OR TIED.
MM INDICATES DATA IS MISSING.
T  INDICATES TRACE AMOUNT.




$$
