000
CDUS43 KARX 030656
CLILSE


CLIMATE REPORT
NATIONAL WEATHER SERVICE LA CROSSE WI
155 AM CDT TUE OCT 3 2017


...................................

...THE LA CROSSE WI CLIMATE SUMMARY FOR OCTOBER 2 2017...

CLIMATE NORMAL PERIOD 1981 TO 2010
CLIMATE RECORD PERIOD 1873 TO 2017


WEATHER ITEM   OBSERVED TIME   RECORD YEAR NORMAL DEPARTURE LAST
                VALUE   (LST)  VALUE       VALUE  FROM      YEAR
                                                  NORMAL
..................................................................
TEMPERATURE (F)
 YESTERDAY
  MAXIMUM         81    430 PM  86    1953  66     15       76
  MINIMUM         61    315 AM  20    1974  45     16       52
  AVERAGE         71                        56     15       64

PRECIPITATION (IN)
  YESTERDAY        0.08          1.41 1927   0.09  -0.01     0.00
  MONTH TO DATE    0.08                      0.18  -0.10      T
  SINCE SEP 1      1.03                      3.74  -2.71    10.46
  SINCE JAN 1     32.79                     27.70   5.09    39.18

SNOWFALL (IN)
  YESTERDAY        0.0           T    1999   0.0    0.0      0.0
  MONTH TO DATE    0.0                       0.0    0.0      0.0
  SINCE JUL 1      0.0                       0.0    0.0      0.0
  SNOW DEPTH       0

DEGREE DAYS
 HEATING
  YESTERDAY        0                        10    -10        1
  MONTH TO DATE    0                        20    -20        3
  SINCE JUL 1     48                       180   -132       23

 COOLING
  YESTERDAY        6                         1      5        0
  MONTH TO DATE    7                         2      5        0
  SINCE JAN 1    994                       776    218     1020
..................................................................


WIND (MPH)
  HIGHEST WIND SPEED    23   HIGHEST WIND DIRECTION    SE (150)
  HIGHEST GUST SPEED    29   HIGHEST GUST DIRECTION     S (180)
  AVERAGE WIND SPEED    10.7


SKY COVER
  POSSIBLE SUNSHINE  MM
  AVERAGE SKY COVER 0.5


WEATHER CONDITIONS
 THE FOLLOWING WEATHER WAS RECORDED YESTERDAY.
  RAIN
  LIGHT RAIN
  FOG


RELATIVE HUMIDITY (PERCENT)
 HIGHEST    84           200 PM
 LOWEST     40          1200 AM
 AVERAGE    62

..........................................................


THE LA CROSSE WI CLIMATE NORMALS FOR TODAY
                         NORMAL    RECORD    YEAR
 MAXIMUM TEMPERATURE (F)   66        91      1997
 MINIMUM TEMPERATURE (F)   45        26      1888


SUNRISE AND SUNSET
OCTOBER  3 2017.......SUNRISE   705 AM CDT   SUNSET   642 PM CDT
OCTOBER  4 2017.......SUNRISE   706 AM CDT   SUNSET   640 PM CDT


-  INDICATES NEGATIVE NUMBERS.
R  INDICATES RECORD WAS SET OR TIED.
MM INDICATES DATA IS MISSING.
T  INDICATES TRACE AMOUNT.




$$
