000
CDUS43 KARX 052140
CLILSE


CLIMATE REPORT
NATIONAL WEATHER SERVICE LA CROSSE WI
439 PM CDT THU OCT 5 2017


...................................

...THE LA CROSSE WI CLIMATE SUMMARY FOR OCTOBER 5 2017...
VALID TODAY AS OF 0430 PM LOCAL TIME.

CLIMATE NORMAL PERIOD 1981 TO 2010
CLIMATE RECORD PERIOD 1873 TO 2017


WEATHER ITEM   OBSERVED TIME   RECORD YEAR NORMAL DEPARTURE LAST
                VALUE   (LST)  VALUE       VALUE  FROM      YEAR
                                                  NORMAL
..................................................................
TEMPERATURE (F)
 TODAY
  MAXIMUM         63    216 PM  86    1922  65     -2       75
  MINIMUM         46    145 AM  27    1935  44      2       54
  AVERAGE         55                        54      1       65

PRECIPITATION (IN)
  TODAY            0.03          1.04 2013   0.09  -0.06     0.01
  MONTH TO DATE    0.50                      0.44   0.06     0.01
  SINCE SEP 1      1.45                      4.00  -2.55    10.47
  SINCE JAN 1     33.21                     27.96   5.25    39.19

SNOWFALL (IN)
  TODAY           MM             T    1991   0.0   MM        0.0
  MONTH TO DATE    0.0                       0.0    0.0      0.0
  SINCE JUL 1      0.0                       0.0    0.0      0.0
  SNOW DEPTH       0

DEGREE DAYS
 HEATING
  TODAY           10                        11     -1        0
  MONTH TO DATE   17                        52    -35        5
  SINCE JUL 1     65                       212   -147       25

 COOLING
  TODAY            0                         1     -1        0
  MONTH TO DATE   10                         5      5        4
  SINCE JAN 1    997                       779    218     1024
..................................................................


WIND (MPH)
  HIGHEST WIND SPEED    13   HIGHEST WIND DIRECTION     S (190)
  HIGHEST GUST SPEED    14   HIGHEST GUST DIRECTION     S (200)
  AVERAGE WIND SPEED     5.3


SKY COVER
  POSSIBLE SUNSHINE  MM
  AVERAGE SKY COVER 0.8


WEATHER CONDITIONS
 THE FOLLOWING WEATHER WAS RECORDED TODAY.
  LIGHT RAIN
  FOG


RELATIVE HUMIDITY (PERCENT)
 HIGHEST    93           100 AM
 LOWEST     60           200 PM
 AVERAGE    77

..........................................................


THE LA CROSSE WI CLIMATE NORMALS FOR TOMORROW
                         NORMAL    RECORD    YEAR
 MAXIMUM TEMPERATURE (F)   64        93      1963
 MINIMUM TEMPERATURE (F)   44        22      1935


SUNRISE AND SUNSET
OCTOBER  5 2017.......SUNRISE   708 AM CDT   SUNSET   638 PM CDT
OCTOBER  6 2017.......SUNRISE   709 AM CDT   SUNSET   636 PM CDT


-  INDICATES NEGATIVE NUMBERS.
R  INDICATES RECORD WAS SET OR TIED.
MM INDICATES DATA IS MISSING.
T  INDICATES TRACE AMOUNT.




$$
