000
CDUS43 KARX 210711
CLILSE


CLIMATE REPORT
NATIONAL WEATHER SERVICE LA CROSSE WI
209 AM CDT SUN JUN 21 2015


...................................

...THE LA CROSSE WI CLIMATE SUMMARY FOR JUNE 20 2015...

CLIMATE NORMAL PERIOD 1981 TO 2010
CLIMATE RECORD PERIOD 1873 TO 2015


WEATHER ITEM   OBSERVED TIME   RECORD YEAR NORMAL DEPARTURE LAST
                VALUE   (LST)  VALUE       VALUE  FROM      YEAR
                                                  NORMAL
..................................................................
TEMPERATURE (F)
 YESTERDAY
  MAXIMUM         80    511 PM 102    1933  82     -2       88
  MINIMUM         61    727 AM  42    1992  60      1       68
  AVERAGE         71                        71      0       78

PRECIPITATION (IN)
  YESTERDAY        0.11          1.93 1890   0.15  -0.04     0.00
  MONTH TO DATE    2.40                      2.87  -0.47     4.55
  SINCE JUN 1      2.40                      2.87  -0.47     4.55
  SINCE JAN 1     14.99                     13.94   1.05    17.71

SNOWFALL (IN)
  YESTERDAY        0.0           0.0  2002   0.0    0.0      0.0
                                      2001
  MONTH TO DATE    0.0                       0.0    0.0      0.0
  SINCE JUL 1     38.8                      43.3   -4.5     48.9
  SNOW DEPTH       0

DEGREE DAYS
 HEATING
  YESTERDAY        0                         1     -1        0
  MONTH TO DATE   12                        34    -22        1
  SINCE JUL 1   7066                      7191   -125     8136

 COOLING
  YESTERDAY        6                         7     -1       13
  MONTH TO DATE  100                        90     10      122
  SINCE JAN 1    165                       138     27      181
..................................................................


WIND (MPH)
  HIGHEST WIND SPEED    26   HIGHEST WIND DIRECTION    SE (150)
  HIGHEST GUST SPEED    30   HIGHEST GUST DIRECTION    SE (150)
  AVERAGE WIND SPEED     9.7


SKY COVER
  POSSIBLE SUNSHINE  MM
  AVERAGE SKY COVER 0.3


WEATHER CONDITIONS
 THE FOLLOWING WEATHER WAS RECORDED YESTERDAY.
  THUNDERSTORM
  LIGHT RAIN
  FOG
  FOG W/VISIBILITY <= 1/4 MILE
  HAZE


RELATIVE HUMIDITY (PERCENT)
 HIGHEST    84           900 PM
 LOWEST     62           500 PM
 AVERAGE    73

..........................................................


THE LA CROSSE WI CLIMATE NORMALS FOR TODAY
                         NORMAL    RECORD    YEAR
 MAXIMUM TEMPERATURE (F)   82       102      1988
 MINIMUM TEMPERATURE (F)   60        40      1992


SUNRISE AND SUNSET
JUNE 21 2015..........SUNRISE   523 AM CDT   SUNSET   851 PM CDT
JUNE 22 2015..........SUNRISE   523 AM CDT   SUNSET   851 PM CDT


-  INDICATES NEGATIVE NUMBERS.
R  INDICATES RECORD WAS SET OR TIED.
MM INDICATES DATA IS MISSING.
T  INDICATES TRACE AMOUNT.




$$
