000
CDUS43 KARX 030642
CLILSE


CLIMATE REPORT
NATIONAL WEATHER SERVICE LA CROSSE WI
1240 AM CST FRI FEB 3 2017

...THE LA CROSSE WI CLIMATE SUMMARY FOR FEBRUARY 2 2017...

CLIMATE NORMAL PERIOD 1981 TO 2010
CLIMATE RECORD PERIOD 1873 TO 2017

WEATHER ITEM   OBSERVED TIME   RECORD YEAR NORMAL DEPARTURE LAST
                VALUE   (LST)  VALUE       VALUE  FROM      YEAR
                                                  NORMAL
..................................................................
TEMPERATURE (F)
 YESTERDAY
  MAXIMUM         19    416 PM  51    2006  28     -9       34
  MINIMUM         10   1144 PM -34    1996  10      0       23
  AVERAGE         15                        19     -4       29

PRECIPITATION (IN)
  YESTERDAY        0.00          1.29 1983   0.04  -0.04     0.48
  MONTH TO DATE    0.03                      0.07  -0.04     0.48
  SINCE DEC 1      4.91                      2.55   2.36     6.28
  SINCE JAN 1      2.72                      1.19   1.53     1.35

SNOWFALL (IN)
  YESTERDAY        0.0          10.0  1983   0.3   -0.3      6.5
  MONTH TO DATE    0.5                       0.7   -0.2      6.5
  SINCE JUL 1     30.8                      27.0    3.8     23.1
  SNOW DEPTH       3

DEGREE DAYS
 HEATING
  YESTERDAY       50                        46      4       36
  MONTH TO DATE   92                        92      0       71
  SINCE JUL 1   3489                      4411   -922     3510

 COOLING
  YESTERDAY        0                         0      0        0
  MONTH TO DATE    0                         0      0        0
  SINCE JAN 1      0                         0      0        0
..................................................................

WIND (MPH)
  HIGHEST WIND SPEED    20   HIGHEST WIND DIRECTION     W (280)
  HIGHEST GUST SPEED    25   HIGHEST GUST DIRECTION    NW (300)
  AVERAGE WIND SPEED    10.8

SKY COVER
  POSSIBLE SUNSHINE  MM
  AVERAGE SKY COVER 0.0

WEATHER CONDITIONS
 THE FOLLOWING WEATHER WAS RECORDED YESTERDAY.
  NO SIGNIFICANT WEATHER WAS OBSERVED.

RELATIVE HUMIDITY (PERCENT)
 HIGHEST    67          1200 AM
 LOWEST     49           300 PM
 AVERAGE    58
..........................................................

THE LA CROSSE WI CLIMATE NORMALS FOR TODAY
                         NORMAL    RECORD    YEAR
 MAXIMUM TEMPERATURE (F)   28        51      1928
 MINIMUM TEMPERATURE (F)   10       -35      1996

SUNRISE AND SUNSET
FEBRUARY  3 2017......SUNRISE   719 AM CST   SUNSET   519 PM CST
FEBRUARY  4 2017......SUNRISE   718 AM CST   SUNSET   520 PM CST

-  INDICATES NEGATIVE NUMBERS.
R  INDICATES RECORD WAS SET OR TIED.
MM INDICATES DATA IS MISSING.
T  INDICATES TRACE AMOUNT.

$$

Boyne
