000
CDUS43 KARX 282136
CLILSE


CLIMATE REPORT
NATIONAL WEATHER SERVICE LA CROSSE WI
436 PM CDT THU SEP 28 2017


...................................

...THE LA CROSSE WI CLIMATE SUMMARY FOR SEPTEMBER 28 2017...
VALID TODAY AS OF 0400 PM LOCAL TIME.

CLIMATE NORMAL PERIOD 1981 TO 2010
CLIMATE RECORD PERIOD 1873 TO 2017


WEATHER ITEM   OBSERVED TIME   RECORD YEAR NORMAL DEPARTURE LAST
                VALUE   (LST)  VALUE       VALUE  FROM      YEAR
                                                  NORMAL
..................................................................
TEMPERATURE (F)
 TODAY
  MAXIMUM         78    330 PM  89    1904  68     10       67
  MINIMUM         49    354 AM  27    1942  47      2       52
  AVERAGE         64                        57      7       60

PRECIPITATION (IN)
  TODAY            0.00          2.10 1965   0.10  -0.10     0.07
  MONTH TO DATE    0.95                      3.37  -2.42    10.46
  SINCE SEP 1      0.95                      3.37  -2.42    10.46
  SINCE JAN 1     32.71                     27.33   5.38    39.18

SNOWFALL (IN)
  TODAY            0.0           0.0  2002   0.0    0.0      0.0
                                      2001
  MONTH TO DATE    0.0                       0.0    0.0      0.0
  SINCE JUL 1      0.0                       0.0    0.0      0.0
  SNOW DEPTH       0

DEGREE DAYS
 HEATING
  TODAY            1                         9     -8        5
  MONTH TO DATE   34                       121    -87       14
  SINCE JUL 1     34                       141   -107       14

 COOLING
  TODAY            0                         1     -1        0
  MONTH TO DATE  172                        72    100      111
  SINCE JAN 1    987                       772    215     1020
..................................................................


WIND (MPH)
  HIGHEST WIND SPEED    18   HIGHEST WIND DIRECTION     W (250)
  HIGHEST GUST SPEED    23   HIGHEST GUST DIRECTION     W (260)
  AVERAGE WIND SPEED     7.8


SKY COVER
  POSSIBLE SUNSHINE  MM
  AVERAGE SKY COVER 0.3


WEATHER CONDITIONS
 THE FOLLOWING WEATHER WAS RECORDED TODAY.
  FOG


RELATIVE HUMIDITY (PERCENT)
 HIGHEST   100           400 AM
 LOWEST     38           100 PM
 AVERAGE    69

..........................................................


THE LA CROSSE WI CLIMATE NORMALS FOR TOMORROW
                         NORMAL    RECORD    YEAR
 MAXIMUM TEMPERATURE (F)   67        87      1898
 MINIMUM TEMPERATURE (F)   46        28      1967


SUNRISE AND SUNSET
SEPTEMBER 28 2017.....SUNRISE   659 AM CDT   SUNSET   651 PM CDT
SEPTEMBER 29 2017.....SUNRISE   701 AM CDT   SUNSET   649 PM CDT


-  INDICATES NEGATIVE NUMBERS.
R  INDICATES RECORD WAS SET OR TIED.
MM INDICATES DATA IS MISSING.
T  INDICATES TRACE AMOUNT.




$$
