000
CDUS43 KARX 020642
CLILSE


CLIMATE REPORT
NATIONAL WEATHER SERVICE LA CROSSE WI
142 AM CDT TUE JUN 2 2015


...................................

...THE LA CROSSE WI CLIMATE SUMMARY FOR JUNE 1 2015...

CLIMATE NORMAL PERIOD 1981 TO 2010
CLIMATE RECORD PERIOD 1873 TO 2015


WEATHER ITEM   OBSERVED TIME   RECORD YEAR NORMAL DEPARTURE LAST
                VALUE   (LST)  VALUE       VALUE  FROM      YEAR
                                                  NORMAL
..................................................................
TEMPERATURE (F)
 YESTERDAY
  MAXIMUM         71    521 PM  96    1934  76     -5       82
  MINIMUM         42    506 AM  33    1897  54    -12       69
  AVERAGE         57                        65     -8       76

PRECIPITATION (IN)
  YESTERDAY        0.00          1.26 1875   0.13  -0.13     0.88
  MONTH TO DATE    0.00                      0.13  -0.13     0.88
  SINCE JUN 1      0.00                      0.13  -0.13     0.88
  SINCE JAN 1     12.59                     11.20   1.39    14.04

SNOWFALL (IN)
  YESTERDAY        0.0           0.0  2002   0.0    0.0      0.0
                                      2001
  MONTH TO DATE    0.0                       0.0    0.0      0.0
  SINCE JUL 1     38.8                      43.3   -4.5     48.9
  SNOW DEPTH       0

DEGREE DAYS
 HEATING
  YESTERDAY        8                         3      5        0
  MONTH TO DATE    8                         3      5        0
  SINCE JUL 1   7062                      7160    -98     8135

 COOLING
  YESTERDAY        0                         3     -3       11
  MONTH TO DATE    0                         3     -3       11
  SINCE JAN 1     65                        51     14       70
..................................................................


WIND (MPH)
  HIGHEST WIND SPEED    15   HIGHEST WIND DIRECTION    SE (140)
  HIGHEST GUST SPEED    21   HIGHEST GUST DIRECTION     E (100)
  AVERAGE WIND SPEED     5.9


SKY COVER
  POSSIBLE SUNSHINE  MM
  AVERAGE SKY COVER 0.0


WEATHER CONDITIONS
 THE FOLLOWING WEATHER WAS RECORDED YESTERDAY.
  NO SIGNIFICANT WEATHER WAS OBSERVED.


RELATIVE HUMIDITY (PERCENT)
 HIGHEST    82           500 AM
 LOWEST     25           400 PM
 AVERAGE    54

..........................................................


THE LA CROSSE WI CLIMATE NORMALS FOR TODAY
                         NORMAL    RECORD    YEAR
 MAXIMUM TEMPERATURE (F)   76        93      1934
 MINIMUM TEMPERATURE (F)   54        39      1985


SUNRISE AND SUNSET
JUNE  2 2015..........SUNRISE   525 AM CDT   SUNSET   841 PM CDT
JUNE  3 2015..........SUNRISE   525 AM CDT   SUNSET   842 PM CDT


-  INDICATES NEGATIVE NUMBERS.
R  INDICATES RECORD WAS SET OR TIED.
MM INDICATES DATA IS MISSING.
T  INDICATES TRACE AMOUNT.




$$
