000
CDUS43 KARX 172153
CLILSE


CLIMATE REPORT
NATIONAL WEATHER SERVICE LA CROSSE WI
453 PM CDT WED AUG 17 2016


...................................

...THE LA CROSSE WI CLIMATE SUMMARY FOR AUGUST 17 2016...
VALID TODAY AS OF 0400 PM LOCAL TIME.

CLIMATE NORMAL PERIOD 1981 TO 2010
CLIMATE RECORD PERIOD 1873 TO 2016


WEATHER ITEM   OBSERVED TIME   RECORD YEAR NORMAL DEPARTURE LAST
                VALUE   (LST)  VALUE       VALUE  FROM      YEAR
                                                  NORMAL
..................................................................
TEMPERATURE (F)
 TODAY
  MAXIMUM         86    227 PM 103    1988  82      4       77
  MINIMUM         65    537 AM  48    1981  62      3       67
  AVERAGE         76                        72      4       72

PRECIPITATION (IN)
  TODAY            T             1.43 1881   0.15  -0.15     0.03
  MONTH TO DATE    3.91                      2.45   1.46     0.78
  SINCE JUN 1     15.79                     11.05   4.74     8.10
  SINCE JAN 1     26.27                     22.12   4.15    20.69

SNOWFALL (IN)
  TODAY            0.0          MM      MM   0.0    0.0      0.0
  MONTH TO DATE    0.0                       0.0    0.0      0.0
  SINCE JUL 1      0.0                       0.0    0.0      0.0
  SNOW DEPTH       0

DEGREE DAYS
 HEATING
  TODAY            0                         0      0        0
  MONTH TO DATE    0                         0      0        0
  SINCE JUL 1      0                         5     -5        3

 COOLING
  TODAY           11                         7      4        7
  MONTH TO DATE  195                       130     65      175
  SINCE JAN 1    811                       617    194      657
..................................................................


WIND (MPH)
  HIGHEST WIND SPEED    12   HIGHEST WIND DIRECTION    SW (210)
  HIGHEST GUST SPEED    14   HIGHEST GUST DIRECTION     S (200)
  AVERAGE WIND SPEED     4.3


SKY COVER
  POSSIBLE SUNSHINE  MM
  AVERAGE SKY COVER 0.1


WEATHER CONDITIONS
 THE FOLLOWING WEATHER WAS RECORDED TODAY.
  LIGHT RAIN


RELATIVE HUMIDITY (PERCENT)
 HIGHEST    93          1200 AM
 LOWEST     51           200 PM
 AVERAGE    72

..........................................................


THE LA CROSSE WI CLIMATE NORMALS FOR TOMORROW
                         NORMAL    RECORD    YEAR
 MAXIMUM TEMPERATURE (F)   82        99      1936
 MINIMUM TEMPERATURE (F)   61        44      1977


SUNRISE AND SUNSET
AUGUST 17 2016........SUNRISE   612 AM CDT   SUNSET   805 PM CDT
AUGUST 18 2016........SUNRISE   613 AM CDT   SUNSET   803 PM CDT


-  INDICATES NEGATIVE NUMBERS.
R  INDICATES RECORD WAS SET OR TIED.
MM INDICATES DATA IS MISSING.
T  INDICATES TRACE AMOUNT.




$$
