043
CDUS43 KARX 290644
CLILSE


CLIMATE REPORT
NATIONAL WEATHER SERVICE LA CROSSE WI
1242 AM CST TUE NOV 29 2016


...................................

...THE LA CROSSE WI CLIMATE SUMMARY FOR NOVEMBER 28 2016...

CLIMATE NORMAL PERIOD 1981 TO 2010
CLIMATE RECORD PERIOD 1873 TO 2016


WEATHER ITEM   OBSERVED TIME   RECORD YEAR NORMAL DEPARTURE LAST
                VALUE   (LST)  VALUE       VALUE  FROM      YEAR
                                                  NORMAL
..................................................................
TEMPERATURE (F)
 YESTERDAY
  MAXIMUM         51    855 PM  62    1998  36     15       36
  MINIMUM         41   1052 PM -19    1887  22     19       16
  AVERAGE         46                        29     17       26

PRECIPITATION (IN)
  YESTERDAY        0.21          0.89 1987   0.06   0.15     0.00
  MONTH TO DATE    1.10                      1.88  -0.78     1.55
  SINCE SEP 1     13.79                      7.61   6.18     6.46
  SINCE JAN 1     42.51                     31.57  10.94    29.17

SNOWFALL (IN)
  YESTERDAY        0.0           5.5  1918   0.3   -0.3      0.0
  MONTH TO DATE    T                         3.6   -3.6      0.8
  SINCE JUL 1      T                         3.8   -3.8      0.8
  SNOW DEPTH       0

DEGREE DAYS
 HEATING
  YESTERDAY       19                        36    -17       39
  MONTH TO DATE  509                       798   -289      580
  SINCE JUL 1    812                      1426   -614     1018

 COOLING
  YESTERDAY        0                         0      0        0
  MONTH TO DATE    0                         0      0        0
  SINCE JAN 1   1033                       782    251      887
..................................................................


WIND (MPH)
  HIGHEST WIND SPEED    23   HIGHEST WIND DIRECTION     S (160)
  HIGHEST GUST SPEED    30   HIGHEST GUST DIRECTION     S (160)
  AVERAGE WIND SPEED    13.2


SKY COVER
  POSSIBLE SUNSHINE  MM
  AVERAGE SKY COVER 0.8


WEATHER CONDITIONS
 THE FOLLOWING WEATHER WAS RECORDED YESTERDAY.
  HEAVY RAIN
  LIGHT RAIN
  FOG


RELATIVE HUMIDITY (PERCENT)
 HIGHEST    86           300 AM
 LOWEST     71          1000 PM
 AVERAGE    79

..........................................................


THE LA CROSSE WI CLIMATE NORMALS FOR TODAY
                         NORMAL    RECORD    YEAR
 MAXIMUM TEMPERATURE (F)   36        65      1998
 MINIMUM TEMPERATURE (F)   21       -21      1875


SUNRISE AND SUNSET
NOVEMBER 29 2016......SUNRISE   718 AM CST   SUNSET   429 PM CST
NOVEMBER 30 2016......SUNRISE   719 AM CST   SUNSET   429 PM CST


-  INDICATES NEGATIVE NUMBERS.
R  INDICATES RECORD WAS SET OR TIED.
MM INDICATES DATA IS MISSING.
T  INDICATES TRACE AMOUNT.




$$
