000
CDUS43 KARX 142129
CLILSE


CLIMATE REPORT
NATIONAL WEATHER SERVICE LA CROSSE WI
429 PM CDT THU MAY 14 2015


...................................

...THE LA CROSSE WI CLIMATE SUMMARY FOR MAY 14 2015...
VALID TODAY AS OF 0400 PM LOCAL TIME.

CLIMATE NORMAL PERIOD 1981 TO 2010
CLIMATE RECORD PERIOD 1873 TO 2015


WEATHER ITEM   OBSERVED TIME   RECORD YEAR NORMAL DEPARTURE LAST
                VALUE   (LST)  VALUE       VALUE  FROM      YEAR
                                                  NORMAL
..................................................................
TEMPERATURE (F)
 TODAY
  MAXIMUM         66    236 PM  93    1932  70     -4       62
  MINIMUM         50    656 AM  30    1895  48      2       41
  AVERAGE         58                        59     -1       52

PRECIPITATION (IN)
  TODAY            T             1.66 1900   0.11  -0.11     0.00
  MONTH TO DATE    1.32                      1.56  -0.24     1.60
  SINCE MAR 1      6.29                      6.94  -0.65     9.94
  SINCE JAN 1      7.50                      9.11  -1.61    12.30

SNOWFALL (IN)
  TODAY            0.0           0.0  2002   0.0    0.0      0.0
                                      2001
  MONTH TO DATE    0.0                       0.1   -0.1      0.0
  SINCE JUL 1     38.8                      43.4   -4.6     48.9
  SNOW DEPTH       0

DEGREE DAYS
 HEATING
  TODAY            7                         7      0       13
  MONTH TO DATE   77                       119    -42      132
  SINCE JUL 1   6984                      7071    -87     8072

 COOLING
  TODAY            0                         1     -1        0
  MONTH TO DATE   23                        12     11        2
  SINCE JAN 1     24                        19      5        2
..................................................................


WIND (MPH)
  HIGHEST WIND SPEED    18   HIGHEST WIND DIRECTION    SE (140)
  HIGHEST GUST SPEED    24   HIGHEST GUST DIRECTION    SE (130)
  AVERAGE WIND SPEED    10.7


SKY COVER
  POSSIBLE SUNSHINE  MM
  AVERAGE SKY COVER 0.3


WEATHER CONDITIONS
 THE FOLLOWING WEATHER WAS RECORDED TODAY.
  NO SIGNIFICANT WEATHER WAS OBSERVED.


RELATIVE HUMIDITY (PERCENT)
 HIGHEST    59           800 AM
 LOWEST     48          1200 PM
 AVERAGE    54

..........................................................


THE LA CROSSE WI CLIMATE NORMALS FOR TOMORROW
                         NORMAL    RECORD    YEAR
 MAXIMUM TEMPERATURE (F)   70        91      2001
 MINIMUM TEMPERATURE (F)   48        30      1983


SUNRISE AND SUNSET
MAY 14 2015...........SUNRISE   541 AM CDT   SUNSET   823 PM CDT
MAY 15 2015...........SUNRISE   540 AM CDT   SUNSET   824 PM CDT


-  INDICATES NEGATIVE NUMBERS.
R  INDICATES RECORD WAS SET OR TIED.
MM INDICATES DATA IS MISSING.
T  INDICATES TRACE AMOUNT.




$$
