000
CDUS43 KARX 022234
CLILSE


CLIMATE REPORT
NATIONAL WEATHER SERVICE LA CROSSE WI
433 PM CST THU MAR 2 2017


...................................

...THE LA CROSSE WI CLIMATE SUMMARY FOR MARCH 2 2017...
VALID TODAY AS OF 0400 PM LOCAL TIME.

CLIMATE NORMAL PERIOD 1981 TO 2010
CLIMATE RECORD PERIOD 1873 TO 2017


WEATHER ITEM   OBSERVED TIME   RECORD YEAR NORMAL DEPARTURE LAST
                VALUE   (LST)  VALUE       VALUE  FROM      YEAR
                                                  NORMAL
..................................................................
TEMPERATURE (F)
 TODAY
  MAXIMUM         31    206 PM  65    1923  37     -6       28
  MINIMUM         21    623 AM -16    1890  20      1        2
  AVERAGE         26                        28     -2       15

PRECIPITATION (IN)
  TODAY            T             0.55 1951   0.06  -0.06     0.00
  MONTH TO DATE    0.21                      0.11   0.10     0.19
  SINCE MAR 1      0.21                      0.11   0.10     0.19
  SINCE JAN 1      4.07                      2.28   1.79     1.84

SNOWFALL (IN)
  TODAY            T             6.9  2007   0.3   -0.3      0.0
  MONTH TO DATE    3.5                       0.6    2.9      3.6
  SINCE JUL 1     37.7                      35.1    2.6     31.0
  SNOW DEPTH       3

DEGREE DAYS
 HEATING
  TODAY           39                        37      2       50
  MONTH TO DATE   71                        74     -3       99
  SINCE JUL 1   4351                      5583  -1232     4674

 COOLING
  TODAY            0                         0      0        0
  MONTH TO DATE    0                         0      0        0
  SINCE JAN 1      0                         0      0        0
..................................................................


WIND (MPH)
  HIGHEST WIND SPEED    18   HIGHEST WIND DIRECTION    NW (300)
  HIGHEST GUST SPEED    22   HIGHEST GUST DIRECTION    NW (310)
  AVERAGE WIND SPEED    12.2


SKY COVER
  POSSIBLE SUNSHINE  MM
  AVERAGE SKY COVER 0.2


WEATHER CONDITIONS
 THE FOLLOWING WEATHER WAS RECORDED TODAY.
  LIGHT SNOW


RELATIVE HUMIDITY (PERCENT)
 HIGHEST    81           800 AM
 LOWEST     47           200 PM
 AVERAGE    64

..........................................................


THE LA CROSSE WI CLIMATE NORMALS FOR TOMORROW
                         NORMAL    RECORD    YEAR
 MAXIMUM TEMPERATURE (F)   38        66      1894
 MINIMUM TEMPERATURE (F)   20       -21      2014


SUNRISE AND SUNSET
MARCH  2 2017.........SUNRISE   640 AM CST   SUNSET   555 PM CST
MARCH  3 2017.........SUNRISE   638 AM CST   SUNSET   556 PM CST


-  INDICATES NEGATIVE NUMBERS.
R  INDICATES RECORD WAS SET OR TIED.
MM INDICATES DATA IS MISSING.
T  INDICATES TRACE AMOUNT.




$$
