000
CDUS43 KARX 210635
CLILSE


CLIMATE REPORT
NATIONAL WEATHER SERVICE LA CROSSE WI
132 AM CDT THU APR 21 2016


...................................

...THE LA CROSSE WI CLIMATE SUMMARY FOR APRIL 20 2016...

CLIMATE NORMAL PERIOD 1981 TO 2010
CLIMATE RECORD PERIOD 1873 TO 2016


WEATHER ITEM   OBSERVED TIME   RECORD YEAR NORMAL DEPARTURE LAST
                VALUE   (LST)  VALUE       VALUE  FROM      YEAR
                                                  NORMAL
..................................................................
TEMPERATURE (F)
 YESTERDAY
  MAXIMUM         72    229 PM  89    1987  62     10       51
  MINIMUM         45    513 AM  22    2013  40      5       41
  AVERAGE         59                        51      8       46

PRECIPITATION (IN)
  YESTERDAY        0.06          1.57 1968   0.12  -0.06     0.45
  MONTH TO DATE    0.32                      2.13  -1.81     4.03
  SINCE MAR 1      3.93                      4.17  -0.24     4.84
  SINCE JAN 1      5.58                      6.34  -0.76     6.05

SNOWFALL (IN)
  YESTERDAY        0.0           0.1  2011   0.0    0.0      0.0
  MONTH TO DATE    0.6                       1.4   -0.8      0.4
  SINCE JUL 1     40.3                      43.0   -2.7     38.7
  SNOW DEPTH       0

DEGREE DAYS
 HEATING
  YESTERDAY        6                        15     -9       19
  MONTH TO DATE  342                       375    -33      259
  SINCE JUL 1   5641                      6828  -1187     6751

 COOLING
  YESTERDAY        0                         0      0        0
  MONTH TO DATE   11                         0     11        1
  SINCE JAN 1     11                         0     11        1
..................................................................


WIND (MPH)
  HIGHEST WIND SPEED    21   HIGHEST WIND DIRECTION     S (170)
  HIGHEST GUST SPEED    28   HIGHEST GUST DIRECTION     S (180)
  AVERAGE WIND SPEED     6.2


SKY COVER
  POSSIBLE SUNSHINE  MM
  AVERAGE SKY COVER 0.7


WEATHER CONDITIONS
 THE FOLLOWING WEATHER WAS RECORDED YESTERDAY.
  LIGHT RAIN
  FOG


RELATIVE HUMIDITY (PERCENT)
 HIGHEST    87           900 PM
 LOWEST     44           200 PM
 AVERAGE    66

..........................................................


THE LA CROSSE WI CLIMATE NORMALS FOR TODAY
                         NORMAL    RECORD    YEAR
 MAXIMUM TEMPERATURE (F)   62        91      1980
 MINIMUM TEMPERATURE (F)   40        26      1988
                                             1978


SUNRISE AND SUNSET
APRIL 21 2016.........SUNRISE   611 AM CDT   SUNSET   757 PM CDT
APRIL 22 2016.........SUNRISE   610 AM CDT   SUNSET   758 PM CDT


-  INDICATES NEGATIVE NUMBERS.
R  INDICATES RECORD WAS SET OR TIED.
MM INDICATES DATA IS MISSING.
T  INDICATES TRACE AMOUNT.




$$
