000
CDUS43 KARX 090657
CLILSE


CLIMATE REPORT
NATIONAL WEATHER SERVICE LA CROSSE WI
155 AM CDT MON MAY 9 2016


...................................

...THE LA CROSSE WI CLIMATE SUMMARY FOR MAY 8 2016...

CLIMATE NORMAL PERIOD 1981 TO 2010
CLIMATE RECORD PERIOD 1873 TO 2016


WEATHER ITEM   OBSERVED TIME   RECORD YEAR NORMAL DEPARTURE LAST
                VALUE   (LST)  VALUE       VALUE  FROM      YEAR
                                                  NORMAL
..................................................................
TEMPERATURE (F)
 YESTERDAY
  MAXIMUM         76    344 PM  89    1874  68      8       68
  MINIMUM         40    442 AM  32    1976  46     -6       58
  AVERAGE         58                        57      1       63

PRECIPITATION (IN)
  YESTERDAY        0.00          1.70 2006   0.11  -0.11      T
  MONTH TO DATE    0.19                      0.91  -0.72     1.07
  SINCE MAR 1      4.88                      6.29  -1.41     6.04
  SINCE JAN 1      6.53                      8.46  -1.93     7.25

SNOWFALL (IN)
  YESTERDAY        0.0           T    2004   0.0    0.0      0.0
  MONTH TO DATE    0.0                       0.1   -0.1      0.0
  SINCE JUL 1     40.3                      43.4   -3.1     38.8
  SNOW DEPTH       0

DEGREE DAYS
 HEATING
  YESTERDAY        7                         8     -1        2
  MONTH TO DATE   67                        74     -7       22
  SINCE JUL 1   5824                      7026  -1202     6929

 COOLING
  YESTERDAY        0                         1     -1        0
  MONTH TO DATE    7                         6      1       23
  SINCE JAN 1     18                        13      5       24
..................................................................


WIND (MPH)
  HIGHEST WIND SPEED     9   HIGHEST WIND DIRECTION     W (280)
  HIGHEST GUST SPEED    15   HIGHEST GUST DIRECTION     W (270)
  AVERAGE WIND SPEED     3.9


SKY COVER
  POSSIBLE SUNSHINE  MM
  AVERAGE SKY COVER 0.0


WEATHER CONDITIONS
 THE FOLLOWING WEATHER WAS RECORDED YESTERDAY.
  NO SIGNIFICANT WEATHER WAS OBSERVED.


RELATIVE HUMIDITY (PERCENT)
 HIGHEST    82           500 AM
 LOWEST     17           400 PM
 AVERAGE    50

..........................................................


THE LA CROSSE WI CLIMATE NORMALS FOR TODAY
                         NORMAL    RECORD    YEAR
 MAXIMUM TEMPERATURE (F)   69        93      1934
 MINIMUM TEMPERATURE (F)   47        27      1966


SUNRISE AND SUNSET
MAY  9 2016...........SUNRISE   546 AM CDT   SUNSET   818 PM CDT
MAY 10 2016...........SUNRISE   544 AM CDT   SUNSET   819 PM CDT


-  INDICATES NEGATIVE NUMBERS.
R  INDICATES RECORD WAS SET OR TIED.
MM INDICATES DATA IS MISSING.
T  INDICATES TRACE AMOUNT.




$$
