000
CDUS43 KARX 170640
CLILSE


CLIMATE REPORT
NATIONAL WEATHER SERVICE LA CROSSE WI
140 AM CDT TUE MAR 17 2015


...................................

...THE LA CROSSE WI CLIMATE SUMMARY FOR MARCH 16 2015...

CLIMATE NORMAL PERIOD 1981 TO 2010
CLIMATE RECORD PERIOD 1873 TO 2015


WEATHER ITEM   OBSERVED TIME   RECORD YEAR NORMAL DEPARTURE LAST
                VALUE   (LST)  VALUE       VALUE  FROM      YEAR
                                                  NORMAL
..................................................................
TEMPERATURE (F)
 YESTERDAY
  MAXIMUM         69    140 PM  79    2012  44     25       28
  MINIMUM         43   1159 PM  -8    1956  25     18       13
                                      1900
  AVERAGE         56                        34     22       21

PRECIPITATION (IN)
  YESTERDAY        0.00          1.05 1942   0.06  -0.06     0.00
  MONTH TO DATE    0.01                      0.92  -0.91     0.45
  SINCE MAR 1      0.01                      0.92  -0.91     0.45
  SINCE JAN 1      1.22                      3.09  -1.87     2.81

SNOWFALL (IN)
  YESTERDAY        0.0           4.7  1917   0.2   -0.2      0.0
  MONTH TO DATE    T                         4.5   -4.5      4.3
  SINCE JUL 1     28.4                      39.0  -10.6     45.2
  SNOW DEPTH       0

DEGREE DAYS
 HEATING
  YESTERDAY        9                        31    -22       44
  MONTH TO DATE  480                       542    -62      689
  SINCE JUL 1   6086                      6051     35     6879

 COOLING
  YESTERDAY        0                         0      0        0
  MONTH TO DATE    0                         0      0        0
  SINCE JAN 1      0                         0      0        0
..................................................................


WIND (MPH)
  HIGHEST WIND SPEED    24   HIGHEST WIND DIRECTION     N (340)
  HIGHEST GUST SPEED    30   HIGHEST GUST DIRECTION     N (350)
  AVERAGE WIND SPEED    11.1


SKY COVER
  POSSIBLE SUNSHINE  MM
  AVERAGE SKY COVER 0.2


WEATHER CONDITIONS
 THE FOLLOWING WEATHER WAS RECORDED YESTERDAY.
  NO SIGNIFICANT WEATHER WAS OBSERVED.


RELATIVE HUMIDITY (PERCENT)
 HIGHEST    71           800 PM
 LOWEST     30           100 PM
 AVERAGE    51

..........................................................


THE LA CROSSE WI CLIMATE NORMALS FOR TODAY
                         NORMAL    RECORD    YEAR
 MAXIMUM TEMPERATURE (F)   44        83      2012
 MINIMUM TEMPERATURE (F)   26        -7      1941


SUNRISE AND SUNSET
MARCH 17 2015.........SUNRISE   714 AM CDT   SUNSET   713 PM CDT
MARCH 18 2015.........SUNRISE   712 AM CDT   SUNSET   715 PM CDT


-  INDICATES NEGATIVE NUMBERS.
R  INDICATES RECORD WAS SET OR TIED.
MM INDICATES DATA IS MISSING.
T  INDICATES TRACE AMOUNT.




$$
