000
CDUS43 KARX 070651
CLILSE


CLIMATE REPORT
NATIONAL WEATHER SERVICE LA CROSSE WI
1249 AM CST SAT JAN 7 2017

...THE LA CROSSE WI CLIMATE SUMMARY FOR JANUARY 6 2017...

CLIMATE NORMAL PERIOD 1981 TO 2010
CLIMATE RECORD PERIOD 1873 TO 2017

WEATHER ITEM   OBSERVED TIME   RECORD YEAR NORMAL DEPARTURE LAST
                VALUE   (LST)  VALUE       VALUE  FROM      YEAR
                                                  NORMAL
..................................................................
TEMPERATURE (F)
 YESTERDAY
  MAXIMUM          8    204 PM  52    1933  25    -17       34
  MINIMUM         -6    815 AM -26    1912   9    -15       26
                                      1873
  AVERAGE          1                        17    -16       30

PRECIPITATION (IN)
  YESTERDAY        0.00          0.48 1885   0.03  -0.03     0.02
  MONTH TO DATE    0.23                      0.20   0.03     0.02
  SINCE DEC 1      2.42                      1.56   0.86     4.95
  SINCE JAN 1      0.23                      0.20   0.03     0.02

SNOWFALL (IN)
  YESTERDAY        0.0           6.0  1980   0.3   -0.3      0.4
  MONTH TO DATE    0.3                       1.7   -1.4      0.4
  SINCE JUL 1     21.1                      17.3    3.8     12.9
  SNOW DEPTH       3

DEGREE DAYS
 HEATING
  YESTERDAY       64                        48     16       35
  MONTH TO DATE  295                       284     11      241
  SINCE JUL 1   2430                      3128   -698     2276

 COOLING
  YESTERDAY        0                         0      0        0
  MONTH TO DATE    0                         0      0        0
  SINCE JAN 1      0                         0      0        0
..................................................................

WIND (MPH)
  HIGHEST WIND SPEED    12   HIGHEST WIND DIRECTION     W (290)
  HIGHEST GUST SPEED    14   HIGHEST GUST DIRECTION     W (290)
  AVERAGE WIND SPEED     6.2

SKY COVER
  POSSIBLE SUNSHINE  MM
  AVERAGE SKY COVER 0.1

WEATHER CONDITIONS
 THE FOLLOWING WEATHER WAS RECORDED YESTERDAY.
  NO SIGNIFICANT WEATHER WAS OBSERVED.

RELATIVE HUMIDITY (PERCENT)
 HIGHEST    69           900 PM
 LOWEST     49           300 PM
 AVERAGE    59
..........................................................

THE LA CROSSE WI CLIMATE NORMALS FOR TODAY
                         NORMAL    RECORD    YEAR
 MAXIMUM TEMPERATURE (F)   25        56      2003
 MINIMUM TEMPERATURE (F)    9       -34      1912

SUNRISE AND SUNSET
JANUARY  7 2017.......SUNRISE   739 AM CST   SUNSET   444 PM CST
JANUARY  8 2017.......SUNRISE   739 AM CST   SUNSET   445 PM CST

-  INDICATES NEGATIVE NUMBERS.
R  INDICATES RECORD WAS SET OR TIED.
MM INDICATES DATA IS MISSING.
T  INDICATES TRACE AMOUNT.

$$

BOYNE
