000
CDUS43 KARX 260656
CLILSE


CLIMATE REPORT
NATIONAL WEATHER SERVICE LA CROSSE WI
1255 AM CST SUN NOV 26 2017


...................................

...THE LA CROSSE WI CLIMATE SUMMARY FOR NOVEMBER 25 2017...

CLIMATE NORMAL PERIOD 1981 TO 2010
CLIMATE RECORD PERIOD 1873 TO 2017


WEATHER ITEM   OBSERVED TIME   RECORD YEAR NORMAL DEPARTURE LAST
                VALUE   (LST)  VALUE       VALUE  FROM      YEAR
                                                  NORMAL
..................................................................
TEMPERATURE (F)
 YESTERDAY
  MAXIMUM         45    213 PM  60    1896  38      7       41
  MINIMUM         24   1116 PM -10    1880  23      1       38
  AVERAGE         35                        31      4       40

PRECIPITATION (IN)
  YESTERDAY        0.00          0.86 1952   0.07  -0.07      T
  MONTH TO DATE    0.35                      1.69  -1.34     0.33
  SINCE SEP 1      7.31                      7.42  -0.11    13.02
  SINCE JAN 1     39.07                     31.38   7.69    41.74

SNOWFALL (IN)
  YESTERDAY        0.0           4.2  1942   0.2   -0.2      0.0
  MONTH TO DATE    T                         2.8   -2.8       T
  SINCE JUL 1      T                         3.0   -3.0       T
  SNOW DEPTH       0

DEGREE DAYS
 HEATING
  YESTERDAY       30                        34     -4       25
  MONTH TO DATE  727                       691     36      441
  SINCE JUL 1   1119                      1319   -200      744

 COOLING
  YESTERDAY        0                         0      0        0
  MONTH TO DATE    0                         0      0        0
  SINCE JAN 1   1001                       782    219     1033
..................................................................


WIND (MPH)
  HIGHEST WIND SPEED    20   HIGHEST WIND DIRECTION    NW (310)
  HIGHEST GUST SPEED    24   HIGHEST GUST DIRECTION    NW (320)
  AVERAGE WIND SPEED     8.9


SKY COVER
  POSSIBLE SUNSHINE  MM
  AVERAGE SKY COVER 0.0


WEATHER CONDITIONS
 THE FOLLOWING WEATHER WAS RECORDED YESTERDAY.
  NO SIGNIFICANT WEATHER WAS OBSERVED.


RELATIVE HUMIDITY (PERCENT)
 HIGHEST    81          1000 PM
 LOWEST     45           200 PM
 AVERAGE    63

..........................................................


THE LA CROSSE WI CLIMATE NORMALS FOR TODAY
                         NORMAL    RECORD    YEAR
 MAXIMUM TEMPERATURE (F)   37        65      1914
 MINIMUM TEMPERATURE (F)   23        -9      1977


SUNRISE AND SUNSET
NOVEMBER 26 2017......SUNRISE   714 AM CST   SUNSET   431 PM CST
NOVEMBER 27 2017......SUNRISE   715 AM CST   SUNSET   430 PM CST


-  INDICATES NEGATIVE NUMBERS.
R  INDICATES RECORD WAS SET OR TIED.
MM INDICATES DATA IS MISSING.
T  INDICATES TRACE AMOUNT.




$$
