000
CDUS43 KARX 140728 CCA
CLILSE

CLIMATE REPORT...CORRECTED SNOWFALL
NATIONAL WEATHER SERVICE LA CROSSE WI
107 AM CST FRI NOV 14 2014

...THE LA CROSSE WI CLIMATE SUMMARY FOR NOVEMBER 13 2014...

CLIMATE NORMAL PERIOD 1981 TO 2010
CLIMATE RECORD PERIOD 1873 TO 2014

WEATHER ITEM   OBSERVED TIME   RECORD YEAR NORMAL DEPARTURE LAST
                VALUE   (LST)  VALUE       VALUE  FROM      YEAR
                                                  NORMAL
..................................................................
TEMPERATURE (F)
 YESTERDAY
  MAXIMUM         28   1024 AM  73    1999  45    -17       47
  MINIMUM         22   1159 PM   2    1986  30     -8       20
  AVERAGE         25                        38    -13       34

PRECIPITATION (IN)
  YESTERDAY        T             0.91 1909   0.07  -0.07     0.00
  MONTH TO DATE    0.26                      0.87  -0.61     1.38
  SINCE SEP 1      6.41                      6.60  -0.19     6.83
  SINCE JAN 1     35.89                     30.56   5.33    33.98

SNOWFALL (IN)
  YESTERDAY        0.2           2.6  1959   0.2    0.0      0.0
  MONTH TO DATE    2.9                       0.9    2.0      0.1
  SINCE JUL 1      2.9                       1.1    1.8      0.1
  SNOW DEPTH       1

DEGREE DAYS
 HEATING
  YESTERDAY       40                        28     12       31
  MONTH TO DATE  343                       316     27      338
  SINCE JUL 1    903                       944    -41      852

 COOLING
  YESTERDAY        0                         0      0        0
  MONTH TO DATE    0                         0      0        0
  SINCE JAN 1    822                       782     40      917
..................................................................

WIND (MPH)
  HIGHEST WIND SPEED    20   HIGHEST WIND DIRECTION    NW (320)
  HIGHEST GUST SPEED    24   HIGHEST GUST DIRECTION    NW (320)
  AVERAGE WIND SPEED    10.8

SKY COVER
  POSSIBLE SUNSHINE  MM
  AVERAGE SKY COVER 1.0

WEATHER CONDITIONS
 THE FOLLOWING WEATHER WAS RECORDED YESTERDAY.
  LIGHT SNOW

RELATIVE HUMIDITY (PERCENT)
 HIGHEST    81           500 AM
 LOWEST     68          1200 AM
 AVERAGE    75
..........................................................

THE LA CROSSE WI CLIMATE NORMALS FOR TODAY
                         NORMAL    RECORD    YEAR
 MAXIMUM TEMPERATURE (F)   45        71      1990
 MINIMUM TEMPERATURE (F)   29         1      1916

SUNRISE AND SUNSET
NOVEMBER 14 2014......SUNRISE   658 AM CST   SUNSET   440 PM CST
NOVEMBER 15 2014......SUNRISE   700 AM CST   SUNSET   439 PM CST

-  INDICATES NEGATIVE NUMBERS.
R  INDICATES RECORD WAS SET OR TIED.
MM INDICATES DATA IS MISSING.
T  INDICATES TRACE AMOUNT.

$$

BOYNE
