000
CDUS43 KARX 080654
CLILSE


CLIMATE REPORT
NATIONAL WEATHER SERVICE LA CROSSE WI
153 AM CDT SUN MAY 8 2016


...................................

...THE LA CROSSE WI CLIMATE SUMMARY FOR MAY 7 2016...

CLIMATE NORMAL PERIOD 1981 TO 2010
CLIMATE RECORD PERIOD 1873 TO 2016


WEATHER ITEM   OBSERVED TIME   RECORD YEAR NORMAL DEPARTURE LAST
                VALUE   (LST)  VALUE       VALUE  FROM      YEAR
                                                  NORMAL
..................................................................
TEMPERATURE (F)
 YESTERDAY
  MAXIMUM         72   1239 AM  88    1970  68      4       84
  MINIMUM         46   1153 PM  29    1890  46      0       64
  AVERAGE         59                        57      2       74

PRECIPITATION (IN)
  YESTERDAY        0.00          1.31 1998   0.11  -0.11     0.03
  MONTH TO DATE    0.19                      0.80  -0.61     1.07
  SINCE MAR 1      4.88                      6.18  -1.30     6.04
  SINCE JAN 1      6.53                      8.35  -1.82     7.25

SNOWFALL (IN)
  YESTERDAY        0.0           0.0  2000   0.0    0.0      0.0
                                      2002
                                      2001
  MONTH TO DATE    0.0                       0.1   -0.1      0.0
  SINCE JUL 1     40.3                      43.4   -3.1     38.8
  SNOW DEPTH       0

DEGREE DAYS
 HEATING
  YESTERDAY        6                         9     -3        0
  MONTH TO DATE   60                        66     -6       20
  SINCE JUL 1   5817                      7018  -1201     6927

 COOLING
  YESTERDAY        0                         1     -1        9
  MONTH TO DATE    7                         5      2       23
  SINCE JAN 1     18                        12      6       24
..................................................................


WIND (MPH)
  HIGHEST WIND SPEED    22   HIGHEST WIND DIRECTION     N (360)
  HIGHEST GUST SPEED    27   HIGHEST GUST DIRECTION     N (360)
  AVERAGE WIND SPEED    10.9


SKY COVER
  POSSIBLE SUNSHINE  MM
  AVERAGE SKY COVER 0.2


WEATHER CONDITIONS
 THE FOLLOWING WEATHER WAS RECORDED YESTERDAY.
  HAZE


RELATIVE HUMIDITY (PERCENT)
 HIGHEST    65          1100 PM
 LOWEST     22           600 PM
 AVERAGE    44

..........................................................


THE LA CROSSE WI CLIMATE NORMALS FOR TODAY
                         NORMAL    RECORD    YEAR
 MAXIMUM TEMPERATURE (F)   68        89      1874
 MINIMUM TEMPERATURE (F)   46        32      1976


SUNRISE AND SUNSET
MAY  8 2016...........SUNRISE   547 AM CDT   SUNSET   817 PM CDT
MAY  9 2016...........SUNRISE   546 AM CDT   SUNSET   818 PM CDT


-  INDICATES NEGATIVE NUMBERS.
R  INDICATES RECORD WAS SET OR TIED.
MM INDICATES DATA IS MISSING.
T  INDICATES TRACE AMOUNT.




$$
