000
CDUS43 KARX 122132
CLILSE


CLIMATE REPORT
NATIONAL WEATHER SERVICE LA CROSSE WI
430 PM CDT SUN MAR 12 2017


...................................

...THE LA CROSSE WI CLIMATE SUMMARY FOR MARCH 12 2017...
VALID TODAY AS OF 0400 PM LOCAL TIME.

CLIMATE NORMAL PERIOD 1981 TO 2010
CLIMATE RECORD PERIOD 1873 TO 2017


WEATHER ITEM   OBSERVED TIME   RECORD YEAR NORMAL DEPARTURE LAST
                VALUE   (LST)  VALUE       VALUE  FROM      YEAR
                                                  NORMAL
..................................................................
TEMPERATURE (F)
 TODAY
  MAXIMUM         31    122 PM  74    1990  42    -11       69
  MINIMUM         12    452 AM  -7    1956  24    -12       43
  AVERAGE         22                        33    -11       56

PRECIPITATION (IN)
  TODAY            0.00          0.70 2001   0.06  -0.06     0.00
  MONTH TO DATE    0.59                      0.68  -0.09     0.28
  SINCE MAR 1      0.59                      0.68  -0.09     0.28
  SINCE JAN 1      4.45                      2.85   1.60     1.93

SNOWFALL (IN)
  TODAY            0.0           7.5  2001   0.3   -0.3      0.0
  MONTH TO DATE    4.0                       3.6    0.4      4.8
  SINCE JUL 1     38.2                      38.1    0.1     32.2
  SNOW DEPTH       0

DEGREE DAYS
 HEATING
  TODAY           43                        32     11        9
  MONTH TO DATE  387                       417    -30      313
  SINCE JUL 1   4667                      5926  -1259     4888

 COOLING
  TODAY            0                         0      0        0
  MONTH TO DATE    0                         0      0        0
  SINCE JAN 1      0                         0      0        0
..................................................................


WIND (MPH)
  HIGHEST WIND SPEED    10   HIGHEST WIND DIRECTION    SE (120)
  HIGHEST GUST SPEED    MM   HIGHEST GUST DIRECTION    MM
  AVERAGE WIND SPEED     4.0


SKY COVER
  POSSIBLE SUNSHINE  MM
  AVERAGE SKY COVER 0.2


WEATHER CONDITIONS
 THE FOLLOWING WEATHER WAS RECORDED TODAY.
  NO SIGNIFICANT WEATHER WAS OBSERVED.


RELATIVE HUMIDITY (PERCENT)
 HIGHEST    67           700 AM
 LOWEST     25           100 PM
 AVERAGE    46

..........................................................


THE LA CROSSE WI CLIMATE NORMALS FOR TOMORROW
                         NORMAL    RECORD    YEAR
 MAXIMUM TEMPERATURE (F)   42        71      2015
 MINIMUM TEMPERATURE (F)   24        -5      1975


SUNRISE AND SUNSET
MARCH 12 2017.........SUNRISE   722 AM CDT   SUNSET   708 PM CDT
MARCH 13 2017.........SUNRISE   720 AM CDT   SUNSET   709 PM CDT


-  INDICATES NEGATIVE NUMBERS.
R  INDICATES RECORD WAS SET OR TIED.
MM INDICATES DATA IS MISSING.
T  INDICATES TRACE AMOUNT.




$$
