000
CDUS43 KARX 130641
CLILSE


CLIMATE REPORT
NATIONAL WEATHER SERVICE LA CROSSE WI
139 AM CDT WED MAY 13 2015


...................................

...THE LA CROSSE WI CLIMATE SUMMARY FOR MAY 12 2015...

CLIMATE NORMAL PERIOD 1981 TO 2010
CLIMATE RECORD PERIOD 1873 TO 2015


WEATHER ITEM   OBSERVED TIME   RECORD YEAR NORMAL DEPARTURE LAST
                VALUE   (LST)  VALUE       VALUE  FROM      YEAR
                                                  NORMAL
..................................................................
TEMPERATURE (F)
 YESTERDAY
  MAXIMUM         56    547 PM  90    1940  70    -14       76
  MINIMUM         41   1145 PM  31    1967  48     -7       56
  AVERAGE         49                        58     -9       66

PRECIPITATION (IN)
  YESTERDAY        0.01          0.95 1970   0.10  -0.09     0.73
  MONTH TO DATE    1.32                      1.34  -0.02     1.60
  SINCE MAR 1      6.29                      6.72  -0.43     9.94
  SINCE JAN 1      7.50                      8.89  -1.39    12.30

SNOWFALL (IN)
  YESTERDAY        0.0           0.0  2002   0.0    0.0      0.0
                                      2001
  MONTH TO DATE    0.0                       0.1   -0.1      0.0
  SINCE JUL 1     38.8                      43.4   -4.6     48.9
  SNOW DEPTH       0

DEGREE DAYS
 HEATING
  YESTERDAY       16                         7      9        0
  MONTH TO DATE   58                       105    -47      106
  SINCE JUL 1   6965                      7057    -92     8046

 COOLING
  YESTERDAY        0                         1     -1        1
  MONTH TO DATE   23                        10     13        2
  SINCE JAN 1     24                        17      7        2
..................................................................


WIND (MPH)
  HIGHEST WIND SPEED    23   HIGHEST WIND DIRECTION    NW (310)
  HIGHEST GUST SPEED    29   HIGHEST GUST DIRECTION    NW (310)
  AVERAGE WIND SPEED    12.3


SKY COVER
  POSSIBLE SUNSHINE  MM
  AVERAGE SKY COVER 0.7


WEATHER CONDITIONS
 THE FOLLOWING WEATHER WAS RECORDED YESTERDAY.
  LIGHT RAIN
  FOG
  HAZE


RELATIVE HUMIDITY (PERCENT)
 HIGHEST    82           100 AM
 LOWEST     43           600 PM
 AVERAGE    63

..........................................................


THE LA CROSSE WI CLIMATE NORMALS FOR TODAY
                         NORMAL    RECORD    YEAR
 MAXIMUM TEMPERATURE (F)   70        88      1977
                                             1900
 MINIMUM TEMPERATURE (F)   48        30      1997
                                             1953


SUNRISE AND SUNSET
MAY 13 2015...........SUNRISE   542 AM CDT   SUNSET   822 PM CDT
MAY 14 2015...........SUNRISE   541 AM CDT   SUNSET   823 PM CDT


-  INDICATES NEGATIVE NUMBERS.
R  INDICATES RECORD WAS SET OR TIED.
MM INDICATES DATA IS MISSING.
T  INDICATES TRACE AMOUNT.




$$
