000
CDUS43 KARX 130724
CLILSE


CLIMATE REPORT
NATIONAL WEATHER SERVICE LA CROSSE WI
223 AM CDT SAT MAY 13 2017


...................................

...THE LA CROSSE WI CLIMATE SUMMARY FOR MAY 12 2017...

CLIMATE NORMAL PERIOD 1981 TO 2010
CLIMATE RECORD PERIOD 1873 TO 2017


WEATHER ITEM   OBSERVED TIME   RECORD YEAR NORMAL DEPARTURE LAST
                VALUE   (LST)  VALUE       VALUE  FROM      YEAR
                                                  NORMAL
..................................................................
TEMPERATURE (F)
 YESTERDAY
  MAXIMUM         75    402 PM  90    1940  70      5       64
  MINIMUM         46    506 AM  31    1967  48     -2       53
  AVERAGE         61                        58      3       59

PRECIPITATION (IN)
  YESTERDAY        T             0.95 1970   0.10  -0.10      T
  MONTH TO DATE    1.15                      1.34  -0.19     1.17
  SINCE MAR 1      7.78                      6.72   1.06     5.86
  SINCE JAN 1     11.64                      8.89   2.75     7.51

SNOWFALL (IN)
  YESTERDAY        0.0           0.0  2002   0.0    0.0      0.0
                                      2001
  MONTH TO DATE    T                         0.1   -0.1      0.0
  SINCE JUL 1     42.2                      43.4   -1.2     40.3
  SNOW DEPTH       0

DEGREE DAYS
 HEATING
  YESTERDAY        4                         7     -3        6
  MONTH TO DATE  124                       105     19       99
  SINCE JUL 1   5678                      7057  -1379     5856

 COOLING
  YESTERDAY        0                         1     -1        0
  MONTH TO DATE    0                        10    -10        7
  SINCE JAN 1      6                        17    -11       18
..................................................................


WIND (MPH)
  HIGHEST WIND SPEED    18   HIGHEST WIND DIRECTION     N (340)
  HIGHEST GUST SPEED    23   HIGHEST GUST DIRECTION     N (340)
  AVERAGE WIND SPEED     6.7


SKY COVER
  POSSIBLE SUNSHINE  MM
  AVERAGE SKY COVER 0.2


WEATHER CONDITIONS
 THE FOLLOWING WEATHER WAS RECORDED YESTERDAY.
  NO SIGNIFICANT WEATHER WAS OBSERVED.


RELATIVE HUMIDITY (PERCENT)
 HIGHEST    86           500 AM
 LOWEST     25           100 PM
 AVERAGE    56

..........................................................


THE LA CROSSE WI CLIMATE NORMALS FOR TODAY
                         NORMAL    RECORD    YEAR
 MAXIMUM TEMPERATURE (F)   70        88      1977
                                             1900
 MINIMUM TEMPERATURE (F)   48        30      1997
                                             1953


SUNRISE AND SUNSET
MAY 13 2017...........SUNRISE   541 AM CDT   SUNSET   822 PM CDT
MAY 14 2017...........SUNRISE   540 AM CDT   SUNSET   823 PM CDT


-  INDICATES NEGATIVE NUMBERS.
R  INDICATES RECORD WAS SET OR TIED.
MM INDICATES DATA IS MISSING.
T  INDICATES TRACE AMOUNT.




$$
