000
CDUS43 KARX 280647
CLILSE


CLIMATE REPORT
NATIONAL WEATHER SERVICE LA CROSSE WI
146 AM CDT FRI MAR 28 2014


...................................

...THE LA CROSSE WI CLIMATE SUMMARY FOR MARCH 27 2014...

CLIMATE NORMAL PERIOD 1981 TO 2010
CLIMATE RECORD PERIOD 1873 TO 2014


WEATHER ITEM   OBSERVED TIME   RECORD YEAR NORMAL DEPARTURE LAST
                VALUE   (LST)  VALUE       VALUE  FROM      YEAR
                                                  NORMAL
..................................................................
TEMPERATURE (F)
 YESTERDAY
  MAXIMUM         45    105 AM  78    2012  49     -4       42
  MINIMUM         35   1115 PM   7    1874  30      5       25
  AVERAGE         40                        40      0       34

PRECIPITATION (IN)
  YESTERDAY        0.64          2.01 1880   0.07   0.57     0.00
  MONTH TO DATE    1.31                      1.71  -0.40     1.81
  SINCE MAR 1      1.31                      1.71  -0.40     1.81
  SINCE JAN 1      3.67                      3.88  -0.21     4.21

SNOWFALL (IN)
  YESTERDAY        0.0           6.8  1975   0.2   -0.2      0.0
  MONTH TO DATE    5.7                       6.6   -0.9     15.6
  SINCE JUL 1     46.6                      41.1    5.5     55.6
  SNOW DEPTH       T

DEGREE DAYS
 HEATING
  YESTERDAY       25                        25      0       31
  MONTH TO DATE 1069                       847    222     1083
  SINCE JUL 1   7259                      6356    903     6412

 COOLING
  YESTERDAY        0                         0      0        0
  MONTH TO DATE    0                         0      0        0
  SINCE JAN 1      0                         0      0        0
..................................................................


WIND (MPH)
  HIGHEST WIND SPEED    24   HIGHEST WIND DIRECTION     S (180)
  HIGHEST GUST SPEED    33   HIGHEST GUST DIRECTION     S (180)
  AVERAGE WIND SPEED    10.6


SKY COVER
  POSSIBLE SUNSHINE  MM
  AVERAGE SKY COVER 1.0


WEATHER CONDITIONS
 THE FOLLOWING WEATHER WAS RECORDED YESTERDAY.
  RAIN
  LIGHT RAIN
  FOG


RELATIVE HUMIDITY (PERCENT)
 HIGHEST   100           500 PM
 LOWEST     43          1200 AM
 AVERAGE    72

..........................................................


THE LA CROSSE WI CLIMATE NORMALS FOR TODAY
                         NORMAL    RECORD    YEAR
 MAXIMUM TEMPERATURE (F)   50        80      1986
                                             1910
 MINIMUM TEMPERATURE (F)   30         4      1923


SUNRISE AND SUNSET
MARCH 28 2014.........SUNRISE   654 AM CDT   SUNSET   727 PM CDT
MARCH 29 2014.........SUNRISE   652 AM CDT   SUNSET   728 PM CDT


-  INDICATES NEGATIVE NUMBERS.
R  INDICATES RECORD WAS SET OR TIED.
MM INDICATES DATA IS MISSING.
T  INDICATES TRACE AMOUNT.




$$
