000
CDUS43 KARX 280630
CLILSE


CLIMATE REPORT
NATIONAL WEATHER SERVICE LA CROSSE WI
129 AM CDT THU SEP 28 2017


...................................

...THE LA CROSSE WI CLIMATE SUMMARY FOR SEPTEMBER 27 2017...

CLIMATE NORMAL PERIOD 1981 TO 2010
CLIMATE RECORD PERIOD 1873 TO 2017


WEATHER ITEM   OBSERVED TIME   RECORD YEAR NORMAL DEPARTURE LAST
                VALUE   (LST)  VALUE       VALUE  FROM      YEAR
                                                  NORMAL
..................................................................
TEMPERATURE (F)
 YESTERDAY
  MAXIMUM         67    357 PM  86    1987  68     -1       68
  MINIMUM         50   1159 PM  30    1889  47      3       51
  AVERAGE         59                        58      1       60

PRECIPITATION (IN)
  YESTERDAY        0.00          0.99 1908   0.11  -0.11     0.07
  MONTH TO DATE    0.95                      3.27  -2.32    10.39
  SINCE SEP 1      0.95                      3.27  -2.32    10.39
  SINCE JAN 1     32.71                     27.23   5.48    39.11

SNOWFALL (IN)
  YESTERDAY        0.0           0.0  2002   0.0    0.0      0.0
                                      2001
  MONTH TO DATE    0.0                       0.0    0.0      0.0
  SINCE JUL 1      0.0                       0.0    0.0      0.0
  SNOW DEPTH       0

DEGREE DAYS
 HEATING
  YESTERDAY        6                         8     -2        5
  MONTH TO DATE   33                       112    -79        9
  SINCE JUL 1     33                       132    -99        9

 COOLING
  YESTERDAY        0                         1     -1        0
  MONTH TO DATE  172                        71    101      111
  SINCE JAN 1    987                       771    216     1020
..................................................................


WIND (MPH)
  HIGHEST WIND SPEED    15   HIGHEST WIND DIRECTION    NW (310)
  HIGHEST GUST SPEED    19   HIGHEST GUST DIRECTION    NW (310)
  AVERAGE WIND SPEED     7.7


SKY COVER
  POSSIBLE SUNSHINE  MM
  AVERAGE SKY COVER 0.6


WEATHER CONDITIONS
 THE FOLLOWING WEATHER WAS RECORDED YESTERDAY.
  NO SIGNIFICANT WEATHER WAS OBSERVED.


RELATIVE HUMIDITY (PERCENT)
 HIGHEST    89           600 AM
 LOWEST     48           400 PM
 AVERAGE    69

..........................................................


THE LA CROSSE WI CLIMATE NORMALS FOR TODAY
                         NORMAL    RECORD    YEAR
 MAXIMUM TEMPERATURE (F)   68        89      1904
 MINIMUM TEMPERATURE (F)   47        27      1942


SUNRISE AND SUNSET
SEPTEMBER 28 2017.....SUNRISE   659 AM CDT   SUNSET   651 PM CDT
SEPTEMBER 29 2017.....SUNRISE   701 AM CDT   SUNSET   649 PM CDT


-  INDICATES NEGATIVE NUMBERS.
R  INDICATES RECORD WAS SET OR TIED.
MM INDICATES DATA IS MISSING.
T  INDICATES TRACE AMOUNT.




$$
