200
CDUS43 KARX 090700
CLILSE


CLIMATE REPORT
NATIONAL WEATHER SERVICE LA CROSSE WI
159 AM CDT WED AUG 9 2017


...................................

...THE LA CROSSE WI CLIMATE SUMMARY FOR AUGUST 8 2017...

CLIMATE NORMAL PERIOD 1981 TO 2010
CLIMATE RECORD PERIOD 1873 TO 2017


WEATHER ITEM   OBSERVED TIME   RECORD YEAR NORMAL DEPARTURE LAST
                VALUE   (LST)  VALUE       VALUE  FROM      YEAR
                                                  NORMAL
..................................................................
TEMPERATURE (F)
 YESTERDAY
  MAXIMUM         87    251 PM 101    1894  83      4       83
  MINIMUM         59    424 AM  43    1904  62     -3       60
  AVERAGE         73                        72      1       72

PRECIPITATION (IN)
  YESTERDAY        0.00          2.55 2009   0.15  -0.15     0.00
  MONTH TO DATE    0.27                      1.16  -0.89     1.34
  SINCE JUN 1     13.28                      9.76   3.52    13.22
  SINCE JAN 1     30.97                     20.83  10.14    23.70

SNOWFALL (IN)
  YESTERDAY        0.0           0.0  2002   0.0    0.0      0.0
                                      2001
  MONTH TO DATE    0.0                       0.0    0.0      0.0
  SINCE JUL 1      0.0                       0.0    0.0      0.0
  SNOW DEPTH       0

DEGREE DAYS
 HEATING
  YESTERDAY        0                         0      0        0
  MONTH TO DATE    0                         0      0        0
  SINCE JUL 1      0                         5     -5        0

 COOLING
  YESTERDAY        8                         8      0        7
  MONTH TO DATE   53                        64    -11       87
  SINCE JAN 1    676                       551    125      703
..................................................................


WIND (MPH)
  HIGHEST WIND SPEED    12   HIGHEST WIND DIRECTION     W (280)
  HIGHEST GUST SPEED    15   HIGHEST GUST DIRECTION     W (270)
  AVERAGE WIND SPEED     5.6


SKY COVER
  POSSIBLE SUNSHINE  MM
  AVERAGE SKY COVER 0.1


WEATHER CONDITIONS
 THE FOLLOWING WEATHER WAS RECORDED YESTERDAY.
  NO SIGNIFICANT WEATHER WAS OBSERVED.


RELATIVE HUMIDITY (PERCENT)
 HIGHEST    90           100 AM
 LOWEST     34           500 PM
 AVERAGE    62

..........................................................


THE LA CROSSE WI CLIMATE NORMALS FOR TODAY
                         NORMAL    RECORD    YEAR
 MAXIMUM TEMPERATURE (F)   83        98      1936
 MINIMUM TEMPERATURE (F)   62        44      1927


SUNRISE AND SUNSET
AUGUST  9 2017........SUNRISE   603 AM CDT   SUNSET   817 PM CDT
AUGUST 10 2017........SUNRISE   604 AM CDT   SUNSET   816 PM CDT


-  INDICATES NEGATIVE NUMBERS.
R  INDICATES RECORD WAS SET OR TIED.
MM INDICATES DATA IS MISSING.
T  INDICATES TRACE AMOUNT.




$$
