000
CDUS43 KARX 140715
CLILSE


CLIMATE REPORT
NATIONAL WEATHER SERVICE LA CROSSE WI
113 AM CST TUE FEB 14 2017


...................................

...THE LA CROSSE WI CLIMATE SUMMARY FOR FEBRUARY 13 2017...

CLIMATE NORMAL PERIOD 1981 TO 2010
CLIMATE RECORD PERIOD 1873 TO 2017


WEATHER ITEM   OBSERVED TIME   RECORD YEAR NORMAL DEPARTURE LAST
                VALUE   (LST)  VALUE       VALUE  FROM      YEAR
                                                  NORMAL
..................................................................
TEMPERATURE (F)
 YESTERDAY
  MAXIMUM         49    235 PM  53    1921  31     18       14
  MINIMUM         25    515 AM -21    1965  13     12       -8
                                      1905
  AVERAGE         37                        22     15        3

PRECIPITATION (IN)
  YESTERDAY        0.00          0.55 1950   0.04  -0.04     0.00
  MONTH TO DATE    0.03                      0.45  -0.42     0.74
  SINCE DEC 1      4.91                      2.93   1.98     6.54
  SINCE JAN 1      2.72                      1.57   1.15     1.61

SNOWFALL (IN)
  YESTERDAY        0.0           4.8  1950   0.2   -0.2      0.0
  MONTH TO DATE    0.5                       4.0   -3.5     10.0
  SINCE JUL 1     30.8                      30.3    0.5     26.6
  SNOW DEPTH       2

DEGREE DAYS
 HEATING
  YESTERDAY       28                        43    -15       62
  MONTH TO DATE  503                       585    -82      623
  SINCE JUL 1   3900                      4904  -1004     4062

 COOLING
  YESTERDAY        0                         0      0        0
  MONTH TO DATE    0                         0      0        0
  SINCE JAN 1      0                         0      0        0
..................................................................


WIND (MPH)
  HIGHEST WIND SPEED    25   HIGHEST WIND DIRECTION    SW (210)
  HIGHEST GUST SPEED    32   HIGHEST GUST DIRECTION    SW (240)
  AVERAGE WIND SPEED    10.9


SKY COVER
  POSSIBLE SUNSHINE  MM
  AVERAGE SKY COVER 0.0


WEATHER CONDITIONS
 THE FOLLOWING WEATHER WAS RECORDED YESTERDAY.
  NO SIGNIFICANT WEATHER WAS OBSERVED.


RELATIVE HUMIDITY (PERCENT)
 HIGHEST    81           100 AM
 LOWEST     39           300 PM
 AVERAGE    60

..........................................................


THE LA CROSSE WI CLIMATE NORMALS FOR TODAY
                         NORMAL    RECORD    YEAR
 MAXIMUM TEMPERATURE (F)   31        56      1954
                                             1934
 MINIMUM TEMPERATURE (F)   13       -17      1951


SUNRISE AND SUNSET
FEBRUARY 14 2017......SUNRISE   705 AM CST   SUNSET   534 PM CST
FEBRUARY 15 2017......SUNRISE   703 AM CST   SUNSET   535 PM CST


-  INDICATES NEGATIVE NUMBERS.
R  INDICATES RECORD WAS SET OR TIED.
MM INDICATES DATA IS MISSING.
T  INDICATES TRACE AMOUNT.




$$
